CRAN Package Check Results for Package quantspec

Last updated on 2020-12-31 00:46:54 CET.

Flavor Version Tinstall Tcheck Ttotal Status Flags
r-devel-linux-x86_64-debian-clang 1.2-3 39.45 181.85 221.30 OK
r-devel-linux-x86_64-debian-gcc 1.2-3 26.99 136.34 163.33 OK
r-devel-linux-x86_64-fedora-clang 1.2-3 280.78 OK
r-devel-linux-x86_64-fedora-gcc 1.2-3 264.35 OK
r-devel-windows-ix86+x86_64 1.2-3 87.00 315.00 402.00 OK
r-patched-linux-x86_64 1.2-3 32.44 172.37 204.81 OK
r-patched-solaris-x86 1.2-3 355.80 OK
r-release-linux-x86_64 1.2-3 31.18 163.98 195.16 WARN
r-release-macos-x86_64 1.2-3 OK
r-release-windows-ix86+x86_64 1.2-3 89.00 235.00 324.00 OK
r-oldrel-macos-x86_64 1.2-3 OK
r-oldrel-windows-ix86+x86_64 1.2-3 53.00 202.00 255.00 OK

Check Details

Version: 1.2-3
Check: re-building of vignette outputs
Result: WARN
    Error(s) in re-building vignettes:
     ...
    --- re-building ‘quantspec.Rnw’ using Sweave
    Loading required package: stats4
    
    Attaching package: ‘zoo’
    
    The following objects are masked from ‘package:base’:
    
     as.Date, as.Date.numeric
    
    Error: processing vignette 'quantspec.Rnw' failed with diagnostics:
    Running ‘texi2dvi’ on ‘quantspec.tex’ failed.
    LaTeX errors:
    ! Undefined control sequence.
    <recently read> \Hy@colorlink
    
    l.96 \begin{document}
    
    ! Undefined control sequence.
    \close@pdflink ->\Hy@endcolorlink
     \Hy@VerboseLinkStop \pdfendlink
    l.96 \begin{document}
    
    ! Undefined control sequence.
    <recently read> \Hy@colorlink
    
    l.96 \begin{document}
    
    ! Undefined control sequence.
    \close@pdflink ->\Hy@endcolorlink
     \Hy@VerboseLinkStop \pdfendlink
    l.96 \begin{document}
    
    ! Undefined control sequence.
    <recently read> \Hy@colorlink
    
    l.96 \begin{document}
    
    ! Undefined control sequence.
    \close@pdflink ->\Hy@endcolorlink
     \Hy@VerboseLinkStop \pdfendlink
    l.96 \begin{document}
    
    ! Undefined control sequence.
    <recently read> \Hy@colorlink
    
    l.96 \begin{document}
    
    ! Undefined control sequence.
    \close@pdflink ->\Hy@endcolorlink
     \Hy@VerboseLinkStop \pdfendlink
    l.96 \begin{document}
    
    --- failed re-building ‘quantspec.Rnw’
    
    SUMMARY: processing the following file failed:
     ‘quantspec.Rnw’
    
    Error: Vignette re-building failed.
    Execution halted
Flavor: r-release-linux-x86_64