Last updated on 2020-12-31 00:46:54 CET.
Flavor | Version | Tinstall | Tcheck | Ttotal | Status | Flags |
---|---|---|---|---|---|---|
r-devel-linux-x86_64-debian-clang | 0.1.0 | 5.18 | 52.45 | 57.63 | OK | |
r-devel-linux-x86_64-debian-gcc | 0.1.0 | 3.86 | 39.93 | 43.79 | OK | |
r-devel-linux-x86_64-fedora-clang | 0.1.0 | 76.81 | NOTE | |||
r-devel-linux-x86_64-fedora-gcc | 0.1.0 | 68.51 | NOTE | |||
r-devel-windows-ix86+x86_64 | 0.1.0 | 15.00 | 75.00 | 90.00 | OK | |
r-patched-linux-x86_64 | 0.1.0 | 4.32 | 50.71 | 55.03 | OK | |
r-patched-solaris-x86 | 0.1.0 | 99.80 | NOTE | |||
r-release-linux-x86_64 | 0.1.0 | 4.93 | 49.02 | 53.95 | OK | |
r-release-macos-x86_64 | 0.1.0 | NOTE | ||||
r-release-windows-ix86+x86_64 | 0.1.0 | 14.00 | 54.00 | 68.00 | OK | |
r-oldrel-macos-x86_64 | 0.1.0 | NOTE | ||||
r-oldrel-windows-ix86+x86_64 | 0.1.0 | 8.00 | 54.00 | 62.00 | OK |
Version: 0.1.0
Check: dependencies in R code
Result: NOTE
Namespace in Imports field not imported from: ‘devtools’
All declared Imports should be used.
Flavors: r-devel-linux-x86_64-fedora-clang, r-devel-linux-x86_64-fedora-gcc, r-patched-solaris-x86, r-release-macos-x86_64, r-oldrel-macos-x86_64