CRAN Package Check Results for Package qbld

Last updated on 2020-12-31 00:46:54 CET.

Flavor Version Tinstall Tcheck Ttotal Status Flags
r-devel-linux-x86_64-debian-clang 1.0.1 205.02 49.68 254.70 OK
r-devel-linux-x86_64-debian-gcc 1.0.1 125.24 37.69 162.93 OK
r-devel-linux-x86_64-fedora-clang 1.0.1 343.54 NOTE
r-devel-linux-x86_64-fedora-gcc 1.0.1 302.37 OK
r-devel-windows-ix86+x86_64 1.0.1 431.00 99.00 530.00 OK
r-patched-linux-x86_64 1.0.1 143.14 47.97 191.11 OK
r-patched-solaris-x86 1.0.1 268.50 OK
r-release-linux-x86_64 1.0.1 141.71 47.00 188.71 OK
r-release-macos-x86_64 1.0.1 NOTE
r-release-windows-ix86+x86_64 1.0.1 441.00 75.00 516.00 OK
r-oldrel-macos-x86_64 1.0.1 NOTE
r-oldrel-windows-ix86+x86_64 1.0.1 292.00 70.00 362.00 OK

Check Details

Version: 1.0.1
Check: installed package size
Result: NOTE
     installed size is 7.3Mb
     sub-directories of 1Mb or more:
     libs 6.8Mb
Flavors: r-devel-linux-x86_64-fedora-clang, r-release-macos-x86_64, r-oldrel-macos-x86_64