CRAN Package Check Results for Package publipha

Last updated on 2020-12-31 00:46:54 CET.

Flavor Version Tinstall Tcheck Ttotal Status Flags
r-devel-linux-x86_64-debian-clang 0.1.1 324.62 103.36 427.98 NOTE
r-devel-linux-x86_64-debian-gcc 0.1.1 276.29 90.71 367.00 NOTE
r-devel-linux-x86_64-fedora-clang 0.1.1 600.90 NOTE
r-devel-linux-x86_64-fedora-gcc 0.1.1 634.43 NOTE
r-devel-windows-ix86+x86_64 0.1.1 724.00 231.00 955.00 NOTE
r-patched-linux-x86_64 0.1.1 245.61 114.65 360.26 NOTE
r-patched-solaris-x86 0.1.1 596.80 NOTE
r-release-linux-x86_64 0.1.1 239.43 114.27 353.70 NOTE
r-release-macos-x86_64 0.1.1 NOTE
r-release-windows-ix86+x86_64 0.1.1 745.00 242.00 987.00 NOTE
r-oldrel-macos-x86_64 0.1.1 NOTE
r-oldrel-windows-ix86+x86_64 0.1.1 506.00 150.00 656.00 NOTE

Check Details

Version: 0.1.1
Check: for GNU extensions in Makefiles
Result: NOTE
    GNU make is a SystemRequirements.
Flavors: r-devel-linux-x86_64-debian-clang, r-devel-linux-x86_64-debian-gcc, r-devel-linux-x86_64-fedora-clang, r-devel-linux-x86_64-fedora-gcc, r-devel-windows-ix86+x86_64, r-patched-linux-x86_64, r-patched-solaris-x86, r-release-linux-x86_64, r-release-macos-x86_64, r-release-windows-ix86+x86_64, r-oldrel-macos-x86_64, r-oldrel-windows-ix86+x86_64

Version: 0.1.1
Check: installed package size
Result: NOTE
     installed size is 58.3Mb
     sub-directories of 1Mb or more:
     libs 57.8Mb
Flavors: r-devel-linux-x86_64-fedora-clang, r-devel-windows-ix86+x86_64, r-release-macos-x86_64, r-release-windows-ix86+x86_64, r-oldrel-macos-x86_64, r-oldrel-windows-ix86+x86_64

Version: 0.1.1
Check: data for non-ASCII characters
Result: NOTE
     Note: found 35 marked UTF-8 strings
Flavors: r-devel-linux-x86_64-fedora-clang, r-devel-linux-x86_64-fedora-gcc, r-patched-solaris-x86, r-release-macos-x86_64, r-oldrel-macos-x86_64