Last updated on 2020-12-31 00:46:54 CET.
Flavor | Version | Tinstall | Tcheck | Ttotal | Status | Flags |
---|---|---|---|---|---|---|
r-devel-linux-x86_64-debian-clang | 0.1.0 | 2.91 | 31.35 | 34.26 | OK | |
r-devel-linux-x86_64-debian-gcc | 0.1.0 | 2.12 | 24.40 | 26.52 | OK | |
r-devel-linux-x86_64-fedora-clang | 0.1.0 | 50.54 | NOTE | |||
r-devel-linux-x86_64-fedora-gcc | 0.1.0 | 41.07 | NOTE | |||
r-devel-windows-ix86+x86_64 | 0.1.0 | 6.00 | 47.00 | 53.00 | OK | |
r-patched-linux-x86_64 | 0.1.0 | 2.90 | 31.01 | 33.91 | OK | |
r-patched-solaris-x86 | 0.1.0 | 61.00 | NOTE | |||
r-release-linux-x86_64 | 0.1.0 | 2.46 | 30.97 | 33.43 | OK | |
r-release-macos-x86_64 | 0.1.0 | NOTE | ||||
r-release-windows-ix86+x86_64 | 0.1.0 | 7.00 | 37.00 | 44.00 | OK | |
r-oldrel-macos-x86_64 | 0.1.0 | NOTE | ||||
r-oldrel-windows-ix86+x86_64 | 0.1.0 | 4.00 | 31.00 | 35.00 | OK |
Version: 0.1.0
Check: dependencies in R code
Result: NOTE
Namespace in Imports field not imported from: ‘yaml’
All declared Imports should be used.
Flavors: r-devel-linux-x86_64-fedora-clang, r-devel-linux-x86_64-fedora-gcc, r-patched-solaris-x86, r-release-macos-x86_64, r-oldrel-macos-x86_64