CRAN Package Check Results for Package prototest

Last updated on 2020-12-31 00:46:54 CET.

Flavor Version Tinstall Tcheck Ttotal Status Flags
r-devel-linux-x86_64-debian-clang 1.2 84.02 93.80 177.82 OK
r-devel-linux-x86_64-debian-gcc 1.2 57.99 71.67 129.66 OK
r-devel-linux-x86_64-fedora-clang 1.2 241.49 NOTE
r-devel-linux-x86_64-fedora-gcc 1.2 219.19 NOTE
r-devel-windows-ix86+x86_64 1.2 187.00 174.00 361.00 OK
r-patched-linux-x86_64 1.2 63.55 88.76 152.31 OK
r-patched-solaris-x86 1.2 233.40 OK
r-release-linux-x86_64 1.2 62.77 88.74 151.51 OK
r-release-macos-x86_64 1.2 OK
r-release-windows-ix86+x86_64 1.2 193.00 144.00 337.00 OK
r-oldrel-macos-x86_64 1.2 OK
r-oldrel-windows-ix86+x86_64 1.2 130.00 114.00 244.00 OK

Check Details

Version: 1.2
Check: compiled code
Result: NOTE
    File ‘prototest/libs/prototest.so’:
     Found no calls to: ‘R_registerRoutines’, ‘R_useDynamicSymbols’
    
    It is good practice to register native routines and to disable symbol
    search.
    
    See ‘Writing portable packages’ in the ‘Writing R Extensions’ manual.
Flavors: r-devel-linux-x86_64-fedora-clang, r-devel-linux-x86_64-fedora-gcc