Last updated on 2020-12-31 00:46:54 CET.
Flavor | Version | Tinstall | Tcheck | Ttotal | Status | Flags |
---|---|---|---|---|---|---|
r-devel-linux-x86_64-debian-clang | 0.6.1 | 152.68 | 284.65 | 437.33 | NOTE | |
r-devel-linux-x86_64-debian-gcc | 0.6.1 | 113.72 | 226.97 | 340.69 | NOTE | |
r-devel-linux-x86_64-fedora-clang | 0.6.1 | 526.89 | NOTE | |||
r-devel-linux-x86_64-fedora-gcc | 0.6.1 | 568.75 | NOTE | |||
r-devel-windows-ix86+x86_64 | 0.6.1 | 288.00 | 8.00 | 296.00 | ERROR | |
r-patched-linux-x86_64 | 0.6.1 | 0.01 | 3.25 | 3.26 | ERROR | |
r-patched-solaris-x86 | 0.6.1 | 302.00 | NOTE | --no-tests | ||
r-release-linux-x86_64 | 0.6.1 | 92.64 | 292.69 | 385.33 | NOTE | |
r-release-macos-x86_64 | 0.6.1 | NOTE | ||||
r-release-windows-ix86+x86_64 | 0.6.1 | 300.00 | 8.00 | 308.00 | ERROR | |
r-oldrel-macos-x86_64 | 0.6.1 | NOTE | ||||
r-oldrel-windows-ix86+x86_64 | 0.6.1 | 188.00 | 5.00 | 193.00 | ERROR |
Version: 0.6.1
Check: for GNU extensions in Makefiles
Result: NOTE
GNU make is a SystemRequirements.
Flavors: r-devel-linux-x86_64-debian-clang, r-devel-linux-x86_64-debian-gcc, r-devel-linux-x86_64-fedora-clang, r-devel-linux-x86_64-fedora-gcc, r-release-linux-x86_64, r-release-macos-x86_64, r-oldrel-macos-x86_64
Version: 0.6.1
Check: installed package size
Result: NOTE
installed size is 34.2Mb
sub-directories of 1Mb or more:
libs 33.5Mb
Flavors: r-devel-linux-x86_64-fedora-clang, r-release-macos-x86_64, r-oldrel-macos-x86_64
Version: 0.6.1
Check: dependencies in R code
Result: NOTE
Namespaces in Imports field not imported from:
‘methods’ ‘rstantools’
All declared Imports should be used.
Flavors: r-devel-linux-x86_64-fedora-clang, r-devel-linux-x86_64-fedora-gcc, r-release-macos-x86_64, r-oldrel-macos-x86_64
Version: 0.6.1
Check: whether package can be installed
Result: ERROR
Installation failed.
Flavors: r-devel-windows-ix86+x86_64, r-patched-linux-x86_64, r-release-windows-ix86+x86_64, r-oldrel-windows-ix86+x86_64
Version: 0.6.1
Flags: --no-tests
Check: dependencies in R code
Result: NOTE
Namespaces in Imports field not imported from:
‘methods’ ‘rstantools’
All declared Imports should be used.
Flavor: r-patched-solaris-x86
Version: 0.6.1
Flags: --no-tests
Check: for GNU extensions in Makefiles
Result: NOTE
GNU make is a SystemRequirements.
Flavor: r-patched-solaris-x86