Last updated on 2020-12-31 00:46:54 CET.
Flavor | Version | Tinstall | Tcheck | Ttotal | Status | Flags |
---|---|---|---|---|---|---|
r-devel-linux-x86_64-debian-clang | 0.1.4 | 9.33 | 79.21 | 88.54 | OK | |
r-devel-linux-x86_64-debian-gcc | 0.1.4 | 7.62 | 58.43 | 66.05 | OK | |
r-devel-linux-x86_64-fedora-clang | 0.1.4 | 109.77 | OK | |||
r-devel-linux-x86_64-fedora-gcc | 0.1.4 | 103.86 | OK | |||
r-devel-windows-ix86+x86_64 | 0.1.4 | 24.00 | 101.00 | 125.00 | OK | |
r-patched-linux-x86_64 | 0.1.4 | 0.24 | 2.44 | 2.68 | ERROR | |
r-patched-solaris-x86 | 0.1.4 | 149.20 | OK | |||
r-release-linux-x86_64 | 0.1.4 | 6.57 | 73.24 | 79.81 | OK | |
r-release-macos-x86_64 | 0.1.4 | OK | ||||
r-release-windows-ix86+x86_64 | 0.1.4 | 23.00 | 78.00 | 101.00 | OK | |
r-oldrel-macos-x86_64 | 0.1.4 | OK | ||||
r-oldrel-windows-ix86+x86_64 | 0.1.4 | 13.00 | 66.00 | 79.00 | OK |
Version: 0.1.4
Check: package dependencies
Result: ERROR
Package required but not available: ‘prophet’
See section ‘The DESCRIPTION file’ in the ‘Writing R Extensions’
manual.
Flavor: r-patched-linux-x86_64