CRAN Package Check Results for Package processR

Last updated on 2020-12-31 00:46:54 CET.

Flavor Version Tinstall Tcheck Ttotal Status Flags
r-devel-linux-x86_64-debian-clang 0.2.3 2.59 4.53 7.12 ERROR
r-devel-linux-x86_64-debian-gcc 0.2.3 2.00 3.60 5.60 ERROR
r-devel-linux-x86_64-fedora-clang 0.2.3 16.27 ERROR
r-devel-linux-x86_64-fedora-gcc 0.2.3 7.94 ERROR
r-devel-windows-ix86+x86_64 0.2.3 4.00 8.00 12.00 ERROR
r-patched-linux-x86_64 0.2.3 1.74 4.57 6.31 ERROR
r-patched-solaris-x86 0.2.3 10.40 ERROR
r-release-linux-x86_64 0.2.3 1.79 4.50 6.29 ERROR
r-release-macos-x86_64 0.2.3 OK
r-release-windows-ix86+x86_64 0.2.3 5.00 6.00 11.00 ERROR
r-oldrel-macos-x86_64 0.2.3 WARN
r-oldrel-windows-ix86+x86_64 0.2.3 3.00 4.00 7.00 ERROR

Check Details

Version: 0.2.3
Check: whether package can be installed
Result: ERROR
    Installation failed.
Flavors: r-devel-linux-x86_64-debian-clang, r-devel-linux-x86_64-debian-gcc, r-devel-linux-x86_64-fedora-clang, r-devel-linux-x86_64-fedora-gcc, r-devel-windows-ix86+x86_64, r-patched-linux-x86_64, r-patched-solaris-x86, r-release-linux-x86_64, r-release-windows-ix86+x86_64, r-oldrel-windows-ix86+x86_64

Version: 0.2.3
Check: whether package can be installed
Result: WARN
    Found the following significant warnings:
     Warning: 'rgl_init' failed, running with rgl.useNULL = TRUE
Flavor: r-oldrel-macos-x86_64

Version: 0.2.3
Check: dependencies in R code
Result: NOTE
    No protocol specified
Flavor: r-oldrel-macos-x86_64

Version: 0.2.3
Check: S3 generic/method consistency
Result: WARN
    No protocol specified
    See section ‘Generic functions and methods’ in the ‘Writing R
    Extensions’ manual.
Flavor: r-oldrel-macos-x86_64

Version: 0.2.3
Check: replacement functions
Result: WARN
    No protocol specified
    The argument of a replacement function which corresponds to the right
    hand side must be named ‘value’.
Flavor: r-oldrel-macos-x86_64

Version: 0.2.3
Check: foreign function calls
Result: NOTE
    No protocol specified
    See chapter ‘System and foreign language interfaces’ in the ‘Writing R
    Extensions’ manual.
Flavor: r-oldrel-macos-x86_64

Version: 0.2.3
Check: R code for possible problems
Result: NOTE
    No protocol specified
Flavor: r-oldrel-macos-x86_64

Version: 0.2.3
Check: for missing documentation entries
Result: WARN
    No protocol specified
    All user-level objects in a package should have documentation entries.
    See chapter ‘Writing R documentation files’ in the ‘Writing R
    Extensions’ manual.
Flavor: r-oldrel-macos-x86_64

Version: 0.2.3
Check: for code/documentation mismatches
Result: WARN
    No protocol specified
    No protocol specified
    No protocol specified
Flavor: r-oldrel-macos-x86_64

Version: 0.2.3
Check: Rd \usage sections
Result: NOTE
    No protocol specified
    The \usage entries for S3 methods should use the \method markup and not
    their full name.
    See chapter ‘Writing R documentation files’ in the ‘Writing R
    Extensions’ manual.
Flavor: r-oldrel-macos-x86_64