Last updated on 2020-12-31 00:46:53 CET.
Flavor | Version | Tinstall | Tcheck | Ttotal | Status | Flags |
---|---|---|---|---|---|---|
r-devel-linux-x86_64-debian-clang | 1.0.5 | 8.88 | 80.28 | 89.16 | OK | |
r-devel-linux-x86_64-debian-gcc | 1.0.5 | 7.00 | 59.25 | 66.25 | OK | |
r-devel-linux-x86_64-fedora-clang | 1.0.5 | 112.94 | NOTE | |||
r-devel-linux-x86_64-fedora-gcc | 1.0.5 | 103.16 | NOTE | |||
r-devel-windows-ix86+x86_64 | 1.0.5 | 23.00 | 140.00 | 163.00 | OK | |
r-patched-linux-x86_64 | 1.0.5 | 8.60 | 74.23 | 82.83 | OK | |
r-patched-solaris-x86 | 1.0.5 | 147.80 | NOTE | |||
r-release-linux-x86_64 | 1.0.5 | 7.37 | 73.82 | 81.19 | OK | |
r-release-macos-x86_64 | 1.0.5 | NOTE | ||||
r-release-windows-ix86+x86_64 | 1.0.5 | 24.00 | 112.00 | 136.00 | OK | |
r-oldrel-macos-x86_64 | 1.0.5 | NOTE | ||||
r-oldrel-windows-ix86+x86_64 | 1.0.5 | 15.00 | 93.00 | 108.00 | OK |
Version: 1.0.5
Check: dependencies in R code
Result: NOTE
Namespace in Imports field not imported from: ‘RCurl’
All declared Imports should be used.
Flavors: r-devel-linux-x86_64-fedora-clang, r-devel-linux-x86_64-fedora-gcc, r-patched-solaris-x86, r-release-macos-x86_64, r-oldrel-macos-x86_64