Last updated on 2020-12-31 00:46:53 CET.
Flavor | Version | Tinstall | Tcheck | Ttotal | Status | Flags |
---|---|---|---|---|---|---|
r-devel-linux-x86_64-debian-clang | 3.4.1 | 14.98 | 186.37 | 201.35 | OK | |
r-devel-linux-x86_64-debian-gcc | 3.4.1 | 13.53 | 135.04 | 148.57 | OK | |
r-devel-linux-x86_64-fedora-clang | 3.4.1 | 247.74 | OK | |||
r-devel-linux-x86_64-fedora-gcc | 3.4.1 | 242.98 | OK | |||
r-devel-windows-ix86+x86_64 | 3.4.1 | 47.00 | 266.00 | 313.00 | OK | |
r-patched-linux-x86_64 | 3.4.1 | 13.93 | 172.82 | 186.75 | OK | |
r-patched-solaris-x86 | 3.4.1 | 340.90 | OK | |||
r-release-linux-x86_64 | 3.4.1 | 14.88 | 172.27 | 187.15 | OK | |
r-release-macos-x86_64 | 3.4.1 | OK | ||||
r-release-windows-ix86+x86_64 | 3.4.1 | 49.00 | 210.00 | 259.00 | OK | |
r-oldrel-macos-x86_64 | 3.4.1 | NOTE | ||||
r-oldrel-windows-ix86+x86_64 | 3.4.1 | 26.00 | 183.00 | 209.00 | OK |
Version: 3.4.1
Check: dependencies in R code
Result: NOTE
No protocol specified
No protocol specified
Flavor: r-oldrel-macos-x86_64