CRAN Package Check Results for Package predReliability

Last updated on 2020-12-31 00:46:53 CET.

Flavor Version Tinstall Tcheck Ttotal Status Flags
r-devel-linux-x86_64-debian-clang 0.1.0 1.87 21.84 23.71 OK
r-devel-linux-x86_64-debian-gcc 0.1.0 1.74 17.15 18.89 OK
r-devel-linux-x86_64-fedora-clang 0.1.0 38.39 NOTE
r-devel-linux-x86_64-fedora-gcc 0.1.0 28.10 NOTE
r-devel-windows-ix86+x86_64 0.1.0 10.00 37.00 47.00 OK
r-patched-linux-x86_64 0.1.0 2.06 21.19 23.25 OK
r-patched-solaris-x86 0.1.0 42.70 NOTE
r-release-linux-x86_64 0.1.0 1.80 21.23 23.03 OK
r-release-macos-x86_64 0.1.0 NOTE
r-release-windows-ix86+x86_64 0.1.0 5.00 31.00 36.00 OK
r-oldrel-macos-x86_64 0.1.0 NOTE
r-oldrel-windows-ix86+x86_64 0.1.0 3.00 28.00 31.00 OK

Check Details

Version: 0.1.0
Check: dependencies in R code
Result: NOTE
    Namespace in Imports field not imported from: ‘rpart’
     All declared Imports should be used.
Flavors: r-devel-linux-x86_64-fedora-clang, r-devel-linux-x86_64-fedora-gcc, r-patched-solaris-x86, r-release-macos-x86_64, r-oldrel-macos-x86_64