CRAN Package Check Results for Package prclust

Last updated on 2020-12-31 00:46:53 CET.

Flavor Version Tinstall Tcheck Ttotal Status Flags
r-devel-linux-x86_64-debian-clang 1.3 22.67 28.61 51.28 OK
r-devel-linux-x86_64-debian-gcc 1.3 15.86 22.34 38.20 OK
r-devel-linux-x86_64-fedora-clang 1.3 76.59 NOTE
r-devel-linux-x86_64-fedora-gcc 1.3 63.26 NOTE
r-devel-windows-ix86+x86_64 1.3 52.00 71.00 123.00 OK
r-patched-linux-x86_64 1.3 18.05 27.33 45.38 OK
r-patched-solaris-x86 1.3 73.30 OK
r-release-linux-x86_64 1.3 18.29 27.33 45.62 OK
r-release-macos-x86_64 1.3 OK
r-release-windows-ix86+x86_64 1.3 52.00 58.00 110.00 OK
r-oldrel-macos-x86_64 1.3 OK
r-oldrel-windows-ix86+x86_64 1.3 34.00 53.00 87.00 OK

Check Details

Version: 1.3
Check: compiled code
Result: NOTE
    File ‘prclust/libs/prclust.so’:
     Found no calls to: ‘R_registerRoutines’, ‘R_useDynamicSymbols’
    
    It is good practice to register native routines and to disable symbol
    search.
    
    See ‘Writing portable packages’ in the ‘Writing R Extensions’ manual.
Flavors: r-devel-linux-x86_64-fedora-clang, r-devel-linux-x86_64-fedora-gcc