Last updated on 2020-12-31 00:46:53 CET.
Flavor | Version | Tinstall | Tcheck | Ttotal | Status | Flags |
---|---|---|---|---|---|---|
r-devel-linux-x86_64-debian-clang | 1.3.0 | 28.70 | 40.19 | 68.89 | OK | |
r-devel-linux-x86_64-debian-gcc | 1.3.0 | 17.91 | 30.33 | 48.24 | OK | |
r-devel-linux-x86_64-fedora-clang | 1.3.0 | 94.39 | NOTE | |||
r-devel-linux-x86_64-fedora-gcc | 1.3.0 | 81.95 | OK | |||
r-devel-windows-ix86+x86_64 | 1.3.0 | 62.00 | 107.00 | 169.00 | OK | |
r-patched-linux-x86_64 | 1.3.0 | 22.80 | 37.44 | 60.24 | OK | |
r-patched-solaris-x86 | 1.3.0 | 91.20 | OK | |||
r-release-linux-x86_64 | 1.3.0 | 20.03 | 37.45 | 57.48 | OK | |
r-release-macos-x86_64 | 1.3.0 | NOTE | ||||
r-release-windows-ix86+x86_64 | 1.3.0 | 63.00 | 114.00 | 177.00 | OK | |
r-oldrel-macos-x86_64 | 1.3.0 | OK | ||||
r-oldrel-windows-ix86+x86_64 | 1.3.0 | 36.00 | 76.00 | 112.00 | OK |
Version: 1.3.0
Check: Rd cross-references
Result: NOTE
Undeclared package ‘bnpsd’ in Rd xrefs
Flavor: r-devel-linux-x86_64-fedora-clang
Version: 1.3.0
Check: package dependencies
Result: NOTE
Package suggested but not available for checking: ‘lfa’
Flavor: r-release-macos-x86_64