CRAN Package Check Results for Package polyreg

Last updated on 2020-12-31 00:46:53 CET.

Flavor Version Tinstall Tcheck Ttotal Status Flags
r-devel-linux-x86_64-debian-clang 0.6.7 9.93 77.94 87.87 OK
r-devel-linux-x86_64-debian-gcc 0.6.7 7.10 58.15 65.25 OK
r-devel-linux-x86_64-fedora-clang 0.6.7 107.57 NOTE
r-devel-linux-x86_64-fedora-gcc 0.6.7 100.64 NOTE
r-devel-windows-ix86+x86_64 0.6.7 20.00 99.00 119.00 OK
r-patched-linux-x86_64 0.6.7 8.16 69.95 78.11 OK
r-patched-solaris-x86 0.6.7 143.30 NOTE
r-release-linux-x86_64 0.6.7 9.02 69.84 78.86 OK
r-release-macos-x86_64 0.6.7 NOTE
r-release-windows-ix86+x86_64 0.6.7 21.00 75.00 96.00 OK
r-oldrel-macos-x86_64 0.6.7 NOTE
r-oldrel-windows-ix86+x86_64 0.6.7 13.00 64.00 77.00 OK

Check Details

Version: 0.6.7
Check: dependencies in R code
Result: NOTE
    Namespace in Imports field not imported from: ‘regtools’
     All declared Imports should be used.
Flavors: r-devel-linux-x86_64-fedora-clang, r-devel-linux-x86_64-fedora-gcc, r-patched-solaris-x86, r-release-macos-x86_64, r-oldrel-macos-x86_64