Last updated on 2020-12-31 00:46:53 CET.
Flavor | Version | Tinstall | Tcheck | Ttotal | Status | Flags |
---|---|---|---|---|---|---|
r-devel-linux-x86_64-debian-clang | 1.4-0 | 2.51 | 33.85 | 36.36 | NOTE | |
r-devel-linux-x86_64-debian-gcc | 1.4-0 | 1.82 | 26.20 | 28.02 | NOTE | |
r-devel-linux-x86_64-fedora-clang | 1.4-0 | 53.31 | OK | |||
r-devel-linux-x86_64-fedora-gcc | 1.4-0 | 43.91 | OK | |||
r-devel-windows-ix86+x86_64 | 1.4-0 | 6.00 | 63.00 | 69.00 | NOTE | |
r-patched-linux-x86_64 | 1.4-0 | 2.59 | 32.42 | 35.01 | NOTE | |
r-patched-solaris-x86 | 1.4-0 | 54.80 | OK | |||
r-release-linux-x86_64 | 1.4-0 | 2.70 | 32.18 | 34.88 | NOTE | |
r-release-macos-x86_64 | 1.4-0 | OK | ||||
r-release-windows-ix86+x86_64 | 1.4-0 | 6.00 | 46.00 | 52.00 | NOTE | |
r-oldrel-macos-x86_64 | 1.4-0 | WARN | ||||
r-oldrel-windows-ix86+x86_64 | 1.4-0 | 4.00 | 45.00 | 49.00 | OK |
Version: 1.4-0
Check: package vignettes
Result: NOTE
Package vignette with placeholder title 'Vignette Title':
'polynomials.Rmd'
Flavors: r-devel-linux-x86_64-debian-clang, r-devel-linux-x86_64-debian-gcc, r-devel-windows-ix86+x86_64, r-patched-linux-x86_64, r-release-linux-x86_64, r-release-windows-ix86+x86_64
Version: 1.4-0
Check: re-building of vignette outputs
Result: WARN
Error(s) in re-building vignettes:
...
--- re-building ‘polynomials.Rmd’ using rmarkdown
Warning in engine$weave(file, quiet = quiet, encoding = enc) :
Pandoc (>= 1.12.3) and/or pandoc-citeproc not available. Falling back to R Markdown v1.
Error: processing vignette 'polynomials.Rmd' failed with diagnostics:
there is no package called 'stringi'
--- failed re-building ‘polynomials.Rmd’
SUMMARY: processing the following file failed:
‘polynomials.Rmd’
Error: Vignette re-building failed.
Execution halted
Flavor: r-oldrel-macos-x86_64