CRAN Package Check Results for Package pmcgd

Last updated on 2020-12-31 00:46:53 CET.

Flavor Version Tinstall Tcheck Ttotal Status Flags
r-devel-linux-x86_64-debian-clang 1.1 4.83 30.14 34.97 NOTE
r-devel-linux-x86_64-debian-gcc 1.1 3.41 23.24 26.65 NOTE
r-devel-linux-x86_64-fedora-clang 1.1 49.97 WARN
r-devel-linux-x86_64-fedora-gcc 1.1 41.01 NOTE
r-devel-windows-ix86+x86_64 1.1 8.00 47.00 55.00 NOTE
r-patched-linux-x86_64 1.1 3.85 28.73 32.58 NOTE
r-patched-solaris-x86 1.1 55.40 NOTE
r-release-linux-x86_64 1.1 3.72 28.45 32.17 NOTE
r-release-macos-x86_64 1.1 NOTE
r-release-windows-ix86+x86_64 1.1 6.00 35.00 41.00 NOTE
r-oldrel-macos-x86_64 1.1 NOTE
r-oldrel-windows-ix86+x86_64 1.1 5.00 34.00 39.00 NOTE

Check Details

Version: 1.1
Check: DESCRIPTION meta-information
Result: NOTE
    Malformed Description field: should contain one or more complete sentences.
Flavors: r-devel-linux-x86_64-debian-clang, r-devel-linux-x86_64-debian-gcc, r-devel-linux-x86_64-fedora-clang, r-devel-linux-x86_64-fedora-gcc, r-devel-windows-ix86+x86_64, r-patched-linux-x86_64, r-patched-solaris-x86, r-release-linux-x86_64, r-release-macos-x86_64, r-release-windows-ix86+x86_64, r-oldrel-macos-x86_64, r-oldrel-windows-ix86+x86_64

Version: 1.1
Check: R code for possible problems
Result: NOTE
    .MCM: no visible global function definition for 'runif'
    .MCM: no visible global function definition for 'rmultinom'
    .MCM: no visible global function definition for 'mahalanobis'
    .MCM: no visible global function definition for 'optimize'
    .MCM : f: no visible global function definition for 'mahalanobis'
    .MCM: no visible global function definition for 'alarm'
    .igpark: no visible global function definition for 'kmeans'
    .loglik: no visible global function definition for 'mahalanobis'
    .plot.gpcm: no visible global function definition for 'lines'
    .plot.gpcm: no visible global function definition for 'legend'
    .rwgpar: no visible global function definition for 'rexp'
    .weights: no visible global function definition for 'mahalanobis'
    Undefined global functions or variables:
     alarm kmeans legend lines mahalanobis optimize rexp rmultinom runif
    Consider adding
     importFrom("graphics", "legend", "lines")
     importFrom("stats", "kmeans", "mahalanobis", "optimize", "rexp",
     "rmultinom", "runif")
     importFrom("utils", "alarm")
    to your NAMESPACE file.
Flavors: r-devel-linux-x86_64-debian-clang, r-devel-linux-x86_64-debian-gcc, r-devel-linux-x86_64-fedora-clang, r-devel-linux-x86_64-fedora-gcc, r-devel-windows-ix86+x86_64, r-patched-linux-x86_64, r-patched-solaris-x86, r-release-linux-x86_64, r-release-macos-x86_64, r-release-windows-ix86+x86_64

Version: 1.1
Check: package dependencies
Result: WARN
    Requires orphaned package: ‘mixture’
Flavor: r-devel-linux-x86_64-fedora-clang

Version: 1.1
Check: R code for possible problems
Result: NOTE
    .MCM: no visible global function definition for ‘runif’
    .MCM: no visible global function definition for ‘rmultinom’
    .MCM: no visible global function definition for ‘mahalanobis’
    .MCM: no visible global function definition for ‘optimize’
    .MCM : f: no visible global function definition for ‘mahalanobis’
    .MCM: no visible global function definition for ‘alarm’
    .igpark: no visible global function definition for ‘kmeans’
    .loglik: no visible global function definition for ‘mahalanobis’
    .plot.gpcm: no visible global function definition for ‘plot’
    .plot.gpcm: no visible global function definition for ‘lines’
    .plot.gpcm: no visible global function definition for ‘legend’
    .rwgpar: no visible global function definition for ‘rexp’
    .weights: no visible global function definition for ‘mahalanobis’
    Undefined global functions or variables:
     alarm kmeans legend lines mahalanobis optimize plot rexp rmultinom
     runif
    Consider adding
     importFrom("graphics", "legend", "lines", "plot")
     importFrom("stats", "kmeans", "mahalanobis", "optimize", "rexp",
     "rmultinom", "runif")
     importFrom("utils", "alarm")
    to your NAMESPACE file.
Flavors: r-oldrel-macos-x86_64, r-oldrel-windows-ix86+x86_64