CRAN Package Check Results for Package pkggraph

Last updated on 2020-12-31 00:46:53 CET.

Flavor Version Tinstall Tcheck Ttotal Status Flags
r-devel-linux-x86_64-debian-clang 0.2.3 12.76 142.53 155.29 OK
r-devel-linux-x86_64-debian-gcc 0.2.3 9.85 106.33 116.18 OK
r-devel-linux-x86_64-fedora-clang 0.2.3 188.50 OK
r-devel-linux-x86_64-fedora-gcc 0.2.3 179.34 OK
r-devel-windows-ix86+x86_64 0.2.3 28.00 170.00 198.00 OK
r-patched-linux-x86_64 0.2.3 11.15 138.65 149.80 OK
r-patched-solaris-x86 0.2.3 263.90 NOTE
r-release-linux-x86_64 0.2.3 10.17 138.69 148.86 OK
r-release-macos-x86_64 0.2.3 OK
r-release-windows-ix86+x86_64 0.2.3 27.00 139.00 166.00 OK
r-oldrel-macos-x86_64 0.2.3 OK
r-oldrel-windows-ix86+x86_64 0.2.3 16.00 131.00 147.00 OK

Check Details

Version: 0.2.3
Check: installed package size
Result: NOTE
     installed size is 5.1Mb
     sub-directories of 1Mb or more:
     doc 4.4Mb
Flavor: r-patched-solaris-x86