Last updated on 2020-12-31 00:46:53 CET.
Flavor | Version | Tinstall | Tcheck | Ttotal | Status | Flags |
---|---|---|---|---|---|---|
r-devel-linux-x86_64-debian-clang | 2.0.0 | 12.25 | 190.45 | 202.70 | OK | |
r-devel-linux-x86_64-debian-gcc | 2.0.0 | 9.14 | 135.21 | 144.35 | OK | |
r-devel-linux-x86_64-fedora-clang | 2.0.0 | 239.57 | OK | |||
r-devel-linux-x86_64-fedora-gcc | 2.0.0 | 234.92 | OK | |||
r-devel-windows-ix86+x86_64 | 2.0.0 | 25.00 | 276.00 | 301.00 | OK | |
r-patched-linux-x86_64 | 2.0.0 | 10.74 | 178.63 | 189.37 | OK | |
r-patched-solaris-x86 | 2.0.0 | 554.40 | OK | |||
r-release-linux-x86_64 | 2.0.0 | 12.21 | 177.68 | 189.89 | OK | |
r-release-macos-x86_64 | 2.0.0 | OK | ||||
r-release-windows-ix86+x86_64 | 2.0.0 | 25.00 | 206.00 | 231.00 | OK | |
r-oldrel-macos-x86_64 | 2.0.0 | ERROR | ||||
r-oldrel-windows-ix86+x86_64 | 1.0.2 | 7.00 | 126.00 | 133.00 | OK |
Version: 2.0.0
Check: package dependencies
Result: ERROR
Packages required and available but unsuitable versions:
'graphics', 'grDevices', 'stats', 'utils'
See section ‘The DESCRIPTION file’ in the ‘Writing R Extensions’
manual.
Flavor: r-oldrel-macos-x86_64