CRAN Package Check Results for Package phateR

Last updated on 2020-12-31 00:46:53 CET.

Flavor Version Tinstall Tcheck Ttotal Status Flags
r-devel-linux-x86_64-debian-clang 1.0.4 11.16 82.83 93.99 OK
r-devel-linux-x86_64-debian-gcc 1.0.4 8.39 62.62 71.01 OK
r-devel-linux-x86_64-fedora-clang 1.0.4 122.48 NOTE
r-devel-linux-x86_64-fedora-gcc 1.0.4 111.14 OK
r-devel-windows-ix86+x86_64 1.0.4 23.00 106.00 129.00 NOTE
r-patched-linux-x86_64 1.0.4 9.06 76.69 85.75 OK
r-patched-solaris-x86 1.0.4 163.70 NOTE
r-release-linux-x86_64 1.0.4 9.17 76.75 85.92 OK
r-release-macos-x86_64 1.0.4 NOTE
r-release-windows-ix86+x86_64 1.0.4 25.00 85.00 110.00 NOTE
r-oldrel-macos-x86_64 1.0.4 NOTE
r-oldrel-windows-ix86+x86_64 1.0.4 15.00 71.00 86.00 NOTE

Check Details

Version: 1.0.4
Check: installed package size
Result: NOTE
     installed size is 5.2Mb
     sub-directories of 1Mb or more:
     data 2.3Mb
     examples 2.6Mb
Flavors: r-devel-linux-x86_64-fedora-clang, r-devel-windows-ix86+x86_64, r-patched-solaris-x86, r-release-macos-x86_64, r-release-windows-ix86+x86_64, r-oldrel-macos-x86_64, r-oldrel-windows-ix86+x86_64