CRAN Package Check Results for Package pgee.mixed

Last updated on 2020-12-31 00:46:53 CET.

Flavor Version Tinstall Tcheck Ttotal Status Flags
r-devel-linux-x86_64-debian-clang 0.1.0 40.82 35.68 76.50 OK
r-devel-linux-x86_64-debian-gcc 0.1.0 28.11 27.76 55.87 OK
r-devel-linux-x86_64-fedora-clang 0.1.0 110.19 NOTE
r-devel-linux-x86_64-fedora-gcc 0.1.0 97.30 NOTE
r-devel-windows-ix86+x86_64 0.1.0 91.00 82.00 173.00 OK
r-patched-linux-x86_64 0.1.0 32.53 34.11 66.64 OK
r-patched-solaris-x86 0.1.0 100.60 OK
r-release-linux-x86_64 0.1.0 33.60 34.00 67.60 OK
r-release-macos-x86_64 0.1.0 OK
r-release-windows-ix86+x86_64 0.1.0 95.00 59.00 154.00 OK
r-oldrel-macos-x86_64 0.1.0 OK
r-oldrel-windows-ix86+x86_64 0.1.0 59.00 55.00 114.00 OK

Check Details

Version: 0.1.0
Check: compiled code
Result: NOTE
    File ‘pgee.mixed/libs/pgee.mixed.so’:
     Found no calls to: ‘R_registerRoutines’, ‘R_useDynamicSymbols’
    
    It is good practice to register native routines and to disable symbol
    search.
    
    See ‘Writing portable packages’ in the ‘Writing R Extensions’ manual.
Flavors: r-devel-linux-x86_64-fedora-clang, r-devel-linux-x86_64-fedora-gcc