Last updated on 2020-12-31 00:46:53 CET.
Flavor | Version | Tinstall | Tcheck | Ttotal | Status | Flags |
---|---|---|---|---|---|---|
r-devel-linux-x86_64-debian-clang | 0.2.0 | 6.93 | 73.57 | 80.50 | NOTE | |
r-devel-linux-x86_64-debian-gcc | 0.2.0 | 5.06 | 55.00 | 60.06 | NOTE | |
r-devel-linux-x86_64-fedora-clang | 0.2.0 | 101.72 | NOTE | |||
r-devel-linux-x86_64-fedora-gcc | 0.2.0 | 92.88 | NOTE | |||
r-devel-windows-ix86+x86_64 | 0.2.0 | 13.00 | 98.00 | 111.00 | NOTE | |
r-patched-linux-x86_64 | 0.2.0 | 6.58 | 67.98 | 74.56 | NOTE | |
r-patched-solaris-x86 | 0.2.0 | 129.60 | NOTE | |||
r-release-linux-x86_64 | 0.2.0 | 5.74 | 69.66 | 75.40 | NOTE | |
r-release-macos-x86_64 | 0.2.0 | NOTE | ||||
r-release-windows-ix86+x86_64 | 0.2.0 | 14.00 | 73.00 | 87.00 | NOTE | |
r-oldrel-macos-x86_64 | 0.2.0 | NOTE | ||||
r-oldrel-windows-ix86+x86_64 | 0.2.0 | 8.00 | 68.00 | 76.00 | NOTE |
Version: 0.2.0
Check: R code for possible problems
Result: NOTE
hasMethod: no visible global function definition for 'getS3method'
Undefined global functions or variables:
getS3method
Consider adding
importFrom("utils", "getS3method")
to your NAMESPACE file.
Flavors: r-devel-linux-x86_64-debian-clang, r-devel-linux-x86_64-debian-gcc, r-devel-linux-x86_64-fedora-clang, r-devel-linux-x86_64-fedora-gcc, r-devel-windows-ix86+x86_64, r-patched-linux-x86_64, r-patched-solaris-x86, r-release-linux-x86_64, r-release-macos-x86_64, r-release-windows-ix86+x86_64, r-oldrel-macos-x86_64, r-oldrel-windows-ix86+x86_64