CRAN Package Check Results for Package pergola

Last updated on 2020-12-31 00:46:53 CET.

Flavor Version Tinstall Tcheck Ttotal Status Flags
r-devel-linux-x86_64-debian-clang 1.0 3.34 62.45 65.79 NOTE
r-devel-linux-x86_64-debian-gcc 1.0 2.45 47.13 49.58 NOTE
r-devel-linux-x86_64-fedora-clang 1.0 91.52 NOTE
r-devel-linux-x86_64-fedora-gcc 1.0 88.01 NOTE
r-devel-windows-ix86+x86_64 1.0 8.00 85.00 93.00 NOTE
r-patched-linux-x86_64 1.0 1.94 64.11 66.05 NOTE
r-patched-solaris-x86 1.0 110.30 NOTE
r-release-linux-x86_64 1.0 3.24 63.03 66.27 NOTE
r-release-macos-x86_64 1.0 NOTE
r-release-windows-ix86+x86_64 1.0 7.00 61.00 68.00 NOTE
r-oldrel-macos-x86_64 1.0 NOTE
r-oldrel-windows-ix86+x86_64 1.0 4.00 59.00 63.00 NOTE

Check Details

Version: 1.0
Check: package dependencies
Result: NOTE
    Package suggested but not available for checking: 'dendextendRcpp'
Flavors: r-devel-linux-x86_64-debian-clang, r-devel-linux-x86_64-debian-gcc, r-devel-linux-x86_64-fedora-clang, r-devel-linux-x86_64-fedora-gcc, r-devel-windows-ix86+x86_64, r-patched-linux-x86_64, r-patched-solaris-x86, r-release-linux-x86_64, r-release-macos-x86_64, r-release-windows-ix86+x86_64, r-oldrel-macos-x86_64, r-oldrel-windows-ix86+x86_64