Last updated on 2020-12-31 00:46:52 CET.
Flavor | Version | Tinstall | Tcheck | Ttotal | Status | Flags |
---|---|---|---|---|---|---|
r-devel-linux-x86_64-debian-clang | 1.1 | 1.98 | 21.39 | 23.37 | NOTE | |
r-devel-linux-x86_64-debian-gcc | 1.1 | 1.62 | 16.74 | 18.36 | NOTE | |
r-devel-linux-x86_64-fedora-clang | 1.1 | 37.57 | NOTE | |||
r-devel-linux-x86_64-fedora-gcc | 1.1 | 27.84 | NOTE | |||
r-devel-windows-ix86+x86_64 | 1.1 | 4.00 | 36.00 | 40.00 | NOTE | |
r-patched-linux-x86_64 | 1.1 | 1.72 | 20.70 | 22.42 | NOTE | |
r-patched-solaris-x86 | 1.1 | 44.60 | NOTE | |||
r-release-linux-x86_64 | 1.1 | 2.01 | 21.10 | 23.11 | NOTE | |
r-release-macos-x86_64 | 1.1 | NOTE | ||||
r-release-windows-ix86+x86_64 | 1.1 | 4.00 | 27.00 | 31.00 | NOTE | |
r-oldrel-macos-x86_64 | 1.1 | NOTE | ||||
r-oldrel-windows-ix86+x86_64 | 1.1 | 5.00 | 45.00 | 50.00 | NOTE |
Version: 1.1
Check: DESCRIPTION meta-information
Result: NOTE
Malformed Description field: should contain one or more complete sentences.
Flavors: r-devel-linux-x86_64-debian-clang, r-devel-linux-x86_64-debian-gcc, r-devel-linux-x86_64-fedora-clang, r-devel-linux-x86_64-fedora-gcc, r-devel-windows-ix86+x86_64, r-patched-linux-x86_64, r-patched-solaris-x86, r-release-linux-x86_64, r-release-macos-x86_64, r-release-windows-ix86+x86_64, r-oldrel-macos-x86_64, r-oldrel-windows-ix86+x86_64