CRAN Package Check Results for Package parzer

Last updated on 2020-12-31 00:46:52 CET.

Flavor Version Tinstall Tcheck Ttotal Status Flags
r-devel-linux-x86_64-debian-clang 0.3.0 71.13 30.30 101.43 OK
r-devel-linux-x86_64-debian-gcc 0.3.0 47.13 23.95 71.08 OK
r-devel-linux-x86_64-fedora-clang 0.3.0 142.71 NOTE
r-devel-linux-x86_64-fedora-gcc 0.3.0 130.14 OK
r-devel-windows-ix86+x86_64 0.3.0 153.00 75.00 228.00 OK
r-patched-linux-x86_64 0.3.0 55.58 29.31 84.89 OK
r-patched-solaris-x86 0.3.0 119.50 OK
r-release-linux-x86_64 0.3.0 57.51 29.58 87.09 OK
r-release-macos-x86_64 0.3.0 OK
r-release-windows-ix86+x86_64 0.3.0 153.00 59.00 212.00 OK
r-oldrel-macos-x86_64 0.3.0 OK
r-oldrel-windows-ix86+x86_64 0.3.0 110.00 55.00 165.00 OK

Check Details

Version: 0.3.0
Check: installed package size
Result: NOTE
     installed size is 5.1Mb
     sub-directories of 1Mb or more:
     doc 1.0Mb
     libs 4.0Mb
Flavor: r-devel-linux-x86_64-fedora-clang