CRAN Package Check Results for Package paropt

Last updated on 2020-12-31 00:46:52 CET.

Flavor Version Tinstall Tcheck Ttotal Status Flags
r-devel-linux-x86_64-debian-clang 0.1 168.09 35.32 203.41 OK
r-devel-linux-x86_64-debian-gcc 0.1 103.23 30.38 133.61 OK
r-devel-linux-x86_64-fedora-clang 0.1 289.49 NOTE
r-devel-linux-x86_64-fedora-gcc 0.1 255.25 OK
r-devel-windows-ix86+x86_64 0.1 371.00 93.00 464.00 OK
r-patched-linux-x86_64 0.1 122.74 38.54 161.28 OK
r-patched-solaris-x86 0.1 217.70 OK
r-release-linux-x86_64 0.1 125.53 38.14 163.67 OK
r-release-macos-x86_64 0.1 NOTE
r-release-windows-ix86+x86_64 0.1 366.00 69.00 435.00 OK
r-oldrel-macos-x86_64 0.1 NOTE
r-oldrel-windows-ix86+x86_64 0.1 247.00 64.00 311.00 OK

Check Details

Version: 0.1
Check: installed package size
Result: NOTE
     installed size is 10.3Mb
     sub-directories of 1Mb or more:
     libs 6.1Mb
Flavors: r-devel-linux-x86_64-fedora-clang, r-release-macos-x86_64, r-oldrel-macos-x86_64