Last updated on 2020-12-31 00:46:52 CET.
Flavor | Version | Tinstall | Tcheck | Ttotal | Status | Flags |
---|---|---|---|---|---|---|
r-devel-linux-x86_64-debian-clang | 2.7.6 | 9.53 | 221.89 | 231.42 | NOTE | |
r-devel-linux-x86_64-debian-gcc | 2.7.6 | 8.65 | 158.83 | 167.48 | NOTE | |
r-devel-linux-x86_64-fedora-clang | 2.7.6 | 271.22 | NOTE | |||
r-devel-linux-x86_64-fedora-gcc | 2.7.6 | 265.60 | NOTE | |||
r-devel-windows-ix86+x86_64 | 2.7.6 | 21.00 | 261.00 | 282.00 | OK | |
r-patched-linux-x86_64 | 2.7.6 | 8.99 | 207.06 | 216.05 | NOTE | |
r-patched-solaris-x86 | 2.7.6 | 332.80 | NOTE | |||
r-release-linux-x86_64 | 2.7.6 | 9.13 | 207.01 | 216.14 | NOTE | |
r-release-macos-x86_64 | 2.7.6 | OK | ||||
r-release-windows-ix86+x86_64 | 2.7.6 | 21.00 | 190.00 | 211.00 | OK | |
r-oldrel-macos-x86_64 | 2.7.6 | OK | ||||
r-oldrel-windows-ix86+x86_64 | 2.7.6 | 13.00 | 185.00 | 198.00 | OK |
Version: 2.7.6
Check: for non-standard things in the check directory
Result: NOTE
Found the following files/directories:
'NUL'
Flavors: r-devel-linux-x86_64-debian-clang, r-devel-linux-x86_64-debian-gcc, r-devel-linux-x86_64-fedora-clang, r-devel-linux-x86_64-fedora-gcc, r-patched-linux-x86_64, r-patched-solaris-x86, r-release-linux-x86_64