Last updated on 2020-12-31 00:46:52 CET.
Flavor | Version | Tinstall | Tcheck | Ttotal | Status | Flags |
---|---|---|---|---|---|---|
r-devel-linux-x86_64-debian-clang | 0.5.2 | 6.14 | 58.40 | 64.54 | OK | |
r-devel-linux-x86_64-debian-gcc | 0.5.2 | 4.54 | 42.41 | 46.95 | OK | |
r-devel-linux-x86_64-fedora-clang | 0.5.2 | 81.62 | NOTE | |||
r-devel-linux-x86_64-fedora-gcc | 0.5.2 | 73.63 | NOTE | |||
r-devel-windows-ix86+x86_64 | 0.5.2 | 10.00 | 74.00 | 84.00 | OK | |
r-patched-linux-x86_64 | 0.5.2 | 5.01 | 53.11 | 58.12 | OK | |
r-patched-solaris-x86 | 0.5.2 | 96.60 | NOTE | |||
r-release-linux-x86_64 | 0.5.2 | 5.66 | 53.50 | 59.16 | OK | |
r-release-macos-x86_64 | 0.5.2 | NOTE | ||||
r-release-windows-ix86+x86_64 | 0.5.2 | 11.00 | 57.00 | 68.00 | OK | |
r-oldrel-macos-x86_64 | 0.5.2 | NOTE | ||||
r-oldrel-windows-ix86+x86_64 | 0.5.2 | 6.00 | 54.00 | 60.00 | OK |
Version: 0.5.2
Check: dependencies in R code
Result: NOTE
Namespace in Imports field not imported from: ‘iterators’
All declared Imports should be used.
Flavors: r-devel-linux-x86_64-fedora-clang, r-devel-linux-x86_64-fedora-gcc, r-patched-solaris-x86, r-release-macos-x86_64, r-oldrel-macos-x86_64