Last updated on 2020-12-31 00:46:52 CET.
Flavor | Version | Tinstall | Tcheck | Ttotal | Status | Flags |
---|---|---|---|---|---|---|
r-devel-linux-x86_64-debian-clang | 0.1.1 | 3.17 | 28.32 | 31.49 | OK | |
r-devel-linux-x86_64-debian-gcc | 0.1.1 | 2.50 | 22.32 | 24.82 | OK | |
r-devel-linux-x86_64-fedora-clang | 0.1.1 | 46.52 | OK | |||
r-devel-linux-x86_64-fedora-gcc | 0.1.1 | 63.63 | OK | |||
r-devel-windows-ix86+x86_64 | 0.1.1 | 8.00 | 47.00 | 55.00 | OK | |
r-patched-linux-x86_64 | 0.1.1 | 2.89 | 27.88 | 30.77 | OK | |
r-patched-solaris-x86 | 0.1.1 | 59.60 | NOTE | |||
r-release-linux-x86_64 | 0.1.1 | 3.00 | 27.79 | 30.79 | OK | |
r-release-macos-x86_64 | 0.1.1 | OK | ||||
r-release-windows-ix86+x86_64 | 0.1.1 | 10.00 | 38.00 | 48.00 | OK | |
r-oldrel-macos-x86_64 | 0.1.1 | OK | ||||
r-oldrel-windows-ix86+x86_64 | 0.1.1 | 5.00 | 36.00 | 41.00 | OK |
Version: 0.1.1
Check: package dependencies
Result: NOTE
Package suggested but not available for checking: ‘ssh’
Flavor: r-patched-solaris-x86