Last updated on 2020-12-31 00:46:52 CET.
Flavor | Version | Tinstall | Tcheck | Ttotal | Status | Flags |
---|---|---|---|---|---|---|
r-devel-linux-x86_64-debian-clang | 0.2.6 | 9.47 | 80.60 | 90.07 | OK | |
r-devel-linux-x86_64-debian-gcc | 0.2.6 | 7.56 | 61.75 | 69.31 | OK | |
r-devel-linux-x86_64-fedora-clang | 0.2.6 | 114.84 | NOTE | |||
r-devel-linux-x86_64-fedora-gcc | 0.2.6 | 105.71 | NOTE | |||
r-devel-windows-ix86+x86_64 | 0.2.6 | 21.00 | 104.00 | 125.00 | OK | |
r-patched-linux-x86_64 | 0.2.6 | 8.71 | 74.66 | 83.37 | OK | |
r-patched-solaris-x86 | 0.2.6 | 151.30 | NOTE | |||
r-release-linux-x86_64 | 0.2.6 | 9.07 | 74.66 | 83.73 | OK | |
r-release-macos-x86_64 | 0.2.6 | NOTE | ||||
r-release-windows-ix86+x86_64 | 0.2.6 | 21.00 | 78.00 | 99.00 | OK | |
r-oldrel-macos-x86_64 | 0.2.6 | NOTE | ||||
r-oldrel-windows-ix86+x86_64 | 0.2.6 | 14.00 | 68.00 | 82.00 | OK |
Version: 0.2.6
Check: dependencies in R code
Result: NOTE
Namespace in Imports field not imported from: ‘grDevices’
All declared Imports should be used.
Flavors: r-devel-linux-x86_64-fedora-clang, r-devel-linux-x86_64-fedora-gcc, r-patched-solaris-x86, r-release-macos-x86_64, r-oldrel-macos-x86_64