CRAN Package Check Results for Package originr

Last updated on 2020-12-31 00:46:52 CET.

Flavor Version Tinstall Tcheck Ttotal Status Flags
r-devel-linux-x86_64-debian-clang 0.4.0 5.54 46.82 52.36 OK
r-devel-linux-x86_64-debian-gcc 0.4.0 4.34 35.26 39.60 OK
r-devel-linux-x86_64-fedora-clang 0.4.0 69.87 NOTE
r-devel-linux-x86_64-fedora-gcc 0.4.0 59.84 NOTE
r-devel-windows-ix86+x86_64 0.4.0 14.00 72.00 86.00 OK
r-patched-linux-x86_64 0.4.0 4.54 43.55 48.09 OK
r-patched-solaris-x86 0.4.0 94.00 NOTE
r-release-linux-x86_64 0.4.0 5.71 43.42 49.13 OK
r-release-macos-x86_64 0.4.0 NOTE
r-release-windows-ix86+x86_64 0.4.0 15.00 52.00 67.00 OK
r-oldrel-macos-x86_64 0.4.0 NOTE
r-oldrel-windows-ix86+x86_64 0.4.0 10.00 49.00 59.00 OK

Check Details

Version: 0.4.0
Check: data for non-ASCII characters
Result: NOTE
     Note: found 2 marked UTF-8 strings
Flavors: r-devel-linux-x86_64-fedora-clang, r-devel-linux-x86_64-fedora-gcc, r-patched-solaris-x86, r-release-macos-x86_64, r-oldrel-macos-x86_64