Last updated on 2020-12-31 00:46:52 CET.
Flavor | Version | Tinstall | Tcheck | Ttotal | Status | Flags |
---|---|---|---|---|---|---|
r-devel-linux-x86_64-debian-clang | 2.2.1 | 5.09 | 42.18 | 47.27 | OK | |
r-devel-linux-x86_64-debian-gcc | 2.2.1 | 4.46 | 32.59 | 37.05 | OK | |
r-devel-linux-x86_64-fedora-clang | 2.2.1 | 66.19 | NOTE | |||
r-devel-linux-x86_64-fedora-gcc | 2.2.1 | 57.25 | NOTE | |||
r-devel-windows-ix86+x86_64 | 2.2.1 | 13.00 | 69.00 | 82.00 | NOTE | |
r-patched-linux-x86_64 | 2.2.1 | 6.07 | 39.29 | 45.36 | OK | |
r-patched-solaris-x86 | 2.2.1 | 80.10 | NOTE | |||
r-release-linux-x86_64 | 2.2.1 | 5.07 | 39.69 | 44.76 | OK | |
r-release-macos-x86_64 | 2.2.1 | NOTE | ||||
r-release-windows-ix86+x86_64 | 2.2.1 | 10.00 | 55.00 | 65.00 | NOTE | |
r-oldrel-macos-x86_64 | 2.2.1 | WARN | ||||
r-oldrel-windows-ix86+x86_64 | 2.2.1 | 6.00 | 46.00 | 52.00 | NOTE |
Version: 2.2.1
Check: data for non-ASCII characters
Result: NOTE
Note: found 4 marked UTF-8 strings
Flavors: r-devel-linux-x86_64-fedora-clang, r-devel-linux-x86_64-fedora-gcc, r-patched-solaris-x86, r-release-macos-x86_64, r-oldrel-macos-x86_64
Version: 2.2.1
Check: package dependencies
Result: NOTE
Package suggested but not available for checking: 'unix'
Flavors: r-devel-windows-ix86+x86_64, r-release-windows-ix86+x86_64, r-oldrel-windows-ix86+x86_64
Version: 2.2.1
Check: dependencies in R code
Result: NOTE
No protocol specified
Flavor: r-oldrel-macos-x86_64
Version: 2.2.1
Check: S3 generic/method consistency
Result: WARN
No protocol specified
See section ‘Generic functions and methods’ in the ‘Writing R
Extensions’ manual.
Flavor: r-oldrel-macos-x86_64
Version: 2.2.1
Check: replacement functions
Result: WARN
No protocol specified
The argument of a replacement function which corresponds to the right
hand side must be named ‘value’.
Flavor: r-oldrel-macos-x86_64
Version: 2.2.1
Check: foreign function calls
Result: NOTE
No protocol specified
See chapter ‘System and foreign language interfaces’ in the ‘Writing R
Extensions’ manual.
Flavor: r-oldrel-macos-x86_64
Version: 2.2.1
Check: for missing documentation entries
Result: WARN
No protocol specified
All user-level objects in a package should have documentation entries.
See chapter ‘Writing R documentation files’ in the ‘Writing R
Extensions’ manual.
Flavor: r-oldrel-macos-x86_64
Version: 2.2.1
Check: for code/documentation mismatches
Result: WARN
No protocol specified
No protocol specified
No protocol specified
Flavor: r-oldrel-macos-x86_64
Version: 2.2.1
Check: Rd \usage sections
Result: NOTE
No protocol specified
The \usage entries for S3 methods should use the \method markup and not
their full name.
See chapter ‘Writing R documentation files’ in the ‘Writing R
Extensions’ manual.
Flavor: r-oldrel-macos-x86_64