CRAN Package Check Results for Package openCR

Last updated on 2020-12-31 00:46:52 CET.

Flavor Version Tinstall Tcheck Ttotal Status Flags
r-devel-linux-x86_64-debian-clang 1.5.0 102.42 243.06 345.48 NOTE
r-devel-linux-x86_64-debian-gcc 1.5.0 69.17 178.71 247.88 NOTE
r-devel-linux-x86_64-fedora-clang 1.5.0 442.87 NOTE
r-devel-linux-x86_64-fedora-gcc 1.5.0 413.04 NOTE
r-devel-windows-ix86+x86_64 1.5.0 250.00 367.00 617.00 NOTE
r-patched-linux-x86_64 1.5.0 81.16 222.79 303.95 NOTE
r-patched-solaris-x86 1.5.0 485.60 NOTE
r-release-linux-x86_64 1.5.0 79.54 225.65 305.19 NOTE
r-release-macos-x86_64 1.5.0 WARN
r-release-windows-ix86+x86_64 1.5.0 255.00 275.00 530.00 NOTE
r-oldrel-macos-x86_64 1.5.0 NOTE
r-oldrel-windows-ix86+x86_64 1.5.0 173.00 256.00 429.00 NOTE

Additional issues

clang-UBSAN

Check Details

Version: 1.5.0
Check: for GNU extensions in Makefiles
Result: NOTE
    GNU make is a SystemRequirements.
Flavors: r-devel-linux-x86_64-debian-clang, r-devel-linux-x86_64-debian-gcc, r-devel-linux-x86_64-fedora-clang, r-devel-linux-x86_64-fedora-gcc, r-devel-windows-ix86+x86_64, r-patched-linux-x86_64, r-patched-solaris-x86, r-release-linux-x86_64, r-release-macos-x86_64, r-release-windows-ix86+x86_64, r-oldrel-macos-x86_64, r-oldrel-windows-ix86+x86_64

Version: 1.5.0
Check: package dependencies
Result: NOTE
    Packages suggested but not available for checking: 'RMark', 'R2ucare'
Flavor: r-patched-solaris-x86

Version: 1.5.0
Check: re-building of vignette outputs
Result: WARN
    Error(s) in re-building vignettes:
     ...
    --- re-building ‘openCR-vignette.Rmd’ using rmarkdown
    Warning in engine$weave(file, quiet = quiet, encoding = enc) :
     Pandoc (>= 1.12.3) and/or pandoc-citeproc not available. Falling back to R Markdown v1.
    Loading required package: secr
    This is secr 4.3.3. For overview type ?secr
    This is openCR 1.5.0. For overview type ?openCR and see openCR-vignette.pdf
    Warning in secr.fit(captdata, detectfn = "HHN", mask = msk, trace = FALSE) :
     multi-catch likelihood used for single-catch traps
    Warning in stdcapthist(capthist, type, details$nclone, details$squeeze, :
     capthist coerced to 'multi' detector type
    Warning in openCR.fit(ovenj, model = p ~ customb, type = "JSSAfCL", dframe = makedf.b(ovenj), :
     possible maximization error: nlm returned code 3. See ?nlm
    Quitting from lines 705-708 (openCR-vignette.Rmd)
    Error: processing vignette 'openCR-vignette.Rmd' failed with diagnostics:
    requested ncores exceeds number available
    --- failed re-building ‘openCR-vignette.Rmd’
    
    SUMMARY: processing the following file failed:
     ‘openCR-vignette.Rmd’
    
    Error: Vignette re-building failed.
    Execution halted
Flavor: r-release-macos-x86_64