Last updated on 2020-12-31 00:46:52 CET.
Flavor | Version | Tinstall | Tcheck | Ttotal | Status | Flags |
---|---|---|---|---|---|---|
r-devel-linux-x86_64-debian-clang | 0.3.11 | 21.16 | 297.89 | 319.05 | OK | |
r-devel-linux-x86_64-debian-gcc | 0.3.11 | 15.49 | 208.91 | 224.40 | OK | |
r-devel-linux-x86_64-fedora-clang | 0.3.11 | 360.16 | NOTE | |||
r-devel-linux-x86_64-fedora-gcc | 0.3.11 | 333.09 | NOTE | |||
r-devel-windows-ix86+x86_64 | 0.3.11 | 41.00 | 308.00 | 349.00 | OK | |
r-patched-linux-x86_64 | 0.3.11 | 12.70 | 258.42 | 271.12 | OK | |
r-patched-solaris-x86 | 0.3.11 | 490.90 | NOTE | |||
r-release-linux-x86_64 | 0.3.11 | 18.34 | 266.49 | 284.83 | OK | |
r-release-macos-x86_64 | 0.3.11 | NOTE | ||||
r-release-windows-ix86+x86_64 | 0.3.11 | 39.00 | 232.00 | 271.00 | OK | |
r-oldrel-macos-x86_64 | 0.3.11 | NOTE | ||||
r-oldrel-windows-ix86+x86_64 | 0.3.11 | 24.00 | 212.00 | 236.00 | OK |
Version: 0.3.11
Check: dependencies in R code
Result: NOTE
Namespaces in Imports field not imported from:
‘R6’ ‘digest’ ‘dplyr’ ‘miniUI’ ‘text2vec’
All declared Imports should be used.
Flavors: r-devel-linux-x86_64-fedora-clang, r-devel-linux-x86_64-fedora-gcc, r-patched-solaris-x86, r-release-macos-x86_64, r-oldrel-macos-x86_64