CRAN Package Check Results for Package onlineforecast

Last updated on 2020-12-31 00:46:52 CET.

Flavor Version Tinstall Tcheck Ttotal Status Flags
r-devel-linux-x86_64-debian-clang 0.9.3 45.81 179.63 225.44 OK
r-devel-linux-x86_64-debian-gcc 0.9.3 30.63 129.36 159.99 OK
r-devel-linux-x86_64-fedora-clang 0.9.3 290.93 NOTE
r-devel-linux-x86_64-fedora-gcc 0.9.3 272.37 OK
r-devel-windows-ix86+x86_64 0.9.3 110.00 265.00 375.00 NOTE
r-patched-linux-x86_64 0.9.3 39.00 173.31 212.31 OK
r-patched-solaris-x86 0.9.3 335.00 OK
r-release-linux-x86_64 0.9.3 40.27 173.05 213.32 OK
r-release-macos-x86_64 0.9.3 NOTE
r-release-windows-ix86+x86_64 0.9.3 107.00 272.00 379.00 NOTE
r-oldrel-macos-x86_64 0.9.3 NOTE
r-oldrel-windows-ix86+x86_64 0.9.3 72.00 176.00 248.00 NOTE

Check Details

Version: 0.9.3
Check: package dependencies
Result: NOTE
    Suggests orphaned package: ‘plotly’
Flavor: r-devel-linux-x86_64-fedora-clang

Version: 0.9.3
Check: installed package size
Result: NOTE
     installed size is 5.1Mb
     sub-directories of 1Mb or more:
     doc 3.1Mb
     libs 1.4Mb
Flavors: r-devel-linux-x86_64-fedora-clang, r-devel-windows-ix86+x86_64, r-release-macos-x86_64, r-release-windows-ix86+x86_64, r-oldrel-macos-x86_64, r-oldrel-windows-ix86+x86_64