Last updated on 2020-12-31 00:46:52 CET.
Flavor | Version | Tinstall | Tcheck | Ttotal | Status | Flags |
---|---|---|---|---|---|---|
r-devel-linux-x86_64-debian-clang | 0.5.0 | 14.24 | 107.97 | 122.21 | OK | |
r-devel-linux-x86_64-debian-gcc | 0.5.0 | 11.39 | 81.17 | 92.56 | OK | |
r-devel-linux-x86_64-fedora-clang | 0.5.0 | 150.84 | NOTE | |||
r-devel-linux-x86_64-fedora-gcc | 0.5.0 | 142.05 | NOTE | |||
r-devel-windows-ix86+x86_64 | 0.5.0 | 31.00 | 129.00 | 160.00 | OK | |
r-patched-linux-x86_64 | 0.5.0 | 13.84 | 98.48 | 112.32 | OK | |
r-patched-solaris-x86 | 0.5.0 | 204.30 | NOTE | |||
r-release-linux-x86_64 | 0.5.0 | 13.66 | 98.71 | 112.37 | OK | |
r-release-macos-x86_64 | 0.5.0 | NOTE | ||||
r-release-windows-ix86+x86_64 | 0.5.0 | 33.00 | 93.00 | 126.00 | OK | |
r-oldrel-macos-x86_64 | 0.5.0 | NOTE | ||||
r-oldrel-windows-ix86+x86_64 | 0.5.0 | 18.00 | 89.00 | 107.00 | OK |
Version: 0.5.0
Check: dependencies in R code
Result: NOTE
Namespaces in Imports field not imported from:
‘RColorBrewer’ ‘graphics’
All declared Imports should be used.
Flavors: r-devel-linux-x86_64-fedora-clang, r-devel-linux-x86_64-fedora-gcc, r-patched-solaris-x86, r-release-macos-x86_64, r-oldrel-macos-x86_64