CRAN Package Check Results for Package nsyllable

Last updated on 2020-12-31 00:46:52 CET.

Flavor Version Tinstall Tcheck Ttotal Status Flags
r-devel-linux-x86_64-debian-clang 1.0 2.46 23.48 25.94 OK
r-devel-linux-x86_64-debian-gcc 1.0 1.85 18.85 20.70 OK
r-devel-linux-x86_64-fedora-clang 1.0 39.70 NOTE
r-devel-linux-x86_64-fedora-gcc 1.0 30.69 NOTE
r-devel-windows-ix86+x86_64 1.0 5.00 40.00 45.00 OK
r-patched-linux-x86_64 1.0 2.16 23.00 25.16 OK
r-patched-solaris-x86 1.0 49.40 NOTE
r-release-linux-x86_64 1.0 2.38 22.65 25.03 OK
r-release-macos-x86_64 1.0 NOTE
r-release-windows-ix86+x86_64 1.0 5.00 30.00 35.00 OK
r-oldrel-macos-x86_64 1.0 NOTE
r-oldrel-windows-ix86+x86_64 1.0 4.00 27.00 31.00 OK

Check Details

Version: 1.0
Check: data for non-ASCII characters
Result: NOTE
     Note: found 1 marked UTF-8 string
Flavors: r-devel-linux-x86_64-fedora-clang, r-devel-linux-x86_64-fedora-gcc, r-patched-solaris-x86, r-release-macos-x86_64, r-oldrel-macos-x86_64