CRAN Package Check Results for Package npsf

Last updated on 2020-12-31 00:46:52 CET.

Flavor Version Tinstall Tcheck Ttotal Status Flags
r-devel-linux-x86_64-debian-clang 0.8.0 30.51 79.09 109.60 OK
r-devel-linux-x86_64-debian-gcc 0.8.0 24.42 57.94 82.36 OK
r-devel-linux-x86_64-fedora-clang 0.8.0 148.80 OK
r-devel-linux-x86_64-fedora-gcc 0.8.0 132.37 OK
r-devel-windows-ix86+x86_64 0.8.0 69.00 115.00 184.00 OK
r-patched-linux-x86_64 0.8.0 25.28 71.24 96.52 OK
r-patched-solaris-x86 0.8.0 145.10 OK
r-release-linux-x86_64 0.8.0 25.90 72.00 97.90 OK
r-release-macos-x86_64 0.8.0 NOTE
r-release-windows-ix86+x86_64 0.8.0 67.00 83.00 150.00 OK
r-oldrel-macos-x86_64 0.8.0 NOTE
r-oldrel-windows-ix86+x86_64 0.8.0 47.00 80.00 127.00 OK

Check Details

Version: 0.8.0
Check: package dependencies
Result: NOTE
    Package suggested but not available for checking: ‘Rmpi’
Flavors: r-release-macos-x86_64, r-oldrel-macos-x86_64