Last updated on 2020-12-31 00:46:52 CET.
Flavor | Version | Tinstall | Tcheck | Ttotal | Status | Flags |
---|---|---|---|---|---|---|
r-devel-linux-x86_64-debian-clang | 1.6 | 10.99 | 146.37 | 157.36 | OK | |
r-devel-linux-x86_64-debian-gcc | 1.6 | 9.66 | 111.84 | 121.50 | OK | |
r-devel-linux-x86_64-fedora-clang | 1.6 | 197.53 | OK | |||
r-devel-linux-x86_64-fedora-gcc | 1.6 | 188.21 | OK | |||
r-devel-windows-ix86+x86_64 | 1.6 | 28.00 | 220.00 | 248.00 | OK | |
r-patched-linux-x86_64 | 1.6 | 9.99 | 139.31 | 149.30 | OK | |
r-patched-solaris-x86 | 1.6 | 265.80 | OK | |||
r-release-linux-x86_64 | 1.6 | 10.41 | 141.51 | 151.92 | WARN | |
r-release-macos-x86_64 | 1.6 | OK | ||||
r-release-windows-ix86+x86_64 | 1.6 | 27.00 | 168.00 | 195.00 | OK | |
r-oldrel-macos-x86_64 | 1.6 | OK | ||||
r-oldrel-windows-ix86+x86_64 | 1.6 | 16.00 | 155.00 | 171.00 | OK |
Version: 1.6
Check: re-building of vignette outputs
Result: WARN
Error(s) in re-building vignettes:
...
--- re-building ‘npbrvignette.rnw’ using Sweave
Loading required package: npbr
Loading required package: np
Nonparametric Kernel Methods for Mixed Datatypes (version 0.60-10)
[vignette("np_faq",package="np") provides answers to frequently asked questions]
[vignette("np",package="np") an overview]
[vignette("entropy_np",package="np") an overview of entropy-based methods]
Error: processing vignette 'npbrvignette.rnw' failed with diagnostics:
Running ‘texi2dvi’ on ‘npbrvignette.tex’ failed.
LaTeX errors:
! Undefined control sequence.
\hyper@linkurl ...tionraw >>}\relax \Hy@colorlink
\@urlcolor #1\Hy@xspace@en...
l.73 \begin{document}
! Undefined control sequence.
\close@pdflink ->\Hy@endcolorlink
\Hy@VerboseLinkStop \pdfendlink
l.73 \begin{document}
--- failed re-building 'npbrvignette.rnw'
SUMMARY: processing the following file failed:
'npbrvignette.rnw'
Error: Vignette re-building failed.
Execution halted
Flavor: r-release-linux-x86_64