Last updated on 2020-12-31 00:46:51 CET.
Flavor | Version | Tinstall | Tcheck | Ttotal | Status | Flags |
---|---|---|---|---|---|---|
r-devel-linux-x86_64-debian-clang | 1.2.0 | 2.29 | 32.58 | 34.87 | OK | |
r-devel-linux-x86_64-debian-gcc | 1.2.0 | 1.59 | 25.23 | 26.82 | OK | |
r-devel-linux-x86_64-fedora-clang | 1.2.0 | 50.42 | NOTE | |||
r-devel-linux-x86_64-fedora-gcc | 1.2.0 | 41.42 | NOTE | |||
r-devel-windows-ix86+x86_64 | 1.2.0 | 6.00 | 43.00 | 49.00 | OK | |
r-patched-linux-x86_64 | 1.2.0 | 2.20 | 32.06 | 34.26 | OK | |
r-patched-solaris-x86 | 1.2.0 | 61.70 | NOTE | |||
r-release-linux-x86_64 | 1.2.0 | 2.07 | 31.71 | 33.78 | OK | |
r-release-macos-x86_64 | 1.2.0 | NOTE | ||||
r-release-windows-ix86+x86_64 | 1.2.0 | 7.00 | 44.00 | 51.00 | OK | |
r-oldrel-macos-x86_64 | 1.2.0 | NOTE | ||||
r-oldrel-windows-ix86+x86_64 | 1.2.0 | 3.00 | 44.00 | 47.00 | OK |
Version: 1.2.0
Check: dependencies in R code
Result: NOTE
Namespaces in Imports field not imported from:
‘devtools’ ‘jsonlite’
All declared Imports should be used.
Flavors: r-devel-linux-x86_64-fedora-clang, r-devel-linux-x86_64-fedora-gcc, r-patched-solaris-x86, r-release-macos-x86_64, r-oldrel-macos-x86_64