CRAN Package Check Results for Package ncpen

Last updated on 2020-12-31 00:46:51 CET.

Flavor Version Tinstall Tcheck Ttotal Status Flags
r-devel-linux-x86_64-debian-clang 1.0.0 64.59 42.56 107.15 OK
r-devel-linux-x86_64-debian-gcc 1.0.0 51.70 33.17 84.87 OK
r-devel-linux-x86_64-fedora-clang 1.0.0 160.93 NOTE
r-devel-linux-x86_64-fedora-gcc 1.0.0 142.76 OK
r-devel-windows-ix86+x86_64 1.0.0 157.00 93.00 250.00 OK
r-patched-linux-x86_64 1.0.0 56.92 41.38 98.30 OK
r-patched-solaris-x86 1.0.0 145.40 OK
r-release-linux-x86_64 1.0.0 59.34 41.76 101.10 OK
r-release-macos-x86_64 1.0.0 NOTE
r-release-windows-ix86+x86_64 1.0.0 150.00 84.00 234.00 OK
r-oldrel-macos-x86_64 1.0.0 NOTE
r-oldrel-windows-ix86+x86_64 1.0.0 97.00 73.00 170.00 OK

Check Details

Version: 1.0.0
Check: installed package size
Result: NOTE
     installed size is 7.0Mb
     sub-directories of 1Mb or more:
     libs 6.8Mb
Flavors: r-devel-linux-x86_64-fedora-clang, r-release-macos-x86_64, r-oldrel-macos-x86_64