CRAN Package Check Results for Package nat

Last updated on 2020-12-31 00:46:51 CET.

Flavor Version Tinstall Tcheck Ttotal Status Flags
r-devel-linux-x86_64-debian-clang 1.8.16 19.76 155.99 175.75 OK
r-devel-linux-x86_64-debian-gcc 1.8.16 13.97 116.72 130.69 OK
r-devel-linux-x86_64-fedora-clang 1.8.16 211.13 OK
r-devel-linux-x86_64-fedora-gcc 1.8.16 206.56 OK
r-devel-windows-ix86+x86_64 1.8.16 31.00 165.00 196.00 OK
r-patched-linux-x86_64 1.8.16 16.22 148.04 164.26 OK
r-patched-solaris-x86 1.8.16 247.30 WARN
r-release-linux-x86_64 1.8.16 16.91 146.90 163.81 OK
r-release-macos-x86_64 1.8.16 OK
r-release-windows-ix86+x86_64 1.8.16 30.00 149.00 179.00 OK
r-oldrel-macos-x86_64 1.8.16 WARN
r-oldrel-windows-ix86+x86_64 1.8.16 24.00 134.00 158.00 OK

Check Details

Version: 1.8.16
Check: re-building of vignette outputs
Result: WARN
    Error(s) in re-building vignettes:
     ...
    --- re-building ‘Installation.Rmd’ using rmarkdown
    Warning in engine$weave(file, quiet = quiet, encoding = enc) :
     Pandoc (>= 1.12.3) and/or pandoc-citeproc not available. Falling back to R Markdown v1.
    --- finished re-building ‘Installation.Rmd’
    
    --- re-building ‘neurons-intro.Rmd’ using rmarkdown
    Warning in engine$weave(file, quiet = quiet, encoding = enc) :
     Pandoc (>= 1.12.3) and/or pandoc-citeproc not available. Falling back to R Markdown v1.
    Loading required package: rgl
    Registered S3 method overwritten by 'nat':
     method from
     as.mesh3d.ashape3d rgl
    Some nat functions depend on a CMTK installation. See ?cmtk and README.md for details.
    
    Attaching package: 'nat'
    
    The following objects are masked from 'package:base':
    
     intersect, setdiff, union
    
    Loading required namespace: rmarkdown
    PhantomJS not found. You can install it with webshot::install_phantomjs(). If it is installed, please make sure the phantomjs executable can be found via the PATH variable.
    Warning in normalizePath(f2) :
     path[1]="webshot51125d0c290f.png": No such file or directory
    Warning in file(con, "rb") :
     cannot open file 'webshot51125d0c290f.png': No such file or directory
    Quitting from lines 413-417 (neurons-intro.Rmd)
    Error: processing vignette 'neurons-intro.Rmd' failed with diagnostics:
    cannot open the connection
    --- failed re-building ‘neurons-intro.Rmd’
    
    SUMMARY: processing the following file failed:
     ‘neurons-intro.Rmd’
    
    Error: Vignette re-building failed.
    Execution halted
Flavor: r-patched-solaris-x86

Version: 1.8.16
Check: whether package can be installed
Result: WARN
    Found the following significant warnings:
     Warning: 'rgl.init' failed, running with 'rgl.useNULL = TRUE'.
Flavor: r-oldrel-macos-x86_64