CRAN Package Check Results for Package nadiv

Last updated on 2020-12-31 00:46:51 CET.

Flavor Version Tinstall Tcheck Ttotal Status Flags
r-devel-linux-x86_64-debian-clang 2.16.2.0 23.52 80.50 104.02 ERROR
r-devel-linux-x86_64-debian-gcc 2.16.2.0 15.59 59.79 75.38 ERROR
r-devel-linux-x86_64-fedora-clang 2.16.2.0 138.14 ERROR
r-devel-linux-x86_64-fedora-gcc 2.16.2.0 120.84 ERROR
r-devel-windows-ix86+x86_64 2.16.2.0 57.00 132.00 189.00 NOTE
r-patched-linux-x86_64 2.16.2.0 19.95 73.02 92.97 ERROR
r-patched-solaris-x86 2.16.2.0 172.10 ERROR
r-release-linux-x86_64 2.16.2.0 19.59 73.03 92.62 ERROR
r-release-macos-x86_64 2.16.2.0 NOTE
r-release-windows-ix86+x86_64 2.16.2.0 56.00 125.00 181.00 NOTE
r-oldrel-macos-x86_64 2.16.2.0 NOTE
r-oldrel-windows-ix86+x86_64 2.16.2.0 38.00 92.00 130.00 ERROR

Check Details

Version: 2.16.2.0
Check: package dependencies
Result: NOTE
    Package which this enhances but not available for checking: 'asreml'
Flavors: r-devel-linux-x86_64-debian-clang, r-devel-linux-x86_64-debian-gcc, r-devel-linux-x86_64-fedora-clang, r-devel-linux-x86_64-fedora-gcc, r-devel-windows-ix86+x86_64, r-patched-linux-x86_64, r-patched-solaris-x86, r-release-linux-x86_64, r-release-macos-x86_64, r-release-windows-ix86+x86_64, r-oldrel-macos-x86_64, r-oldrel-windows-ix86+x86_64

Version: 2.16.2.0
Check: examples
Result: ERROR
    Running examples in 'nadiv-Ex.R' failed
    The error most likely occurred in:
    
    > base::assign(".ptime", proc.time(), pos = "CheckExEnv")
    > ### Name: makeD
    > ### Title: Create the dominance genetic relationship matrix
    > ### Aliases: makeD makeSd
    >
    > ### ** Examples
    >
    >
    > DinvMat <- makeD(Mrode9, parallel = FALSE)$Dinv
    starting to make D...Error in (function (cl, name, valueClass) :
     'uplo' is not a slot in class "ddiMatrix"
    Calls: makeD -> <Anonymous>
    Execution halted
Flavors: r-devel-linux-x86_64-debian-clang, r-devel-linux-x86_64-debian-gcc, r-patched-linux-x86_64, r-release-linux-x86_64

Version: 2.16.2.0
Check: examples
Result: ERROR
    Running examples in ‘nadiv-Ex.R’ failed
    The error most likely occurred in:
    
    > ### Name: makeD
    > ### Title: Create the dominance genetic relationship matrix
    > ### Aliases: makeD makeSd
    >
    > ### ** Examples
    >
    >
    > DinvMat <- makeD(Mrode9, parallel = FALSE)$Dinv
    starting to make D...Error in (function (cl, name, valueClass) :
     ‘uplo’ is not a slot in class “ddiMatrix”
    Calls: makeD -> <Anonymous>
    Execution halted
Flavors: r-devel-linux-x86_64-fedora-clang, r-devel-linux-x86_64-fedora-gcc, r-patched-solaris-x86

Version: 2.16.2.0
Check: running examples for arch ‘i386’
Result: ERROR
    Running examples in 'nadiv-Ex.R' failed
    The error most likely occurred in:
    
    > ### Name: makeD
    > ### Title: Create the dominance genetic relationship matrix
    > ### Aliases: makeD makeSd
    >
    > ### ** Examples
    >
    >
    > DinvMat <- makeD(Mrode9, parallel = FALSE)$Dinv
    starting to make D...Error in (function (cl, name, valueClass) :
     'uplo' is not a slot in class "ddiMatrix"
    Calls: makeD -> <Anonymous>
    Execution halted
Flavor: r-oldrel-windows-ix86+x86_64

Version: 2.16.2.0
Check: running examples for arch ‘x64’
Result: ERROR
    Running examples in 'nadiv-Ex.R' failed
    The error most likely occurred in:
    
    > ### Name: makeD
    > ### Title: Create the dominance genetic relationship matrix
    > ### Aliases: makeD makeSd
    >
    > ### ** Examples
    >
    >
    > DinvMat <- makeD(Mrode9, parallel = FALSE)$Dinv
    starting to make D...Error in (function (cl, name, valueClass) :
     'uplo' is not a slot in class "ddiMatrix"
    Calls: makeD -> <Anonymous>
    Execution halted
Flavor: r-oldrel-windows-ix86+x86_64