CRAN Package Check Results for Package mvcluster

Last updated on 2020-12-31 00:46:51 CET.

Flavor Version Tinstall Tcheck Ttotal Status Flags
r-devel-linux-x86_64-debian-clang 1.0 103.10 32.99 136.09 NOTE
r-devel-linux-x86_64-debian-gcc 1.0 72.97 24.94 97.91 NOTE
r-devel-linux-x86_64-fedora-clang 1.0 212.54 NOTE
r-devel-linux-x86_64-fedora-gcc 1.0 179.06 NOTE
r-devel-windows-ix86+x86_64 1.0 265.00 76.00 341.00 NOTE
r-patched-linux-x86_64 1.0 84.90 32.40 117.30 NOTE
r-patched-solaris-x86 1.0 172.50 NOTE
r-release-linux-x86_64 1.0 89.82 32.27 122.09 NOTE
r-release-macos-x86_64 1.0 NOTE
r-release-windows-ix86+x86_64 1.0 262.00 70.00 332.00 NOTE
r-oldrel-macos-x86_64 1.0 NOTE
r-oldrel-windows-ix86+x86_64 1.0 179.00 55.00 234.00 NOTE

Check Details

Version: 1.0
Check: DESCRIPTION meta-information
Result: NOTE
    Checking should be performed on sources prepared by 'R CMD build'.
Flavors: r-devel-linux-x86_64-debian-clang, r-devel-linux-x86_64-debian-gcc, r-devel-linux-x86_64-fedora-clang, r-devel-linux-x86_64-fedora-gcc, r-devel-windows-ix86+x86_64, r-patched-linux-x86_64, r-patched-solaris-x86, r-release-linux-x86_64, r-release-macos-x86_64, r-release-windows-ix86+x86_64, r-oldrel-macos-x86_64, r-oldrel-windows-ix86+x86_64

Version: 1.0
Check: compiled code
Result: NOTE
    File ‘mvcluster/libs/mvcluster.so’:
     Found no calls to: ‘R_registerRoutines’, ‘R_useDynamicSymbols’
    
    It is good practice to register native routines and to disable symbol
    search.
    
    See ‘Writing portable packages’ in the ‘Writing R Extensions’ manual.
Flavors: r-devel-linux-x86_64-fedora-clang, r-devel-linux-x86_64-fedora-gcc