CRAN Package Check Results for Package multivar

Last updated on 2020-12-31 00:46:51 CET.

Flavor Version Tinstall Tcheck Ttotal Status Flags
r-devel-linux-x86_64-debian-clang 0.0.2 34.34 26.41 60.75 OK
r-devel-linux-x86_64-debian-gcc 0.0.2 24.94 20.69 45.63 OK
r-devel-linux-x86_64-fedora-clang 0.0.2 90.31 NOTE
r-devel-linux-x86_64-fedora-gcc 0.0.2 74.82 NOTE
r-devel-windows-ix86+x86_64 0.0.2 79.00 67.00 146.00 OK
r-patched-linux-x86_64 0.0.2 28.93 25.28 54.21 OK
r-patched-solaris-x86 0.0.2 79.70 NOTE
r-release-linux-x86_64 0.0.2 28.05 25.43 53.48 OK
r-release-macos-x86_64 0.0.2 NOTE
r-release-windows-ix86+x86_64 0.0.2 77.00 62.00 139.00 OK
r-oldrel-macos-x86_64 0.0.2 NOTE
r-oldrel-windows-ix86+x86_64 0.0.2 49.00 48.00 97.00 OK

Check Details

Version: 0.0.2
Check: dependencies in R code
Result: NOTE
    Namespaces in Imports field not imported from:
     ‘stats’ ‘utils’
     All declared Imports should be used.
Flavors: r-devel-linux-x86_64-fedora-clang, r-devel-linux-x86_64-fedora-gcc, r-patched-solaris-x86, r-release-macos-x86_64, r-oldrel-macos-x86_64