CRAN Package Check Results for Package multiAssetOptions

Last updated on 2020-12-31 00:46:51 CET.

Flavor Version Tinstall Tcheck Ttotal Status Flags
r-devel-linux-x86_64-debian-clang 0.1-1 7.32 68.50 75.82 NOTE
r-devel-linux-x86_64-debian-gcc 0.1-1 6.09 53.51 59.60 NOTE
r-devel-linux-x86_64-fedora-clang 0.1-1 101.83 NOTE
r-devel-linux-x86_64-fedora-gcc 0.1-1 91.55 NOTE
r-devel-windows-ix86+x86_64 0.1-1 17.00 88.00 105.00 NOTE
r-patched-linux-x86_64 0.1-1 9.17 64.89 74.06 NOTE
r-patched-solaris-x86 0.1-1 129.80 NOTE
r-release-linux-x86_64 0.1-1 8.51 64.55 73.06 NOTE
r-release-macos-x86_64 0.1-1 NOTE
r-release-windows-ix86+x86_64 0.1-1 17.00 67.00 84.00 NOTE
r-oldrel-macos-x86_64 0.1-1 NOTE
r-oldrel-windows-ix86+x86_64 0.1-1 12.00 57.00 69.00 NOTE

Check Details

Version: 0.1-1
Check: R code for possible problems
Result: NOTE
    plotOptionValues: no visible global function definition for 'persp'
    Undefined global functions or variables:
     persp
    Consider adding
     importFrom("graphics", "persp")
    to your NAMESPACE file.
Flavors: r-devel-linux-x86_64-debian-clang, r-devel-linux-x86_64-debian-gcc, r-devel-linux-x86_64-fedora-clang, r-devel-linux-x86_64-fedora-gcc, r-devel-windows-ix86+x86_64, r-patched-linux-x86_64, r-patched-solaris-x86, r-release-linux-x86_64, r-release-macos-x86_64, r-release-windows-ix86+x86_64

Version: 0.1-1
Check: R code for possible problems
Result: NOTE
    plotOptionValues: no visible global function definition for ‘plot’
    plotOptionValues: no visible global function definition for ‘persp’
    Undefined global functions or variables:
     persp plot
    Consider adding
     importFrom("graphics", "persp", "plot")
    to your NAMESPACE file.
Flavors: r-oldrel-macos-x86_64, r-oldrel-windows-ix86+x86_64