CRAN Package Check Results for Package multbxxc

Last updated on 2020-12-31 00:46:51 CET.

Flavor Version Tinstall Tcheck Ttotal Status Flags
r-devel-linux-x86_64-debian-clang 1.0.1 41.82 38.43 80.25 OK
r-devel-linux-x86_64-debian-gcc 1.0.1 28.06 29.95 58.01 OK
r-devel-linux-x86_64-fedora-clang 1.0.1 112.95 NOTE
r-devel-linux-x86_64-fedora-gcc 1.0.1 97.45 OK
r-devel-windows-ix86+x86_64 1.0.1 89.00 84.00 173.00 OK
r-patched-linux-x86_64 1.0.1 33.83 37.79 71.62 OK
r-patched-solaris-x86 1.0.1 112.10 OK
r-release-linux-x86_64 1.0.1 30.38 37.38 67.76 OK
r-release-macos-x86_64 1.0.1 OK
r-release-windows-ix86+x86_64 1.0.1 87.00 77.00 164.00 OK
r-oldrel-macos-x86_64 1.0.1 OK
r-oldrel-windows-ix86+x86_64 1.0.1 58.00 56.00 114.00 OK

Check Details

Version: 1.0.1
Check: Rd cross-references
Result: NOTE
    Undeclared package ‘slam’ in Rd xrefs
Flavor: r-devel-linux-x86_64-fedora-clang