CRAN Package Check Results for Package mrf2d

Last updated on 2020-12-31 00:46:51 CET.

Flavor Version Tinstall Tcheck Ttotal Status Flags
r-devel-linux-x86_64-debian-clang 0.5 76.70 122.67 199.37 OK
r-devel-linux-x86_64-debian-gcc 0.5 52.85 94.56 147.41 OK
r-devel-linux-x86_64-fedora-clang 0.5 270.95 OK
r-devel-linux-x86_64-fedora-gcc 0.5 238.01 OK
r-devel-windows-ix86+x86_64 0.5 178.00 225.00 403.00 OK
r-patched-linux-x86_64 0.5 60.93 113.87 174.80 OK
r-patched-solaris-x86 0.5 282.90 OK
r-release-linux-x86_64 0.5 60.71 111.07 171.78 OK
r-release-macos-x86_64 0.5 OK
r-release-windows-ix86+x86_64 0.5 179.00 189.00 368.00 OK
r-oldrel-macos-x86_64 0.5 NOTE
r-oldrel-windows-ix86+x86_64 0.5 118.00 152.00 270.00 NOTE

Check Details

Version: 0.5
Check: R code for possible problems
Result: NOTE
    plot.hmrfout: no visible global function definition for ‘plot’
    Undefined global functions or variables:
     plot
    Consider adding
     importFrom("graphics", "plot")
    to your NAMESPACE file.
Flavors: r-oldrel-macos-x86_64, r-oldrel-windows-ix86+x86_64