Last updated on 2020-12-31 00:46:51 CET.
Flavor | Version | Tinstall | Tcheck | Ttotal | Status | Flags |
---|---|---|---|---|---|---|
r-devel-linux-x86_64-debian-clang | 4.0.2 | 46.51 | 146.55 | 193.06 | OK | |
r-devel-linux-x86_64-debian-gcc | 4.0.2 | 28.40 | 111.06 | 139.46 | OK | |
r-devel-linux-x86_64-fedora-clang | 4.0.2 | 237.20 | OK | |||
r-devel-linux-x86_64-fedora-gcc | 4.0.2 | 225.69 | OK | |||
r-devel-windows-ix86+x86_64 | 4.0.2 | 91.00 | 281.00 | 372.00 | NOTE | |
r-patched-linux-x86_64 | 4.0.2 | 34.04 | 135.00 | 169.04 | OK | |
r-patched-solaris-x86 | 4.0.2 | 336.30 | OK | |||
r-release-linux-x86_64 | 4.0.2 | 35.79 | 132.82 | 168.61 | OK | |
r-release-macos-x86_64 | 4.0.2 | OK | ||||
r-release-windows-ix86+x86_64 | 4.0.2 | 90.00 | 288.00 | 378.00 | NOTE | |
r-oldrel-macos-x86_64 | 4.0.2 | OK | ||||
r-oldrel-windows-ix86+x86_64 | 4.0.2 | 59.00 | 191.00 | 250.00 | OK |
Version: 4.0.2
Check: installed package size
Result: NOTE
installed size is 5.0Mb
sub-directories of 1Mb or more:
extdata 2.2Mb
libs 2.0Mb
Flavors: r-devel-windows-ix86+x86_64, r-release-windows-ix86+x86_64