CRAN Package Check Results for Package move

Last updated on 2020-12-31 00:46:51 CET.

Flavor Version Tinstall Tcheck Ttotal Status Flags
r-devel-linux-x86_64-debian-clang 4.0.6 40.76 338.51 379.27 ERROR
r-devel-linux-x86_64-debian-gcc 4.0.6 30.50 242.38 272.88 OK
r-devel-linux-x86_64-fedora-clang 4.0.6 443.78 OK
r-devel-linux-x86_64-fedora-gcc 4.0.6 450.09 OK
r-devel-windows-ix86+x86_64 4.0.6 72.00 666.00 738.00 NOTE
r-patched-linux-x86_64 4.0.6 31.53 320.75 352.28 OK
r-patched-solaris-x86 4.0.6 531.90 OK
r-release-linux-x86_64 4.0.6 34.05 316.58 350.63 OK
r-release-macos-x86_64 4.0.6 OK
r-release-windows-ix86+x86_64 4.0.6 73.00 548.00 621.00 NOTE
r-oldrel-macos-x86_64 4.0.6 OK
r-oldrel-windows-ix86+x86_64 4.0.6 47.00 444.00 491.00 OK

Check Details

Version: 4.0.6
Check: tests
Result: ERROR
     Running 'test-all.R' [118s/176s]
    Running the tests in 'tests/test-all.R' failed.
    Complete output:
     > library(testthat)
     > test_check("move")
     Loading required package: move
     Loading required package: geosphere
     Loading required package: sp
     Loading required package: raster
     Loading required package: rgdal
     rgdal: version: 1.5-18, (SVN revision 1082)
     Geospatial Data Abstraction Library extensions to R successfully loaded
     Loaded GDAL runtime: GDAL 3.2.0, released 2020/10/26
     Path to GDAL shared files: /usr/share/gdal
     GDAL binary built with GEOS: TRUE
     Loaded PROJ runtime: Rel. 7.2.0, November 1st, 2020, [PJ_VERSION: 720]
     Path to PROJ shared files: /home/hornik/.local/share/proj:/usr/share/proj
     PROJ CDN enabled: FALSE
     Linking to sp version:1.4-4
     To mute warnings of possible GDAL/OSR exportToProj4() degradation,
     use options("rgdal_show_exportToProj4_warnings"="none") before loading rgdal.
     List of 2
     $ Leroy : num [1:918] 101.4 157.4 26.5 -133.2 -108.4 ...
     $ Ricky.T: num [1:999] 115.7 70.2 -18.2 -78.9 76.5 ...
     List of 2
     $ Leroy : num [1:918] 6.38 5.61 12.67 9.65 11.73 ...
     $ Ricky.T: num [1:999] 153.35 12.62 7.81 10.23 13.18 ...
     List of 2
     $ Leroy : Named num [1:919] NA NA NA NA NA NA NA NA NA NA ...
     ..- attr(*, "names")= chr [1:919] "Leroy1" "Leroy2" "Leroy3" "Leroy4" ...
     $ Ricky.T: Named num [1:1000] NA NA NA NA NA NA NA NA NA NA ...
     ..- attr(*, "names")= chr [1:1000] "Ricky.T1" "Ricky.T2" "Ricky.T3" "Ricky.T4" ...
     class : Move
     features : 919
     extent : -73.93067, -73.84366, 42.70898, 42.7687 (xmin, xmax, ymin, ymax)
     crs : +proj=longlat +datum=WGS84 +no_defs
     variables : 17
     names : timestamp, eobs.battery.voltage, eobs.horizontal.accuracy.estimate, eobs.key.bin.checksum, eobs.speed.accuracy.estimate, eobs.start.timestamp, eobs.status, eobs.temperature, eobs.type.of.fix, eobs.used.time.to.get.fix, ground.speed, heading, height.above.ellipsoid, utm.easting, utm.northing, ...
     min values : 1234354605, 3596, 3.07, 3258904, 0.27, 2009-02-11 12:14:59.000, A, 13, 3, 4, 0.01, 0, -169.6, 587507.837877134, 4729143.16566605, ...
     max values : 1236158219.998, 3666, 97.02, 4291715164, 33.04, 2009-03-04 09:15:01.000, A, 35, 3, 119, 31.71, 359.79, 349, 594679.382402579, 4735720.47868847, ...
     timestamps : 2009-02-11 12:16:45 ... 2009-03-04 09:16:59 Time difference of 21 days (start ... end, duration)
     sensors : gps
     indiv. data : eobs.fix.battery.voltage, manually.marked.outlier, visible, sensor.type, individual.taxon.canonical.name, tag.local.identifier, individual.local.identifier, study.name, study.timezone
     indiv. value: 0 NA true gps Martes pennanti 74 Leroy Urban fisher GPS tracking Eastern Standard Time
     unused rec. : 1071
     study name : Urban fisher GPS tracking
     date created: 2020-06-24 15:04:52
     class : DBBMM
     dimensions : 42, 45, 1890 (nrow, ncol, ncell)
     resolution : 759.9677, 759.9677 (x, y)
     extent : -17098.3, 17100.24, -15958.9, 15959.75 (xmin, xmax, ymin, ymax)
     crs : +proj=aeqd +lat_0=42.73884025 +lon_0=-73.8871629 +x_0=0 +y_0=0 +datum=WGS84 +units=m +no_defs
     source : memory
     names : layer
     values : 0, 0.06319155 (min, max)
    
     List of 2
     $ Leroy : num [1:918] 0.00715 0.00659 0.01461 0.01069 0.01313 ...
     $ Ricky.T: num [1:999] 0.0928 0.0825 0.0691 0.0769 0.3766 ...
     List of 2
     $ Leroy : num [1:918] 14.9 14.2 14.5 15 14.9 ...
     $ Ricky.T: num [1:999] 27.55 2.55 1.883 2.217 0.583 ...
     List of 2
     $ Leroy : POSIXct[1:919], format: "2009-02-11 13:16:45" "2009-02-11 13:31:38" ...
     $ Ricky.T: POSIXct[1:1000], format: "2010-02-09 18:01:23" "2010-02-09 18:28:56" ...
     List of 2
     $ Leroy : num [1:917] 56 -130.9 -159.7 24.8 -179.2 ...
     $ Ricky.T: num [1:998] -45.5 -88.4 -60.7 155.4 -108.9 ...
     Formal class '.unUsedRecords' [package "move"] with 3 slots
     ..@ timestampsUnUsedRecords: POSIXct[1:1071], format: "2009-02-11 00:00:01" "2009-02-11 00:15:01" ...
     ..@ sensorUnUsedRecords : Factor w/ 1 level "gps": 1 1 1 1 1 1 1 1 1 1 ...
     ..@ dataUnUsedRecords :'data.frame': 1071 obs. of 19 variables:
     .. ..$ timestamp : POSIXct[1:1071], format: "2009-02-11 00:00:01" "2009-02-11 00:15:01" ...
     .. ..$ location.long : num [1:1071] NA NA NA NA NA NA NA NA NA NA ...
     .. ..$ location.lat : num [1:1071] NA NA NA NA NA NA NA NA NA NA ...
     .. ..$ eobs.battery.voltage : int [1:1071] 3642 3635 3632 3632 3642 3643 3647 3652 3654 3654 ...
     .. ..$ eobs.horizontal.accuracy.estimate: num [1:1071] NA NA NA NA NA NA NA NA NA NA ...
     .. ..$ eobs.key.bin.checksum : num [1:1071] 3.72e+09 3.76e+09 3.05e+07 7.20e+08 2.24e+09 ...
     .. ..$ eobs.speed.accuracy.estimate : num [1:1071] NA NA NA NA NA NA NA NA NA NA ...
     .. ..$ eobs.start.timestamp : Factor w/ 1990 levels "2009-02-11 00:00:01.000",..: 1 2 3 4 5 6 7 8 9 10 ...
     .. ..$ eobs.status : Factor w/ 2 levels "A","D": 2 2 2 2 2 2 2 2 2 2 ...
     .. ..$ eobs.temperature : int [1:1071] 27 23 21 20 22 22 21 20 26 29 ...
     .. ..$ eobs.type.of.fix : int [1:1071] 0 0 0 0 0 0 0 0 0 0 ...
     .. ..$ eobs.used.time.to.get.fix : int [1:1071] 120 120 120 120 120 120 120 120 120 120 ...
     .. ..$ ground.speed : num [1:1071] NA NA NA NA NA NA NA NA NA NA ...
     .. ..$ heading : num [1:1071] NA NA NA NA NA NA NA NA NA NA ...
     .. ..$ height.above.ellipsoid : num [1:1071] NA NA NA NA NA NA NA NA NA NA ...
     .. ..$ utm.easting : num [1:1071] NA NA NA NA NA NA NA NA NA NA ...
     .. ..$ utm.northing : num [1:1071] NA NA NA NA NA NA NA NA NA NA ...
     .. ..$ utm.zone : Factor w/ 2 levels "","18N": 1 1 1 1 1 1 1 1 1 1 ...
     .. ..$ study.local.timestamp : POSIXct[1:1071], format: "2009-02-10 19:00:01" "2009-02-10 19:15:01" ...
     Formal class '.unUsedRecordsStack' [package "move"] with 4 slots
     ..@ trackIdUnUsedRecords : Factor w/ 2 levels "Leroy","Ricky.T": 1 1 1 1 1 1 1 1 1 1 ...
     .. ..- attr(*, "names")= chr [1:2959] "Leroy1" "Leroy2" "Leroy3" "Leroy4" ...
     ..@ timestampsUnUsedRecords: POSIXct[1:2959], format: "2009-02-11 01:00:01" "2009-02-11 01:15:01" ...
     ..@ sensorUnUsedRecords : Factor w/ 1 level "gps": 1 1 1 1 1 1 1 1 1 1 ...
     ..@ dataUnUsedRecords :'data.frame': 2959 obs. of 22 variables:
     .. ..$ timestamp : POSIXct[1:2959], format: "2009-02-11 00:00:01" "2009-02-11 00:15:01" ...
     .. ..$ location.long : num [1:2959] NA NA NA NA NA NA NA NA NA NA ...
     .. ..$ location.lat : num [1:2959] NA NA NA NA NA NA NA NA NA NA ...
     .. ..$ eobs.battery.voltage : int [1:2959] 3642 3635 3632 3632 3642 3643 3647 3652 3654 3654 ...
     .. ..$ eobs.horizontal.accuracy.estimate: num [1:2959] NA NA NA NA NA NA NA NA NA NA ...
     .. ..$ eobs.key.bin.checksum : num [1:2959] 3.72e+09 3.76e+09 3.05e+07 7.20e+08 2.24e+09 ...
     .. ..$ eobs.speed.accuracy.estimate : num [1:2959] NA NA NA NA NA NA NA NA NA NA ...
     .. ..$ eobs.start.timestamp : Factor w/ 12836 levels "2009-02-11 00:00:01.000",..: 1 2 3 4 5 6 7 8 9 10 ...
     .. ..$ eobs.status : Factor w/ 2 levels "A","D": 2 2 2 2 2 2 2 2 2 2 ...
     .. ..$ eobs.temperature : int [1:2959] 27 23 21 20 22 22 21 20 26 29 ...
     .. ..$ eobs.type.of.fix : int [1:2959] 0 0 0 0 0 0 0 0 0 0 ...
     .. ..$ eobs.used.time.to.get.fix : int [1:2959] 120 120 120 120 120 120 120 120 120 120 ...
     .. ..$ ground.speed : num [1:2959] NA NA NA NA NA NA NA NA NA NA ...
     .. ..$ heading : num [1:2959] NA NA NA NA NA NA NA NA NA NA ...
     .. ..$ height.above.ellipsoid : num [1:2959] NA NA NA NA NA NA NA NA NA NA ...
     .. ..$ utm.easting : num [1:2959] NA NA NA NA NA NA NA NA NA NA ...
     .. ..$ utm.northing : num [1:2959] NA NA NA NA NA NA NA NA NA NA ...
     .. ..$ utm.zone : Factor w/ 2 levels "","18N": 1 1 1 1 1 1 1 1 1 1 ...
     .. ..$ study.local.timestamp : POSIXct[1:2959], format: "2009-02-10 19:00:01" "2009-02-10 19:15:01" ...
     .. ..$ X : int [1:2959] NA NA NA NA NA NA NA NA NA NA ...
     .. ..$ event.id : int [1:2959] NA NA NA NA NA NA NA NA NA NA ...
     .. ..$ eobs.fix.battery.voltage : int [1:2959] NA NA NA NA NA NA NA NA NA NA ...
     ... computing starting delimiters
     [1] 0 -0.0000e+00 4 919
     [1] 1 -1.5574e+00 4 674
     [1] 2 -1.3639e+00 4 66
     [1] 3 -1.0174e+00 4 45
     [1] 4 -8.4560e-01 4 23
     [1] 5 -7.7790e-01 4 13
     [1] 6 -7.5598e-01 4 10
     [1] 7 -7.4796e-01 4 8
     [1] 8 -7.4349e-01 4 13
     [1] 9 -7.3983e-01 4 11
     [1] 10 -7.3618e-01 4 7
     [1] 11 -7.3268e-01 4 16
     [1] 12 -7.2911e-01 4 6
     [1] 13 -7.2514e-01 4 9
     [1] 14 -7.2179e-01 4 9
     [1] 15 -7.1882e-01 4 9
     [1] 16 -7.1578e-01 4 5
     [1] 17 -7.1345e-01 4 5
     [1] 18 -7.1146e-01 4 1
     [1] 19 -7.1022e-01 4 5
     [1] 20 -7.0936e-01 4 4
     [1] 21 -7.0868e-01 4 5
     [1] 22 -7.0826e-01 4 1
     [1] 23 -7.0798e-01 4 3
     [1] 24 -7.0791e-01 4 1
     [1] 25 -7.0772e-01 4 1
     [1] 26 -7.0767e-01 4 2
     [1] 27 -7.0760e-01 4 0
     [1] 28 -7.0758e-01 4 0
     [1] 29 -7.0757e-01 4 0
     [1] ... Stable clustering
     username:
     password:
     username:
     password:
     username:
     password:
     username:
     password:
     username:
     password:
     username:
     password:
     username:
     password:
     username:
     password:
     username:
     password:
     username:
     password:
     username:
     password:
     username:
     password:
     == Skipped tests ===============================================================
     * On CRAN (3)
     * fails on old sp version (1)
     * provides a problem that needs solving (1)
     * will only work with testthat .11 (1)
    
     == Warnings ====================================================================
     -- Warning (test.brownian.bridge.dyn.R:12:3): dbbmm error handling -------------
     CRS object has comment, which is lost in output
     Backtrace:
     1. testthat::expect_error(...) test.brownian.bridge.dyn.R:12:2
     7. move::brownian.bridge.dyn(data2, dimSize = 150, location.error = "2346")
     9. move::brownian.bridge.dyn(...)
     16. sp::proj4string(object)
     -- Warning (test.brownian.bridge.dyn.R:15:3): dbbmm error handling -------------
     CRS object has comment, which is lost in output
     Backtrace:
     1. testthat::expect_error(...) test.brownian.bridge.dyn.R:15:2
     7. move::brownian.bridge.dyn(data2, location.error = 1:5)
     9. move::brownian.bridge.dyn(...)
     11. move::brownian.bridge.dyn(...)
     18. sp::proj4string(object)
     -- Warning (test.brownian.bridge.dyn.R:23:3): dbbmm error handling in relation to projections --
     CRS object has comment, which is lost in output
     Backtrace:
     1. testthat::expect_error(...) test.brownian.bridge.dyn.R:23:2
     7. move::brownian.bridge.dyn(...)
     9. move::brownian.bridge.dyn(...)
     16. sp::proj4string(object)
     -- Warning (test.brownian.bridge.dyn.R:33:3): dbbmm error handling in relation to projections --
     CRS object has comment, which is lost in output
     Backtrace:
     1. testthat::expect_error(...) test.brownian.bridge.dyn.R:33:2
     7. move::brownian.bridge.dyn(...)
     9. move::brownian.bridge.dyn(...)
     10. move:::.local(...)
     12. move::equalProj(list(raster, object))
     14. base::lapply(x, proj4string)
     16. sp:::FUN(X[[i]], ...)
     -- Warning (test.brownian.bridge.dyn.R:33:3): dbbmm error handling in relation to projections --
     CRS object has comment, which is lost in output
     Backtrace:
     1. testthat::expect_error(...) test.brownian.bridge.dyn.R:33:2
     7. move::brownian.bridge.dyn(...)
     9. move::brownian.bridge.dyn(...)
     10. move:::.local(...)
     14. sp::proj4string(object)
     -- Warning (test.brownian.bridge.dyn.R:48:3): brownian bridge dyn for bursted --
     CRS object has comment, which is lost in output
     Backtrace:
     1. testthat::expect_error(...) test.brownian.bridge.dyn.R:48:2
     7. move::brownian.bridge.dyn(...)
     9. move::brownian.bridge.dyn(...)
     16. sp::proj4string(object)
     -- Warning (test.brownian.bridge.dyn.R:50:3): brownian bridge dyn for bursted --
     CRS object has comment, which is lost in output
     Backtrace:
     1. testthat::expect_equivalent(...) test.brownian.bridge.dyn.R:50:2
     5. move::brownian.bridge.dyn(...)
     7. move::brownian.bridge.dyn(...)
     14. sp::proj4string(object)
     -- Warning (test.brownian.bridge.dyn.R:50:3): brownian bridge dyn for bursted --
     CRS object has comment, which is lost in output
     Backtrace:
     1. testthat::expect_equivalent(...) test.brownian.bridge.dyn.R:50:2
     5. move::brownian.bridge.dyn(...)
     7. move::brownian.bridge.dyn(...)
     9. move::brownian.bridge.dyn(...)
     11. move::brownian.bridge.dyn(...)
     12. move:::.local(...)
     13. base::mapply(...)
     16. move:::.local(...)
     18. move::equalProj(list(raster, object))
     20. base::lapply(x, proj4string)
     22. sp:::FUN(X[[i]], ...)
     -- Warning (test.brownian.bridge.dyn.R:53:5): brownian bridge dyn for bursted --
     CRS object has comment, which is lost in output
     Backtrace:
     1. testthat::expect_message(...) test.brownian.bridge.dyn.R:53:4
     7. move::brownian.bridge.dyn(...)
     9. move::brownian.bridge.dyn(...)
     16. sp::proj4string(object)
     -- Warning (test.brownian.bridge.dyn.R:53:5): brownian bridge dyn for bursted --
     CRS object has comment, which is lost in output
     Backtrace:
     1. testthat::expect_message(...) test.brownian.bridge.dyn.R:53:4
     7. move::brownian.bridge.dyn(...)
     9. move::brownian.bridge.dyn(...)
     11. move::brownian.bridge.dyn(...)
     13. move::brownian.bridge.dyn(...)
     14. move:::.local(...)
     15. base::mapply(...)
     18. move:::.local(...)
     20. move::equalProj(list(raster, object))
     22. base::lapply(x, proj4string)
     24. sp:::FUN(X[[i]], ...)
     -- Warning (test.brownian.bridge.dyn.R:53:5): brownian bridge dyn for bursted --
     CRS object has comment, which is lost in output
     Backtrace:
     1. testthat::expect_message(...) test.brownian.bridge.dyn.R:53:4
     7. move::brownian.bridge.dyn(...)
     9. move::brownian.bridge.dyn(...)
     11. move::brownian.bridge.dyn(...)
     13. move::brownian.bridge.dyn(...)
     14. move:::.local(...)
     15. base::mapply(...)
     18. move:::.local(...)
     20. move::equalProj(list(raster, object))
     22. base::lapply(x, proj4string)
     24. sp:::FUN(X[[i]], ...)
     -- Warning (test.brownian.bridge.dyn.R:53:5): brownian bridge dyn for bursted --
     CRS object has comment, which is lost in output
     Backtrace:
     1. testthat::expect_message(...) test.brownian.bridge.dyn.R:53:4
     7. move::brownian.bridge.dyn(...)
     9. move::brownian.bridge.dyn(...)
     11. move::brownian.bridge.dyn(...)
     13. move::brownian.bridge.dyn(...)
     14. move:::.local(...)
     15. base::mapply(...)
     18. move:::.local(...)
     20. move::equalProj(list(raster, object))
     22. base::lapply(x, proj4string)
     24. sp:::FUN(X[[i]], ...)
     -- Warning (test.brownian.bridge.dyn.R:62:5): brownian bridge dyn for bursted --
     CRS object has comment, which is lost in output
     Backtrace:
     1. testthat::expect_message(...) test.brownian.bridge.dyn.R:62:4
     7. move::brownian.bridge.dyn(...)
     9. move::brownian.bridge.dyn(...)
     16. sp::proj4string(object)
     -- Warning (test.brownian.bridge.dyn.R:62:5): brownian bridge dyn for bursted --
     CRS object has comment, which is lost in output
     Backtrace:
     1. testthat::expect_message(...) test.brownian.bridge.dyn.R:62:4
     7. move::brownian.bridge.dyn(...)
     9. move::brownian.bridge.dyn(...)
     11. move::brownian.bridge.dyn(...)
     13. move::brownian.bridge.dyn(...)
     14. move:::.local(...)
     16. move::equalProj(list(raster, object))
     18. base::lapply(x, proj4string)
     20. sp:::FUN(X[[i]], ...)
     -- Warning (test.brownian.bridge.dyn.R:106:3): brownian bridge dyn value comparison bursted --
     Discarded datum Unknown based on WGS84 ellipsoid in CRS definition
     Backtrace:
     1. move::move(...) test.brownian.bridge.dyn.R:106:2
     2. move::move(...)
     4. move::move(...)
     6. sp::CRS(proj)
     7. rgdal::checkCRSArgs_ng(...)
     13. rgdal::showSRID(...)
     -- Warning (test.brownian.bridge.dyn.R:110:3): brownian bridge dyn value comparison bursted --
     CRS object has comment, which is lost in output
     Backtrace:
     1. testthat::expect_message(...) test.brownian.bridge.dyn.R:110:2
     7. move::brownian.bridge.dyn(...)
     9. move::brownian.bridge.dyn(...)
     16. sp::proj4string(object)
     -- Warning (test.brownian.bridge.dyn.R:110:3): brownian bridge dyn value comparison bursted --
     Discarded datum Unknown based on WGS84 ellipsoid in CRS definition
     Backtrace:
     1. testthat::expect_message(...) test.brownian.bridge.dyn.R:110:2
     7. move::brownian.bridge.dyn(...)
     9. move::brownian.bridge.dyn(...)
     11. raster::raster(...)
     12. raster:::.local(x, ...)
     13. raster:::.getCRS(crs)
     14. sp::CRS(x)
     15. rgdal::checkCRSArgs_ng(...)
     21. rgdal::showSRID(...)
     -- Warning (test.brownian.bridge.dyn.R:110:3): brownian bridge dyn value comparison bursted --
     CRS object has comment, which is lost in output
     Backtrace:
     1. testthat::expect_message(...) test.brownian.bridge.dyn.R:110:2
     7. move::brownian.bridge.dyn(...)
     9. move::brownian.bridge.dyn(...)
     11. move::brownian.bridge.dyn(...)
     13. move::brownian.bridge.dyn(...)
     14. move:::.local(...)
     16. move::equalProj(list(raster, object))
     18. base::lapply(x, proj4string)
     20. sp:::FUN(X[[i]], ...)
     -- Warning (test.brownian.bridge.dyn.R:117:3): brownian bridge dyn value comparison bursted --
     CRS object has comment, which is lost in output
     Backtrace:
     1. testthat::expect_message(...) test.brownian.bridge.dyn.R:117:2
     7. move::brownian.bridge.dyn(...)
     9. move::brownian.bridge.dyn(...)
     16. sp::proj4string(object)
     -- Warning (test.brownian.bridge.dyn.R:117:3): brownian bridge dyn value comparison bursted --
     Discarded datum Unknown based on WGS84 ellipsoid in CRS definition
     Backtrace:
     1. testthat::expect_message(...) test.brownian.bridge.dyn.R:117:2
     7. move::brownian.bridge.dyn(...)
     9. move::brownian.bridge.dyn(...)
     11. raster::raster(...)
     12. raster:::.local(x, ...)
     13. raster:::.getCRS(crs)
     14. sp::CRS(x)
     15. rgdal::checkCRSArgs_ng(...)
     21. rgdal::showSRID(...)
     -- Warning (test.brownian.bridge.dyn.R:117:3): brownian bridge dyn value comparison bursted --
     CRS object has comment, which is lost in output
     Backtrace:
     1. testthat::expect_message(...) test.brownian.bridge.dyn.R:117:2
     7. move::brownian.bridge.dyn(...)
     9. move::brownian.bridge.dyn(...)
     11. move::brownian.bridge.dyn(...)
     13. move::brownian.bridge.dyn(...)
     14. move:::.local(...)
     15. base::mapply(...)
     18. move:::.local(...)
     20. move::equalProj(list(raster, object))
     22. base::lapply(x, proj4string)
     24. sp:::FUN(X[[i]], ...)
     -- Warning (test.brownian.bridge.dyn.R:117:3): brownian bridge dyn value comparison bursted --
     CRS object has comment, which is lost in output
     Backtrace:
     1. testthat::expect_message(...) test.brownian.bridge.dyn.R:117:2
     7. move::brownian.bridge.dyn(...)
     9. move::brownian.bridge.dyn(...)
     11. move::brownian.bridge.dyn(...)
     13. move::brownian.bridge.dyn(...)
     14. move:::.local(...)
     15. base::mapply(...)
     18. move:::.local(...)
     20. move::equalProj(list(raster, object))
     22. base::lapply(x, proj4string)
     24. sp:::FUN(X[[i]], ...)
     -- Warning (test.brownian.bridge.dyn.R:128:3): brownian bridge dyn value comparison bursted --
     Discarded datum Unknown based on WGS84 ellipsoid in CRS definition
     Backtrace:
     1. move::move(...) test.brownian.bridge.dyn.R:128:2
     2. move::move(...)
     4. move::move(...)
     6. sp::CRS(proj)
     7. rgdal::checkCRSArgs_ng(...)
     13. rgdal::showSRID(...)
     -- Warning (test.brownian.bridge.dyn.R:136:3): brownian bridge dyn value comparison bursted --
     CRS object has comment, which is lost in output
     Backtrace:
     1. testthat::expect_message(...) test.brownian.bridge.dyn.R:136:2
     7. move::brownian.bridge.dyn(...)
     9. move::brownian.bridge.dyn(...)
     16. sp::proj4string(object)
     -- Warning (test.brownian.bridge.dyn.R:136:3): brownian bridge dyn value comparison bursted --
     Discarded datum Unknown based on WGS84 ellipsoid in CRS definition
     Backtrace:
     1. testthat::expect_message(...) test.brownian.bridge.dyn.R:136:2
     7. move::brownian.bridge.dyn(...)
     9. move::brownian.bridge.dyn(...)
     11. raster::raster(...)
     12. raster:::.local(x, ...)
     13. raster:::.getCRS(crs)
     14. sp::CRS(x)
     15. rgdal::checkCRSArgs_ng(...)
     21. rgdal::showSRID(...)
     -- Warning (test.brownian.bridge.dyn.R:136:3): brownian bridge dyn value comparison bursted --
     CRS object has comment, which is lost in output
     Backtrace:
     1. testthat::expect_message(...) test.brownian.bridge.dyn.R:136:2
     7. move::brownian.bridge.dyn(...)
     9. move::brownian.bridge.dyn(...)
     11. move::brownian.bridge.dyn(...)
     13. move::brownian.bridge.dyn(...)
     14. move:::.local(...)
     16. move::equalProj(list(raster, object))
     18. base::lapply(x, proj4string)
     20. sp:::FUN(X[[i]], ...)
     -- Warning (test.brownian.bridge.dyn.R:143:3): brownian bridge dyn value comparison bursted --
     CRS object has comment, which is lost in output
     Backtrace:
     1. testthat::expect_message(...) test.brownian.bridge.dyn.R:143:2
     7. move::brownian.bridge.dyn(...)
     9. move::brownian.bridge.dyn(...)
     16. sp::proj4string(object)
     -- Warning (test.brownian.bridge.dyn.R:143:3): brownian bridge dyn value comparison bursted --
     Discarded datum Unknown based on WGS84 ellipsoid in CRS definition
     Backtrace:
     1. testthat::expect_message(...) test.brownian.bridge.dyn.R:143:2
     7. move::brownian.bridge.dyn(...)
     9. move::brownian.bridge.dyn(...)
     11. raster::raster(...)
     12. raster:::.local(x, ...)
     13. raster:::.getCRS(crs)
     14. sp::CRS(x)
     15. rgdal::checkCRSArgs_ng(...)
     21. rgdal::showSRID(...)
     -- Warning (test.brownian.bridge.dyn.R:143:3): brownian bridge dyn value comparison bursted --
     CRS object has comment, which is lost in output
     Backtrace:
     1. testthat::expect_message(...) test.brownian.bridge.dyn.R:143:2
     7. move::brownian.bridge.dyn(...)
     9. move::brownian.bridge.dyn(...)
     11. move::brownian.bridge.dyn(...)
     13. move::brownian.bridge.dyn(...)
     14. move:::.local(...)
     15. base::mapply(...)
     18. move:::.local(...)
     20. move::equalProj(list(raster, object))
     22. base::lapply(x, proj4string)
     24. sp:::FUN(X[[i]], ...)
     -- Warning (test.brownian.bridge.dyn.R:143:3): brownian bridge dyn value comparison bursted --
     CRS object has comment, which is lost in output
     Backtrace:
     1. testthat::expect_message(...) test.brownian.bridge.dyn.R:143:2
     7. move::brownian.bridge.dyn(...)
     9. move::brownian.bridge.dyn(...)
     11. move::brownian.bridge.dyn(...)
     13. move::brownian.bridge.dyn(...)
     14. move:::.local(...)
     15. base::mapply(...)
     18. move:::.local(...)
     20. move::equalProj(list(raster, object))
     22. base::lapply(x, proj4string)
     24. sp:::FUN(X[[i]], ...)
     -- Warning (test.brownian.bridge.dyn.R:143:3): brownian bridge dyn value comparison bursted --
     CRS object has comment, which is lost in output
     Backtrace:
     1. testthat::expect_message(...) test.brownian.bridge.dyn.R:143:2
     7. move::brownian.bridge.dyn(...)
     9. move::brownian.bridge.dyn(...)
     11. move::brownian.bridge.dyn(...)
     13. move::brownian.bridge.dyn(...)
     14. move:::.local(...)
     15. base::mapply(...)
     18. move:::.local(...)
     20. move::equalProj(list(raster, object))
     22. base::lapply(x, proj4string)
     24. sp:::FUN(X[[i]], ...)
     -- Warning (test.brownian.bridge.dyn.R:161:3): Brownian bridge, running with character and vector input to location error --
     CRS object has comment, which is lost in output
     Backtrace:
     1. testthat::expect_message(...) test.brownian.bridge.dyn.R:161:2
     7. move::brownian.bridge.dyn(...)
     9. move::brownian.bridge.dyn(...)
     16. sp::proj4string(object)
     -- Warning (test.brownian.bridge.dyn.R:161:3): Brownian bridge, running with character and vector input to location error --
     CRS object has comment, which is lost in output
     Backtrace:
     1. testthat::expect_message(...) test.brownian.bridge.dyn.R:161:2
     7. move::brownian.bridge.dyn(...)
     9. move::brownian.bridge.dyn(...)
     11. move::brownian.bridge.dyn(...)
     13. move::brownian.bridge.dyn(...)
     14. move:::.local(...)
     16. move::equalProj(list(raster, object))
     18. base::lapply(x, proj4string)
     20. sp:::FUN(X[[i]], ...)
     -- Warning (test.brownian.bridge.dyn.R:168:3): Brownian bridge, running with character and vector input to location error --
     CRS object has comment, which is lost in output
     Backtrace:
     1. testthat::expect_equal(...) test.brownian.bridge.dyn.R:168:2
     7. move::brownian.bridge.dyn(...)
     9. move::brownian.bridge.dyn(...)
     16. sp::proj4string(object)
     -- Warning (test.brownian.bridge.dyn.R:168:3): Brownian bridge, running with character and vector input to location error --
     CRS object has comment, which is lost in output
     Backtrace:
     1. testthat::expect_equal(...) test.brownian.bridge.dyn.R:168:2
     7. move::brownian.bridge.dyn(...)
     9. move::brownian.bridge.dyn(...)
     11. move::brownian.bridge.dyn(...)
     13. move::brownian.bridge.dyn(...)
     15. move::brownian.bridge.dyn(...)
     16. move:::.local(...)
     18. move::equalProj(list(raster, object))
     20. base::lapply(x, proj4string)
     22. sp:::FUN(X[[i]], ...)
     -- Warning (test.brownian.bridge.dyn.R:179:3): Brownian bridge, running with character and vector input to location error --
     CRS object has comment, which is lost in output
     Backtrace:
     1. testthat::expect_message(...) test.brownian.bridge.dyn.R:179:2
     7. move::brownian.bridge.dyn(...)
     9. move::brownian.bridge.dyn(...)
     16. sp::proj4string(object)
     -- Warning (test.brownian.bridge.dyn.R:179:3): Brownian bridge, running with character and vector input to location error --
     CRS object has comment, which is lost in output
     Backtrace:
     1. testthat::expect_message(...) test.brownian.bridge.dyn.R:179:2
     7. move::brownian.bridge.dyn(...)
     9. move::brownian.bridge.dyn(...)
     11. move::brownian.bridge.dyn(...)
     13. move::brownian.bridge.dyn(...)
     14. move:::.local(...)
     16. move::equalProj(list(raster, object))
     18. base::lapply(x, proj4string)
     20. sp:::FUN(X[[i]], ...)
     -- Warning (test.brownian.bridge.dyn.R:186:3): Brownian bridge, running with character and vector input to location error --
     CRS object has comment, which is lost in output
     Backtrace:
     1. testthat::expect_message(...) test.brownian.bridge.dyn.R:186:2
     7. move::brownian.bridge.dyn(...)
     9. move::brownian.bridge.dyn(...)
     16. sp::proj4string(object)
     -- Warning (test.brownian.bridge.dyn.R:186:3): Brownian bridge, running with character and vector input to location error --
     CRS object has comment, which is lost in output
     Backtrace:
     1. testthat::expect_message(...) test.brownian.bridge.dyn.R:186:2
     7. move::brownian.bridge.dyn(...)
     9. move::brownian.bridge.dyn(...)
     11. move::brownian.bridge.dyn(...)
     13. move::brownian.bridge.dyn(...)
     15. move::brownian.bridge.dyn(...)
     16. move:::.local(...)
     18. move::equalProj(list(raster, object))
     20. base::lapply(x, proj4string)
     22. sp:::FUN(X[[i]], ...)
     -- Warning (test.brownian.bridge.dyn.R:203:3): Brownian bridge, running with character and vector input to location error for stacks --
     CRS object has comment, which is lost in output
     Backtrace:
     1. sp::spTransform(...) test.brownian.bridge.dyn.R:203:2
     3. move::moveStack(list(leroy[1:75, ], ricky[1:73, ]))
     4. move:::.local(x, ...)
     6. move::equalProj(x)
     8. base::lapply(x, proj4string)
     10. sp:::FUN(X[[i]], ...)
     -- Warning (test.brownian.bridge.dyn.R:203:3): Brownian bridge, running with character and vector input to location error for stacks --
     CRS object has comment, which is lost in output
     Backtrace:
     1. sp::spTransform(...) test.brownian.bridge.dyn.R:203:2
     3. move::moveStack(list(leroy[1:75, ], ricky[1:73, ]))
     4. move:::.local(x, ...)
     6. move::equalProj(x)
     8. base::lapply(x, proj4string)
     10. sp:::FUN(X[[i]], ...)
     -- Warning (test.brownian.bridge.dyn.R:208:3): Brownian bridge, running with character and vector input to location error for stacks --
     CRS object has comment, which is lost in output
     Backtrace:
     1. testthat::expect_message(...) test.brownian.bridge.dyn.R:208:2
     7. move::brownian.bridge.dyn(...)
     9. move::brownian.bridge.dyn(...)
     16. sp::proj4string(object)
     -- Warning (test.brownian.bridge.dyn.R:208:3): Brownian bridge, running with character and vector input to location error for stacks --
     CRS object has comment, which is lost in output
     Backtrace:
     1. testthat::expect_message(...) test.brownian.bridge.dyn.R:208:2
     7. move::brownian.bridge.dyn(...)
     9. move::brownian.bridge.dyn(...)
     11. move::brownian.bridge.dyn(...)
     16. move::brownian.bridge.dyn(object = d, raster = raster, location.error = location.error)
     17. base::mapply(...)
     20. move:::.local(...)
     22. move::equalProj(list(raster, object))
     24. base::lapply(x, proj4string)
     26. sp:::FUN(X[[i]], ...)
     -- Warning (test.brownian.bridge.dyn.R:208:3): Brownian bridge, running with character and vector input to location error for stacks --
     CRS object has comment, which is lost in output
     Backtrace:
     1. testthat::expect_message(...) test.brownian.bridge.dyn.R:208:2
     7. move::brownian.bridge.dyn(...)
     9. move::brownian.bridge.dyn(...)
     11. move::brownian.bridge.dyn(...)
     16. move::brownian.bridge.dyn(object = d, raster = raster, location.error = location.error)
     17. base::mapply(...)
     20. move:::.local(...)
     22. move::equalProj(list(raster, object))
     24. base::lapply(x, proj4string)
     26. sp:::FUN(X[[i]], ...)
     -- Warning (test.brownian.bridge.dyn.R:217:3): Brownian bridge, running with character and vector input to location error for stacks --
     CRS object has comment, which is lost in output
     Backtrace:
     1. testthat::expect_equal(...) test.brownian.bridge.dyn.R:217:2
     7. move::brownian.bridge.dyn(...)
     9. move::brownian.bridge.dyn(...)
     16. sp::proj4string(object)
     -- Warning (test.brownian.bridge.dyn.R:217:3): Brownian bridge, running with character and vector input to location error for stacks --
     CRS object has comment, which is lost in output
     Backtrace:
     1. testthat::expect_equal(...) test.brownian.bridge.dyn.R:217:2
     7. move::brownian.bridge.dyn(...)
     9. move::brownian.bridge.dyn(...)
     11. move::brownian.bridge.dyn(...)
     13. move::brownian.bridge.dyn(...)
     18. move::brownian.bridge.dyn(object = d, raster = raster, location.error = location.error)
     19. base::mapply(...)
     22. move:::.local(...)
     24. move::equalProj(list(raster, object))
     26. base::lapply(x, proj4string)
     28. sp:::FUN(X[[i]], ...)
     -- Warning (test.brownian.bridge.dyn.R:217:3): Brownian bridge, running with character and vector input to location error for stacks --
     CRS object has comment, which is lost in output
     Backtrace:
     1. testthat::expect_equal(...) test.brownian.bridge.dyn.R:217:2
     7. move::brownian.bridge.dyn(...)
     9. move::brownian.bridge.dyn(...)
     11. move::brownian.bridge.dyn(...)
     13. move::brownian.bridge.dyn(...)
     18. move::brownian.bridge.dyn(object = d, raster = raster, location.error = location.error)
     19. base::mapply(...)
     22. move:::.local(...)
     24. move::equalProj(list(raster, object))
     26. base::lapply(x, proj4string)
     28. sp:::FUN(X[[i]], ...)
     -- Warning (test.brownian.bridge.dyn.R:227:3): Brownian bridge, running with character and vector input to location error for stacks --
     CRS object has comment, which is lost in output
     Backtrace:
     1. testthat::expect_message(...) test.brownian.bridge.dyn.R:227:2
     7. move::brownian.bridge.dyn(...)
     9. move::brownian.bridge.dyn(...)
     16. sp::proj4string(object)
     -- Warning (test.brownian.bridge.dyn.R:227:3): Brownian bridge, running with character and vector input to location error for stacks --
     CRS object has comment, which is lost in output
     Backtrace:
     1. testthat::expect_message(...) test.brownian.bridge.dyn.R:227:2
     7. move::brownian.bridge.dyn(...)
     9. move::brownian.bridge.dyn(...)
     11. move::brownian.bridge.dyn(...)
     16. move::brownian.bridge.dyn(object = d, raster = raster, location.error = location.error)
     17. base::mapply(...)
     20. move:::.local(...)
     22. move::equalProj(list(raster, object))
     24. base::lapply(x, proj4string)
     26. sp:::FUN(X[[i]], ...)
     -- Warning (test.brownian.bridge.dyn.R:227:3): Brownian bridge, running with character and vector input to location error for stacks --
     CRS object has comment, which is lost in output
     Backtrace:
     1. testthat::expect_message(...) test.brownian.bridge.dyn.R:227:2
     7. move::brownian.bridge.dyn(...)
     9. move::brownian.bridge.dyn(...)
     11. move::brownian.bridge.dyn(...)
     16. move::brownian.bridge.dyn(object = d, raster = raster, location.error = location.error)
     17. base::mapply(...)
     20. move:::.local(...)
     22. move::equalProj(list(raster, object))
     24. base::lapply(x, proj4string)
     26. sp:::FUN(X[[i]], ...)
     -- Warning (test.brownian.bridge.dyn.R:234:3): Brownian bridge, running with character and vector input to location error for stacks --
     CRS object has comment, which is lost in output
     Backtrace:
     1. testthat::expect_equal(...) test.brownian.bridge.dyn.R:234:2
     7. move::brownian.bridge.dyn(...)
     9. move::brownian.bridge.dyn(...)
     16. sp::proj4string(object)
     -- Warning (test.brownian.bridge.dyn.R:234:3): Brownian bridge, running with character and vector input to location error for stacks --
     CRS object has comment, which is lost in output
     Backtrace:
     1. testthat::expect_equal(...) test.brownian.bridge.dyn.R:234:2
     7. move::brownian.bridge.dyn(...)
     9. move::brownian.bridge.dyn(...)
     11. move::brownian.bridge.dyn(...)
     13. move::brownian.bridge.dyn(...)
     18. move::brownian.bridge.dyn(object = d, raster = raster, location.error = location.error)
     19. base::mapply(...)
     22. move:::.local(...)
     24. move::equalProj(list(raster, object))
     26. base::lapply(x, proj4string)
     28. sp:::FUN(X[[i]], ...)
     -- Warning (test.brownian.bridge.dyn.R:234:3): Brownian bridge, running with character and vector input to location error for stacks --
     CRS object has comment, which is lost in output
     Backtrace:
     1. testthat::expect_equal(...) test.brownian.bridge.dyn.R:234:2
     7. move::brownian.bridge.dyn(...)
     9. move::brownian.bridge.dyn(...)
     11. move::brownian.bridge.dyn(...)
     13. move::brownian.bridge.dyn(...)
     18. move::brownian.bridge.dyn(object = d, raster = raster, location.error = location.error)
     19. base::mapply(...)
     22. move:::.local(...)
     24. move::equalProj(list(raster, object))
     26. base::lapply(x, proj4string)
     28. sp:::FUN(X[[i]], ...)
     -- Warning (test.brownian.bridge.dyn.R:242:3): Brownian bridge, running with character and vector input to location error for stacks --
     CRS object has comment, which is lost in output
     Backtrace:
     1. testthat::expect_error(...) test.brownian.bridge.dyn.R:242:2
     9. move::brownian.bridge.dyn(...)
     11. move::brownian.bridge.dyn(...)
     18. sp::proj4string(object)
     -- Warning (test.dBGB.R:20:2): dbgb error handling in relation to projections --
     CRS object has comment, which is lost in output
     Backtrace:
     1. testthat::expect_error(...) test.dBGB.R:20:8
     7. move::dynBGB(...)
     8. move:::.local(move, raster, locErr, ...)
     13. move::dynBGB(move = move, raster = raster, locErr = locErr, ...)
     14. move:::.local(move, raster, locErr, ...)
     16. move::equalProj(list(raster, move))
     18. base::lapply(x, proj4string)
     20. sp:::FUN(X[[i]], ...)
     -- Warning (test.dBGB.R:20:2): dbgb error handling in relation to projections --
     CRS object has comment, which is lost in output
     Backtrace:
     1. testthat::expect_error(...) test.dBGB.R:20:8
     7. move::dynBGB(...)
     8. move:::.local(move, raster, locErr, ...)
     13. move::dynBGB(move = move, raster = raster, locErr = locErr, ...)
     14. move:::.local(move, raster, locErr, ...)
     18. sp::proj4string(move)
     -- Warning (test.dBGB.R:60:4): dyn bgb basics ----------------------------------
     CRS object has comment, which is lost in output
     Backtrace:
     1. move::dynBGB(...) test.dBGB.R:60:10
     2. move::dynBGB(...)
     3. move:::.local(move, raster, locErr, ...)
     5. sp::proj4string(move)
     -- Warning (test.dBGB.R:60:4): dyn bgb basics ----------------------------------
     CRS object has comment, which is lost in output
     Backtrace:
     1. move::dynBGB(...) test.dBGB.R:60:10
     2. move::dynBGB(...)
     3. move:::.local(move, raster, locErr, ...)
     8. move::dynBGB(move = move, raster = raster, locErr = locErr, ...)
     9. move:::.local(move, raster, locErr, ...)
     14. move::dynBGB(move = move, raster = raster, locErr = locErr, ...)
     15. move:::.local(move, raster, locErr, ...)
     17. move::equalProj(list(raster, move))
     19. base::lapply(x, proj4string)
     21. sp:::FUN(X[[i]], ...)
     -- Warning (test.dBGB.R:61:4): dyn bgb basics ----------------------------------
     CRS object has comment, which is lost in output
     Backtrace:
     1. move::dynBGB(...) test.dBGB.R:61:10
     2. move::dynBGB(...)
     3. move:::.local(move, raster, locErr, ...)
     5. sp::proj4string(move)
     -- Warning (test.dBGB.R:61:4): dyn bgb basics ----------------------------------
     CRS object has comment, which is lost in output
     Backtrace:
     1. move::dynBGB(...) test.dBGB.R:61:10
     2. move::dynBGB(...)
     3. move:::.local(move, raster, locErr, ...)
     8. move::dynBGB(move = move, raster = raster, locErr = locErr, ...)
     9. move:::.local(move, raster, locErr, ...)
     11. move::equalProj(list(raster, move))
     13. base::lapply(x, proj4string)
     15. sp:::FUN(X[[i]], ...)
     -- Warning (test.dBGB.R:73:4): dyn bgb basics ----------------------------------
     CRS object has comment, which is lost in output
     Backtrace:
     1. testthat::expect_equal(proj4string(ud), proj4string(dataC)) test.dBGB.R:73:10
     5. sp::proj4string(dataC)
     -- Warning (???): /tmp/RtmpvCNpVC/R.INSTALL39d45abe15cc/move/man/UDStack.Rd ----
     CRS object has comment, which is lost in output
     Backtrace:
     1. move::brownian.bridge.dyn(...)
     2. move::brownian.bridge.dyn(...)
     4. move::brownian.bridge.dyn(...)
     11. sp::proj4string(object)
     -- Warning (???): /tmp/RtmpvCNpVC/R.INSTALL39d45abe15cc/move/man/UDStack.Rd ----
     CRS object has comment, which is lost in output
     Backtrace:
     1. move::brownian.bridge.dyn(...)
     2. move::brownian.bridge.dyn(...)
     4. move::brownian.bridge.dyn(...)
     6. move::brownian.bridge.dyn(...)
     8. move::brownian.bridge.dyn(...)
     9. move:::.local(...)
     10. base::mapply(...)
     13. move:::.local(...)
     15. move::equalProj(list(raster, object))
     17. base::lapply(x, proj4string)
     19. sp:::FUN(X[[i]], ...)
     -- Warning (???): /tmp/RtmpvCNpVC/R.INSTALL39d45abe15cc/move/man/UDStack.Rd ----
     CRS object has comment, which is lost in output
     Backtrace:
     1. move::brownian.bridge.dyn(...)
     2. move::brownian.bridge.dyn(...)
     4. move::brownian.bridge.dyn(...)
     6. move::brownian.bridge.dyn(...)
     8. move::brownian.bridge.dyn(...)
     9. move:::.local(...)
     10. base::mapply(...)
     13. move:::.local(...)
     15. move::equalProj(list(raster, object))
     17. base::lapply(x, proj4string)
     19. sp:::FUN(X[[i]], ...)
     -- Warning (???): /tmp/RtmpvCNpVC/R.INSTALL39d45abe15cc/move/man/brownian.bridge.dyn.Rd --
     Discarded datum Unknown based on WGS84 ellipsoid in CRS definition
     Backtrace:
     1. sp::spTransform(...)
     2. move:::spTransform(...)
     3. move:::.local(x, CRSobj, ...)
     5. sp::CRS(CRSobj)
     6. rgdal::checkCRSArgs_ng(...)
     12. rgdal::showSRID(...)
     -- Warning (???): /tmp/RtmpvCNpVC/R.INSTALL39d45abe15cc/move/man/brownian.bridge.dyn.Rd --
     Discarded datum Unknown based on WGS84 ellipsoid in CRS definition
     Backtrace:
     1. sp::spTransform(...)
     2. move:::spTransform(...)
     3. move:::.local(x, CRSobj, ...)
     5. move:::spTransform(x = x, CRSobj = CRS(CRSobj), center = center)
     6. move:::.local(x, CRSobj, ...)
     7. sp::CRS(...)
     8. rgdal::checkCRSArgs_ng(...)
     14. rgdal::showSRID(...)
     -- Warning (???): /tmp/RtmpvCNpVC/R.INSTALL39d45abe15cc/move/man/brownian.bridge.dyn.Rd --
     CRS object has comment, which is lost in output
     Backtrace:
     1. move::brownian.bridge.dyn(...)
     2. move::brownian.bridge.dyn(...)
     4. move::brownian.bridge.dyn(...)
     11. sp::proj4string(object)
     -- Warning (???): /tmp/RtmpvCNpVC/R.INSTALL39d45abe15cc/move/man/brownian.bridge.dyn.Rd --
     Discarded datum Unknown based on WGS84 ellipsoid in CRS definition
     Backtrace:
     1. move::brownian.bridge.dyn(...)
     2. move::brownian.bridge.dyn(...)
     4. move::brownian.bridge.dyn(...)
     6. raster::raster(...)
     7. raster:::.local(x, ...)
     8. raster:::.getCRS(crs)
     9. sp::CRS(x)
     10. rgdal::checkCRSArgs_ng(...)
     16. rgdal::showSRID(...)
     -- Warning (???): /tmp/RtmpvCNpVC/R.INSTALL39d45abe15cc/move/man/brownian.bridge.dyn.Rd --
     CRS object has comment, which is lost in output
     Backtrace:
     1. move::brownian.bridge.dyn(...)
     2. move::brownian.bridge.dyn(...)
     4. move::brownian.bridge.dyn(...)
     6. move::brownian.bridge.dyn(...)
     8. move::brownian.bridge.dyn(...)
     9. move:::.local(...)
     11. move::equalProj(list(raster, object))
     13. base::lapply(x, proj4string)
     15. sp:::FUN(X[[i]], ...)
     -- Warning (???): /tmp/RtmpvCNpVC/R.INSTALL39d45abe15cc/move/man/brownian.bridge.dyn.Rd --
     CRS object has comment, which is lost in output
     Backtrace:
     1. move::moveStack(list(leroy, ricky))
     2. move::moveStack(list(leroy, ricky))
     3. move:::.local(x, ...)
     5. move::equalProj(x)
     7. base::lapply(x, proj4string)
     9. sp:::FUN(X[[i]], ...)
     -- Warning (???): /tmp/RtmpvCNpVC/R.INSTALL39d45abe15cc/move/man/brownian.bridge.dyn.Rd --
     CRS object has comment, which is lost in output
     Backtrace:
     1. move::moveStack(list(leroy, ricky))
     2. move::moveStack(list(leroy, ricky))
     3. move:::.local(x, ...)
     5. move::equalProj(x)
     7. base::lapply(x, proj4string)
     9. sp:::FUN(X[[i]], ...)
     -- Warning (???): /tmp/RtmpvCNpVC/R.INSTALL39d45abe15cc/move/man/brownian.bridge.dyn.Rd --
     CRS object has comment, which is lost in output
     Backtrace:
     1. move::brownian.bridge.dyn(...)
     2. move::brownian.bridge.dyn(...)
     4. move::brownian.bridge.dyn(...)
     11. sp::proj4string(object)
     -- Warning (???): /tmp/RtmpvCNpVC/R.INSTALL39d45abe15cc/move/man/brownian.bridge.dyn.Rd --
     CRS object has comment, which is lost in output
     Backtrace:
     1. move::brownian.bridge.dyn(...)
     2. move::brownian.bridge.dyn(...)
     4. move::brownian.bridge.dyn(...)
     6. move::brownian.bridge.dyn(...)
     11. move::brownian.bridge.dyn(object = d, raster = raster, location.error = location.error)
     12. base::mapply(...)
     15. move:::.local(...)
     17. move::equalProj(list(raster, object))
     19. base::lapply(x, proj4string)
     21. sp:::FUN(X[[i]], ...)
     -- Warning (???): /tmp/RtmpvCNpVC/R.INSTALL39d45abe15cc/move/man/brownian.bridge.dyn.Rd --
     CRS object has comment, which is lost in output
     Backtrace:
     1. move::brownian.bridge.dyn(...)
     2. move::brownian.bridge.dyn(...)
     4. move::brownian.bridge.dyn(...)
     6. move::brownian.bridge.dyn(...)
     11. move::brownian.bridge.dyn(object = d, raster = raster, location.error = location.error)
     12. base::mapply(...)
     15. move:::.local(...)
     17. move::equalProj(list(raster, object))
     19. base::lapply(x, proj4string)
     21. sp:::FUN(X[[i]], ...)
     -- Warning (???): /tmp/RtmpvCNpVC/R.INSTALL39d45abe15cc/move/man/brownian.motion.variance.dyn.Rd --
     Discarded datum Unknown based on WGS84 ellipsoid in CRS definition
     Backtrace:
     1. sp::spTransform(...)
     2. move:::spTransform(...)
     3. move:::.local(x, CRSobj, ...)
     5. sp::CRS(CRSobj)
     6. rgdal::checkCRSArgs_ng(...)
     12. rgdal::showSRID(...)
     -- Warning (???): /tmp/RtmpvCNpVC/R.INSTALL39d45abe15cc/move/man/brownian.motion.variance.dyn.Rd --
     Discarded datum Unknown based on WGS84 ellipsoid in CRS definition
     Backtrace:
     1. sp::spTransform(...)
     2. move:::spTransform(...)
     3. move:::.local(x, CRSobj, ...)
     5. move:::spTransform(x = x, CRSobj = CRS(CRSobj), center = center)
     6. move:::.local(x, CRSobj, ...)
     7. sp::CRS(...)
     8. rgdal::checkCRSArgs_ng(...)
     14. rgdal::showSRID(...)
     -- Warning (???): /tmp/RtmpvCNpVC/R.INSTALL39d45abe15cc/move/man/dynBGB-methods.Rd --
     Discarded datum Unknown based on WGS84 ellipsoid in CRS definition
     Backtrace:
     1. sp::spTransform(leroy, CRSobj = "+proj=aeqd +ellps=WGS84", center = TRUE)
     2. move:::spTransform(...)
     3. move:::.local(x, CRSobj, ...)
     5. sp::CRS(CRSobj)
     6. rgdal::checkCRSArgs_ng(...)
     12. rgdal::showSRID(...)
     -- Warning (???): /tmp/RtmpvCNpVC/R.INSTALL39d45abe15cc/move/man/dynBGB-methods.Rd --
     Discarded datum Unknown based on WGS84 ellipsoid in CRS definition
     Backtrace:
     1. sp::spTransform(leroy, CRSobj = "+proj=aeqd +ellps=WGS84", center = TRUE)
     2. move:::spTransform(...)
     3. move:::.local(x, CRSobj, ...)
     5. move:::spTransform(x = x, CRSobj = CRS(CRSobj), center = center)
     6. move:::.local(x, CRSobj, ...)
     7. sp::CRS(...)
     8. rgdal::checkCRSArgs_ng(...)
     14. rgdal::showSRID(...)
     -- Warning (???): /tmp/RtmpvCNpVC/R.INSTALL39d45abe15cc/move/man/dynBGB-methods.Rd --
     CRS object has comment, which is lost in output
     Backtrace:
     1. move::dynBGB(...)
     2. move::dynBGB(...)
     3. move:::.local(move, raster, locErr, ...)
     5. sp::proj4string(move)
     -- Warning (???): /tmp/RtmpvCNpVC/R.INSTALL39d45abe15cc/move/man/dynBGB-methods.Rd --
     Discarded datum Unknown based on WGS84 ellipsoid in CRS definition
     Backtrace:
     1. move::dynBGB(...)
     2. move::dynBGB(...)
     3. move:::.local(move, raster, locErr, ...)
     5. raster:::`proj4string<-`(`*tmp*`, value = "+proj=aeqd +lat_0=42.76087175 +lon_0=-73.89786045 +x_0=0 +y_0=0 +ellps=WGS84 +units=m +no_defs")
     7. raster::`crs<-`(`*tmp*`, value = value)
     8. raster::`projection<-`(`*tmp*`, value = value)
     9. raster:::.getCRS(value)
     10. sp::CRS(x)
     11. rgdal::checkCRSArgs_ng(...)
     17. rgdal::showSRID(...)
     -- Warning (???): /tmp/RtmpvCNpVC/R.INSTALL39d45abe15cc/move/man/dynBGB-methods.Rd --
     Optimized to zero
     Backtrace:
     1. move::dynBGB(...)
     2. move::dynBGB(...)
     3. move:::.local(move, raster, locErr, ...)
     8. move::dynBGB(move = move, raster = raster, locErr = locErr, ...)
     9. move:::.local(move, raster, locErr, ...)
     11. move::dynBGBvariance(...)
     13. move:::windowApply(...)
     14. move:::.local(x, FUN, SUMFUN, windowSize, ...)
     15. base::lapply(...)
     16. move:::FUN(X[[i]], ...)
     19. move:::WINFUN(obj[x:(x + windowSize - 1), ], ...)
     24. move:::BGBvarbreak(...)
     -- Warning (???): /tmp/RtmpvCNpVC/R.INSTALL39d45abe15cc/move/man/dynBGB-methods.Rd --
     Optimized to zero
     Backtrace:
     1. move::dynBGB(...)
     2. move::dynBGB(...)
     3. move:::.local(move, raster, locErr, ...)
     8. move::dynBGB(move = move, raster = raster, locErr = locErr, ...)
     9. move:::.local(move, raster, locErr, ...)
     11. move::dynBGBvariance(...)
     13. move:::windowApply(...)
     14. move:::.local(x, FUN, SUMFUN, windowSize, ...)
     15. base::lapply(...)
     16. move:::FUN(X[[i]], ...)
     19. move:::WINFUN(obj[x:(x + windowSize - 1), ], ...)
     24. move:::BGBvarbreak(...)
     -- Warning (???): /tmp/RtmpvCNpVC/R.INSTALL39d45abe15cc/move/man/dynBGB-methods.Rd --
     CRS object has comment, which is lost in output
     Backtrace:
     1. move::dynBGB(...)
     2. move::dynBGB(...)
     3. move:::.local(move, raster, locErr, ...)
     8. move::dynBGB(move = move, raster = raster, locErr = locErr, ...)
     9. move:::.local(move, raster, locErr, ...)
     14. move::dynBGB(move = move, raster = raster, locErr = locErr, ...)
     15. move:::.local(move, raster, locErr, ...)
     17. move::equalProj(list(raster, move))
     19. base::lapply(x, proj4string)
     21. sp:::FUN(X[[i]], ...)
     -- Warning (???): /tmp/RtmpvCNpVC/R.INSTALL39d45abe15cc/move/man/dynBGBvariance-methods.Rd --
     Discarded datum Unknown based on WGS84 ellipsoid in CRS definition
     Backtrace:
     1. sp::spTransform(leroy, CRSobj = "+proj=aeqd +ellps=WGS84", center = TRUE)
     2. move:::spTransform(...)
     3. move:::.local(x, CRSobj, ...)
     5. sp::CRS(CRSobj)
     6. rgdal::checkCRSArgs_ng(...)
     12. rgdal::showSRID(...)
     -- Warning (???): /tmp/RtmpvCNpVC/R.INSTALL39d45abe15cc/move/man/dynBGBvariance-methods.Rd --
     Discarded datum Unknown based on WGS84 ellipsoid in CRS definition
     Backtrace:
     1. sp::spTransform(leroy, CRSobj = "+proj=aeqd +ellps=WGS84", center = TRUE)
     2. move:::spTransform(...)
     3. move:::.local(x, CRSobj, ...)
     5. move:::spTransform(x = x, CRSobj = CRS(CRSobj), center = center)
     6. move:::.local(x, CRSobj, ...)
     7. sp::CRS(...)
     8. rgdal::checkCRSArgs_ng(...)
     14. rgdal::showSRID(...)
     -- Warning (???): /tmp/RtmpvCNpVC/R.INSTALL39d45abe15cc/move/man/dynBGBvariance-methods.Rd --
     Optimized to zero
     Backtrace:
     1. move::dynBGBvariance(dataAeqd, locErr = 9, windowSize = 31, margin = 15)
     2. move::dynBGBvariance(dataAeqd, locErr = 9, windowSize = 31, margin = 15)
     4. move:::windowApply(...)
     5. move:::.local(x, FUN, SUMFUN, windowSize, ...)
     6. base::lapply(...)
     7. move:::FUN(X[[i]], ...)
     10. move:::WINFUN(obj[x:(x + windowSize - 1), ], ...)
     15. move:::BGBvarbreak(...)
     -- Warning (???): /tmp/RtmpvCNpVC/R.INSTALL39d45abe15cc/move/man/dynBGBvariance-methods.Rd --
     Optimized to zero
     Backtrace:
     1. move::dynBGBvariance(dataAeqd, locErr = 9, windowSize = 31, margin = 15)
     2. move::dynBGBvariance(dataAeqd, locErr = 9, windowSize = 31, margin = 15)
     4. move:::windowApply(...)
     5. move:::.local(x, FUN, SUMFUN, windowSize, ...)
     6. base::lapply(...)
     7. move:::FUN(X[[i]], ...)
     10. move:::WINFUN(obj[x:(x + windowSize - 1), ], ...)
     15. move:::BGBvarbreak(...)
     -- Warning (???): /tmp/RtmpvCNpVC/R.INSTALL39d45abe15cc/move/man/emd.Rd --------
     Discarded datum Unknown based on WGS84 ellipsoid in CRS definition
     Backtrace:
     1. sp::spTransform(leroyB, CRSobj = "+proj=aeqd +ellps=WGS84", center = TRUE)
     2. move:::spTransform(...)
     3. move:::.local(x, CRSobj, ...)
     5. sp::CRS(CRSobj)
     6. rgdal::checkCRSArgs_ng(...)
     12. rgdal::showSRID(...)
     -- Warning (???): /tmp/RtmpvCNpVC/R.INSTALL39d45abe15cc/move/man/emd.Rd --------
     Discarded datum Unknown based on WGS84 ellipsoid in CRS definition
     Backtrace:
     1. sp::spTransform(leroyB, CRSobj = "+proj=aeqd +ellps=WGS84", center = TRUE)
     2. move:::spTransform(...)
     3. move:::.local(x, CRSobj, ...)
     5. move:::spTransform(x = x, CRSobj = CRS(CRSobj), center = center)
     6. move:::.local(x, CRSobj, ...)
     7. sp::CRS(...)
     8. rgdal::checkCRSArgs_ng(...)
     14. rgdal::showSRID(...)
     -- Warning (???): /tmp/RtmpvCNpVC/R.INSTALL39d45abe15cc/move/man/emd.Rd --------
     CRS object has comment, which is lost in output
     Backtrace:
     1. move::brownian.bridge.dyn(...)
     2. move::brownian.bridge.dyn(...)
     9. sp::proj4string(object)
     -- Warning (???): /tmp/RtmpvCNpVC/R.INSTALL39d45abe15cc/move/man/emd.Rd --------
     Discarded datum Unknown based on WGS84 ellipsoid in CRS definition
     Backtrace:
     1. move::brownian.bridge.dyn(...)
     2. move::brownian.bridge.dyn(...)
     4. raster::raster(...)
     5. raster:::.local(x, ...)
     6. raster:::.getCRS(crs)
     7. sp::CRS(x)
     8. rgdal::checkCRSArgs_ng(...)
     14. rgdal::showSRID(...)
     -- Warning (???): /tmp/RtmpvCNpVC/R.INSTALL39d45abe15cc/move/man/emd.Rd --------
     CRS object has comment, which is lost in output
     Backtrace:
     1. move::brownian.bridge.dyn(...)
     2. move::brownian.bridge.dyn(...)
     4. move::brownian.bridge.dyn(...)
     6. move::brownian.bridge.dyn(...)
     7. move:::.local(...)
     8. base::mapply(...)
     11. move:::.local(...)
     13. move::equalProj(list(raster, object))
     15. base::lapply(x, proj4string)
     17. sp:::FUN(X[[i]], ...)
     -- Warning (???): /tmp/RtmpvCNpVC/R.INSTALL39d45abe15cc/move/man/emd.Rd --------
     CRS object has comment, which is lost in output
     Backtrace:
     1. move::brownian.bridge.dyn(...)
     2. move::brownian.bridge.dyn(...)
     4. move::brownian.bridge.dyn(...)
     6. move::brownian.bridge.dyn(...)
     7. move:::.local(...)
     8. base::mapply(...)
     11. move:::.local(...)
     13. move::equalProj(list(raster, object))
     15. base::lapply(x, proj4string)
     17. sp:::FUN(X[[i]], ...)
     -- Warning (???): /tmp/RtmpvCNpVC/R.INSTALL39d45abe15cc/move/man/equalProj.Rd --
     CRS object has comment, which is lost in output
     Backtrace:
     1. move::equalProj(list(leroy, leroydbbmm))
     2. move::equalProj(list(leroy, leroydbbmm))
     4. base::lapply(x, proj4string)
     6. sp:::FUN(X[[i]], ...)
     -- Warning (???): /tmp/RtmpvCNpVC/R.INSTALL39d45abe15cc/move/man/equalProj.Rd --
     CRS object has comment, which is lost in output
     Backtrace:
     1. move::equalProj(list(leroy, ricky))
     2. move::equalProj(list(leroy, ricky))
     4. base::lapply(x, proj4string)
     6. sp:::FUN(X[[i]], ...)
     -- Warning (???): /tmp/RtmpvCNpVC/R.INSTALL39d45abe15cc/move/man/equalProj.Rd --
     CRS object has comment, which is lost in output
     Backtrace:
     1. move::equalProj(list(leroy, ricky))
     2. move::equalProj(list(leroy, ricky))
     4. base::lapply(x, proj4string)
     6. sp:::FUN(X[[i]], ...)
     -- Warning (???): /tmp/RtmpvCNpVC/R.INSTALL39d45abe15cc/move/man/hrBootstrap.Rd --
     Discarded datum Unknown based on WGS84 ellipsoid in CRS definition
     Backtrace:
     1. move::move(...)
     2. sp::CRS("+proj=aeqd +ellps=WGS84")
     3. rgdal::checkCRSArgs_ng(...)
     9. rgdal::showSRID(...)
     -- Warning (???): /tmp/RtmpvCNpVC/R.INSTALL39d45abe15cc/move/man/hrBootstrap.Rd --
     CRS object has comment, which is lost in output
     Backtrace:
     1. move::hrBootstrap(m, rep = 5, level = 99, unout = "m2", plot = TRUE)
     2. move::hrBootstrap(m, rep = 5, level = 99, unout = "m2", plot = TRUE)
     3. adehabitatHR::mcp.area(...)
     4. base::lapply(...)
     5. adehabitatHR:::FUN(X[[i]], ...)
     6. adehabitatHR::mcp(xy, percent = x, unin, unout)
     8. sp::proj4string(xy)
     -- Warning (???): /tmp/RtmpvCNpVC/R.INSTALL39d45abe15cc/move/man/hrBootstrap.Rd --
     Discarded datum Unknown based on WGS84 ellipsoid in CRS definition
     Backtrace:
     1. move::hrBootstrap(m, rep = 5, level = 99, unout = "m2", plot = TRUE)
     2. move::hrBootstrap(m, rep = 5, level = 99, unout = "m2", plot = TRUE)
     3. adehabitatHR::mcp.area(...)
     4. base::lapply(...)
     5. adehabitatHR:::FUN(X[[i]], ...)
     6. adehabitatHR::mcp(xy, percent = x, unin, unout)
     7. sp::CRS(pfs)
     8. rgdal::checkCRSArgs_ng(...)
     14. rgdal::showSRID(...)
     -- Warning (???): /tmp/RtmpvCNpVC/R.INSTALL39d45abe15cc/move/man/hrBootstrap.Rd --
     Discarded datum Unknown based on WGS84 ellipsoid in CRS definition
     Backtrace:
     1. move::move(...)
     2. sp::CRS("+proj=aeqd +ellps=WGS84")
     3. rgdal::checkCRSArgs_ng(...)
     9. rgdal::showSRID(...)
     -- Warning (???): /tmp/RtmpvCNpVC/R.INSTALL39d45abe15cc/move/man/hrBootstrap.Rd --
     CRS object has comment, which is lost in output
     Backtrace:
     1. move::moveStack(list(m[30:50, ], m2))
     2. move::moveStack(list(m[30:50, ], m2))
     3. move:::.local(x, ...)
     5. move::equalProj(x)
     7. base::lapply(x, proj4string)
     9. sp:::FUN(X[[i]], ...)
     -- Warning (???): /tmp/RtmpvCNpVC/R.INSTALL39d45abe15cc/move/man/hrBootstrap.Rd --
     CRS object has comment, which is lost in output
     Backtrace:
     1. move::moveStack(list(m[30:50, ], m2))
     2. move::moveStack(list(m[30:50, ], m2))
     3. move:::.local(x, ...)
     5. move::equalProj(x)
     7. base::lapply(x, proj4string)
     9. sp:::FUN(X[[i]], ...)
     -- Warning (???): /tmp/RtmpvCNpVC/R.INSTALL39d45abe15cc/move/man/hrBootstrap.Rd --
     CRS object has comment, which is lost in output
     Backtrace:
     1. move::hrBootstrap(mstack, rep = 5, unout = "m2", plot = FALSE)
     2. move::hrBootstrap(mstack, rep = 5, unout = "m2", plot = FALSE)
     3. base::lapply(...)
     5. move:::FUN(X[[i]], ...)
     6. adehabitatHR::mcp.area(...)
     7. base::lapply(...)
     8. adehabitatHR:::FUN(X[[i]], ...)
     9. adehabitatHR::mcp(xy, percent = x, unin, unout)
     11. sp::proj4string(xy)
     -- Warning (???): /tmp/RtmpvCNpVC/R.INSTALL39d45abe15cc/move/man/hrBootstrap.Rd --
     Discarded datum Unknown based on WGS84 ellipsoid in CRS definition
     Backtrace:
     1. move::hrBootstrap(mstack, rep = 5, unout = "m2", plot = FALSE)
     2. move::hrBootstrap(mstack, rep = 5, unout = "m2", plot = FALSE)
     3. base::lapply(...)
     5. move:::FUN(X[[i]], ...)
     6. adehabitatHR::mcp.area(...)
     7. base::lapply(...)
     8. adehabitatHR:::FUN(X[[i]], ...)
     9. adehabitatHR::mcp(xy, percent = x, unin, unout)
     10. sp::CRS(pfs)
     11. rgdal::checkCRSArgs_ng(...)
     17. rgdal::showSRID(...)
     -- Warning (???): /tmp/RtmpvCNpVC/R.INSTALL39d45abe15cc/move/man/hrBootstrap.Rd --
     CRS object has comment, which is lost in output
     Backtrace:
     1. move::hrBootstrap(mstack, rep = 5, unout = "m2", plot = FALSE)
     2. move::hrBootstrap(mstack, rep = 5, unout = "m2", plot = FALSE)
     3. base::lapply(...)
     5. move:::FUN(X[[i]], ...)
     6. adehabitatHR::mcp.area(...)
     7. base::lapply(...)
     8. adehabitatHR:::FUN(X[[i]], ...)
     9. adehabitatHR::mcp(xy, percent = x, unin, unout)
     11. sp::proj4string(xy)
     -- Warning (???): /tmp/RtmpvCNpVC/R.INSTALL39d45abe15cc/move/man/hrBootstrap.Rd --
     Discarded datum Unknown based on WGS84 ellipsoid in CRS definition
     Backtrace:
     1. move::hrBootstrap(mstack, rep = 5, unout = "m2", plot = FALSE)
     2. move::hrBootstrap(mstack, rep = 5, unout = "m2", plot = FALSE)
     3. base::lapply(...)
     5. move:::FUN(X[[i]], ...)
     6. adehabitatHR::mcp.area(...)
     7. base::lapply(...)
     8. adehabitatHR:::FUN(X[[i]], ...)
     9. adehabitatHR::mcp(xy, percent = x, unin, unout)
     10. sp::CRS(pfs)
     11. rgdal::checkCRSArgs_ng(...)
     17. rgdal::showSRID(...)
     -- Warning (???): /tmp/RtmpvCNpVC/R.INSTALL39d45abe15cc/move/man/hrBootstrap.Rd --
     CRS object has comment, which is lost in output
     Backtrace:
     1. move::hrBootstrap(...)
     2. move::hrBootstrap(...)
     3. adehabitatHR::mcp.area(...)
     4. base::lapply(...)
     5. adehabitatHR:::FUN(X[[i]], ...)
     6. adehabitatHR::mcp(xy, percent = x, unin, unout)
     8. sp::proj4string(xy)
     -- Warning (???): /tmp/RtmpvCNpVC/R.INSTALL39d45abe15cc/move/man/hrBootstrap.Rd --
     Discarded datum Unknown based on WGS84 ellipsoid in CRS definition
     Backtrace:
     1. move::hrBootstrap(...)
     2. move::hrBootstrap(...)
     3. adehabitatHR::mcp.area(...)
     4. base::lapply(...)
     5. adehabitatHR:::FUN(X[[i]], ...)
     6. adehabitatHR::mcp(xy, percent = x, unin, unout)
     7. sp::CRS(pfs)
     8. rgdal::checkCRSArgs_ng(...)
     14. rgdal::showSRID(...)
     -- Warning (???): /tmp/RtmpvCNpVC/R.INSTALL39d45abe15cc/move/man/move.Rd -------
     Discarded datum Unknown based on WGS84 ellipsoid in CRS definition
     Backtrace:
     1. move::move(...)
     2. sp::CRS("+proj=longlat +ellps=WGS84")
     3. rgdal::checkCRSArgs_ng(...)
     9. rgdal::showSRID(...)
     -- Warning (???): /tmp/RtmpvCNpVC/R.INSTALL39d45abe15cc/move/man/move.Rd -------
     There were NA locations detected and omitted. Currently they are not stored in unusedrecords
     Backtrace:
     1. move::move(...)
     2. move::move(...)
     3. move:::.local(x, y, time, data, proj, ...)
     -- Warning (???): /tmp/RtmpvCNpVC/R.INSTALL39d45abe15cc/move/man/move.Rd -------
     Discarded datum Unknown based on WGS84 ellipsoid in CRS definition
     Backtrace:
     1. move::move(...)
     2. sp::CRS("+proj=longlat +ellps=WGS84")
     3. rgdal::checkCRSArgs_ng(...)
     9. rgdal::showSRID(...)
     -- Warning (???): /tmp/RtmpvCNpVC/R.INSTALL39d45abe15cc/move/man/move.Rd -------
     Discarded datum Unknown based on WGS84 ellipsoid in CRS definition
     Backtrace:
     1. move::move(...)
     2. sp::CRS("+proj=longlat +ellps=WGS84")
     3. rgdal::checkCRSArgs_ng(...)
     9. rgdal::showSRID(...)
     -- Warning (???): /tmp/RtmpvCNpVC/R.INSTALL39d45abe15cc/move/man/move.Rd -------
     Discarded datum Unknown based on WGS84 ellipsoid in CRS definition
     Backtrace:
     1. move::move(...)
     2. sp::CRS("+proj=longlat +ellps=WGS84")
     3. rgdal::checkCRSArgs_ng(...)
     9. rgdal::showSRID(...)
     -- Warning (???): /tmp/RtmpvCNpVC/R.INSTALL39d45abe15cc/move/man/moveStack.Rd --
     CRS object has comment, which is lost in output
     Backtrace:
     1. move::moveStack(l)
     2. move::moveStack(l)
     3. move:::.local(x, ...)
     5. move::equalProj(x)
     7. base::lapply(x, proj4string)
     9. sp:::FUN(X[[i]], ...)
     -- Warning (???): /tmp/RtmpvCNpVC/R.INSTALL39d45abe15cc/move/man/moveStack.Rd --
     CRS object has comment, which is lost in output
     Backtrace:
     1. move::moveStack(l)
     2. move::moveStack(l)
     3. move:::.local(x, ...)
     5. move::equalProj(x)
     7. base::lapply(x, proj4string)
     9. sp:::FUN(X[[i]], ...)
     -- Warning (???): /tmp/RtmpvCNpVC/R.INSTALL39d45abe15cc/move/man/moveStack.Rd --
     CRS object has comment, which is lost in output
     Backtrace:
     1. move::moveStack(ricky[200:270, ], leroy[200:270, ], forceTz = "UTC")
     2. move::moveStack(ricky[200:270, ], leroy[200:270, ], forceTz = "UTC")
     3. move:::.local(x, ...)
     8. move::moveStack(c(list(x), list(...)), forceTz = forceTz)
     9. move:::.local(x, ...)
     11. move::equalProj(x)
     13. base::lapply(x, proj4string)
     15. sp:::FUN(X[[i]], ...)
     -- Warning (???): /tmp/RtmpvCNpVC/R.INSTALL39d45abe15cc/move/man/moveStack.Rd --
     CRS object has comment, which is lost in output
     Backtrace:
     1. move::moveStack(ricky[200:270, ], leroy[200:270, ], forceTz = "UTC")
     2. move::moveStack(ricky[200:270, ], leroy[200:270, ], forceTz = "UTC")
     3. move:::.local(x, ...)
     8. move::moveStack(c(list(x), list(...)), forceTz = forceTz)
     9. move:::.local(x, ...)
     11. move::equalProj(x)
     13. base::lapply(x, proj4string)
     15. sp:::FUN(X[[i]], ...)
     -- Warning (???): /tmp/RtmpvCNpVC/R.INSTALL39d45abe15cc/move/man/moveStack.Rd --
     CRS object has comment, which is lost in output
     Backtrace:
     1. move::moveStack(...)
     2. move::moveStack(...)
     3. move:::.local(x, ...)
     8. move::moveStack(c(list(x), list(...)), forceTz = forceTz)
     9. move:::.local(x, ...)
     11. move::equalProj(x)
     13. base::lapply(x, proj4string)
     15. sp:::FUN(X[[i]], ...)
     -- Warning (???): /tmp/RtmpvCNpVC/R.INSTALL39d45abe15cc/move/man/moveStack.Rd --
     CRS object has comment, which is lost in output
     Backtrace:
     1. move::moveStack(...)
     2. move::moveStack(...)
     3. move:::.local(x, ...)
     8. move::moveStack(c(list(x), list(...)), forceTz = forceTz)
     9. move:::.local(x, ...)
     11. move::equalProj(x)
     13. base::lapply(x, proj4string)
     15. sp:::FUN(X[[i]], ...)
     -- Warning (???): /tmp/RtmpvCNpVC/R.INSTALL39d45abe15cc/move/man/moveStack.Rd --
     There were NA locations detected and omitted. Currently they are not stored in unusedrecords
     Backtrace:
     1. move::move(...)
     2. move::move(...)
     3. move:::.local(x, y, time, data, proj, ...)
     -- Warning (???): /tmp/RtmpvCNpVC/R.INSTALL39d45abe15cc/move/man/moveStack.Rd --
     CRS object has comment, which is lost in output
     Backtrace:
     1. move::moveStack(list)
     2. move::moveStack(list)
     3. move:::.local(x, ...)
     5. move::equalProj(x)
     7. base::lapply(x, proj4string)
     9. sp:::FUN(X[[i]], ...)
     -- Warning (???): /tmp/RtmpvCNpVC/R.INSTALL39d45abe15cc/move/man/moveStack.Rd --
     CRS object has comment, which is lost in output
     Backtrace:
     1. move::moveStack(list)
     2. move::moveStack(list)
     3. move:::.local(x, ...)
     5. move::equalProj(x)
     7. base::lapply(x, proj4string)
     9. sp:::FUN(X[[i]], ...)
     -- Warning (???): /tmp/RtmpvCNpVC/R.INSTALL39d45abe15cc/move/man/plotBursts.Rd --
     CRS object has comment, which is lost in output
     Backtrace:
     1. move::plotBursts(testb, breaks = 3, add = TRUE, pch = 19)
     2. move::plotBursts(testb, breaks = 3, add = TRUE, pch = 19)
     3. base::lapply(X = splitobject, FUN = lineMidpoint)
     5. move:::FUN(X[[i]], ...)
     12. sp::proj4string(object)
     -- Warning (???): /tmp/RtmpvCNpVC/R.INSTALL39d45abe15cc/move/man/plotBursts.Rd --
     CRS object has comment, which is lost in output
     Backtrace:
     1. move::plotBursts(testb, breaks = 3, add = TRUE, pch = 19)
     2. move::plotBursts(testb, breaks = 3, add = TRUE, pch = 19)
     3. base::lapply(X = splitobject, FUN = lineMidpoint)
     5. move:::FUN(X[[i]], ...)
     12. sp::proj4string(object)
     -- Warning (???): /tmp/RtmpvCNpVC/R.INSTALL39d45abe15cc/move/man/plotBursts.Rd --
     CRS object has comment, which is lost in output
     Backtrace:
     1. move::plotBursts(testb, breaks = 3, add = TRUE, pch = 19)
     2. move::plotBursts(testb, breaks = 3, add = TRUE, pch = 19)
     3. base::lapply(X = splitobject, FUN = lineMidpoint)
     5. move:::FUN(X[[i]], ...)
     12. sp::proj4string(object)
     -- Warning (???): /tmp/RtmpvCNpVC/R.INSTALL39d45abe15cc/move/man/plotBursts.Rd --
     CRS object has comment, which is lost in output
     Backtrace:
     1. move::plotBursts(testb, breaks = 3, add = TRUE, pch = 19)
     2. move::plotBursts(testb, breaks = 3, add = TRUE, pch = 19)
     3. base::lapply(X = splitobject, FUN = lineMidpoint)
     5. move:::FUN(X[[i]], ...)
     12. sp::proj4string(object)
     -- Warning (???): /tmp/RtmpvCNpVC/R.INSTALL39d45abe15cc/move/man/plotBursts.Rd --
     CRS object has comment, which is lost in output
     Backtrace:
     1. move::plotBursts(testb, breaks = 3, add = TRUE, pch = 19)
     2. move::plotBursts(testb, breaks = 3, add = TRUE, pch = 19)
     3. base::lapply(X = splitobject, FUN = lineMidpoint)
     5. move:::FUN(X[[i]], ...)
     12. sp::proj4string(object)
     -- Warning (???): /tmp/RtmpvCNpVC/R.INSTALL39d45abe15cc/move/man/plotBursts.Rd --
     CRS object has comment, which is lost in output
     Backtrace:
     1. move::plotBursts(testb, breaks = 3, add = TRUE, pch = 19)
     2. move::plotBursts(testb, breaks = 3, add = TRUE, pch = 19)
     7. sp::proj4string(object)
     -- Warning (???): /tmp/RtmpvCNpVC/R.INSTALL39d45abe15cc/move/man/plotBursts.Rd --
     If the coords argument is a SpatialPoints object, set its CRS first;
     the proj4string argument to this function is ignored.
     Backtrace:
     1. move::plotBursts(testb, breaks = 3, add = TRUE, pch = 19)
     2. move::plotBursts(testb, breaks = 3, add = TRUE, pch = 19)
     3. sp::SpatialPointsDataFrame(coords = tmp, data = df[, 1:2], proj4string = CRS(proj4string(object)))
     -- Warning (???): /tmp/RtmpvCNpVC/R.INSTALL39d45abe15cc/move/man/plotBursts.Rd --
     CRS object has comment, which is lost in output
     Backtrace:
     1. move::plotBursts(testb, breaks = 5, add = FALSE, pch = 19, col = rainbow(5))
     2. move::plotBursts(testb, breaks = 5, add = FALSE, pch = 19, col = rainbow(5))
     3. base::lapply(X = splitobject, FUN = lineMidpoint)
     5. move:::FUN(X[[i]], ...)
     12. sp::proj4string(object)
     -- Warning (???): /tmp/RtmpvCNpVC/R.INSTALL39d45abe15cc/move/man/plotBursts.Rd --
     CRS object has comment, which is lost in output
     Backtrace:
     1. move::plotBursts(testb, breaks = 5, add = FALSE, pch = 19, col = rainbow(5))
     2. move::plotBursts(testb, breaks = 5, add = FALSE, pch = 19, col = rainbow(5))
     3. base::lapply(X = splitobject, FUN = lineMidpoint)
     5. move:::FUN(X[[i]], ...)
     12. sp::proj4string(object)
     -- Warning (???): /tmp/RtmpvCNpVC/R.INSTALL39d45abe15cc/move/man/plotBursts.Rd --
     CRS object has comment, which is lost in output
     Backtrace:
     1. move::plotBursts(testb, breaks = 5, add = FALSE, pch = 19, col = rainbow(5))
     2. move::plotBursts(testb, breaks = 5, add = FALSE, pch = 19, col = rainbow(5))
     3. base::lapply(X = splitobject, FUN = lineMidpoint)
     5. move:::FUN(X[[i]], ...)
     12. sp::proj4string(object)
     -- Warning (???): /tmp/RtmpvCNpVC/R.INSTALL39d45abe15cc/move/man/plotBursts.Rd --
     CRS object has comment, which is lost in output
     Backtrace:
     1. move::plotBursts(testb, breaks = 5, add = FALSE, pch = 19, col = rainbow(5))
     2. move::plotBursts(testb, breaks = 5, add = FALSE, pch = 19, col = rainbow(5))
     3. base::lapply(X = splitobject, FUN = lineMidpoint)
     5. move:::FUN(X[[i]], ...)
     12. sp::proj4string(object)
     -- Warning (???): /tmp/RtmpvCNpVC/R.INSTALL39d45abe15cc/move/man/plotBursts.Rd --
     CRS object has comment, which is lost in output
     Backtrace:
     1. move::plotBursts(testb, breaks = 5, add = FALSE, pch = 19, col = rainbow(5))
     2. move::plotBursts(testb, breaks = 5, add = FALSE, pch = 19, col = rainbow(5))
     3. base::lapply(X = splitobject, FUN = lineMidpoint)
     5. move:::FUN(X[[i]], ...)
     12. sp::proj4string(object)
     -- Warning (???): /tmp/RtmpvCNpVC/R.INSTALL39d45abe15cc/move/man/plotBursts.Rd --
     CRS object has comment, which is lost in output
     Backtrace:
     1. move::plotBursts(testb, breaks = 5, add = FALSE, pch = 19, col = rainbow(5))
     2. move::plotBursts(testb, breaks = 5, add = FALSE, pch = 19, col = rainbow(5))
     7. sp::proj4string(object)
     -- Warning (???): /tmp/RtmpvCNpVC/R.INSTALL39d45abe15cc/move/man/plotBursts.Rd --
     If the coords argument is a SpatialPoints object, set its CRS first;
     the proj4string argument to this function is ignored.
     Backtrace:
     1. move::plotBursts(testb, breaks = 5, add = FALSE, pch = 19, col = rainbow(5))
     2. move::plotBursts(testb, breaks = 5, add = FALSE, pch = 19, col = rainbow(5))
     3. sp::SpatialPointsDataFrame(coords = tmp, data = df[, 1:2], proj4string = CRS(proj4string(object)))
     -- Warning (???): /tmp/RtmpvCNpVC/R.INSTALL39d45abe15cc/move/man/plotBursts.Rd --
     CRS object has comment, which is lost in output
     Backtrace:
     1. move::plotBursts(...)
     2. move::plotBursts(...)
     3. base::lapply(X = splitobject, FUN = lineMidpoint)
     5. move:::FUN(X[[i]], ...)
     12. sp::proj4string(object)
     -- Warning (???): /tmp/RtmpvCNpVC/R.INSTALL39d45abe15cc/move/man/plotBursts.Rd --
     CRS object has comment, which is lost in output
     Backtrace:
     1. move::plotBursts(...)
     2. move::plotBursts(...)
     3. base::lapply(X = splitobject, FUN = lineMidpoint)
     5. move:::FUN(X[[i]], ...)
     12. sp::proj4string(object)
     -- Warning (???): /tmp/RtmpvCNpVC/R.INSTALL39d45abe15cc/move/man/plotBursts.Rd --
     CRS object has comment, which is lost in output
     Backtrace:
     1. move::plotBursts(...)
     2. move::plotBursts(...)
     3. base::lapply(X = splitobject, FUN = lineMidpoint)
     5. move:::FUN(X[[i]], ...)
     12. sp::proj4string(object)
     -- Warning (???): /tmp/RtmpvCNpVC/R.INSTALL39d45abe15cc/move/man/plotBursts.Rd --
     CRS object has comment, which is lost in output
     Backtrace:
     1. move::plotBursts(...)
     2. move::plotBursts(...)
     3. base::lapply(X = splitobject, FUN = lineMidpoint)
     5. move:::FUN(X[[i]], ...)
     12. sp::proj4string(object)
     -- Warning (???): /tmp/RtmpvCNpVC/R.INSTALL39d45abe15cc/move/man/plotBursts.Rd --
     CRS object has comment, which is lost in output
     Backtrace:
     1. move::plotBursts(...)
     2. move::plotBursts(...)
     3. base::lapply(X = splitobject, FUN = lineMidpoint)
     5. move:::FUN(X[[i]], ...)
     12. sp::proj4string(object)
     -- Warning (???): /tmp/RtmpvCNpVC/R.INSTALL39d45abe15cc/move/man/plotBursts.Rd --
     CRS object has comment, which is lost in output
     Backtrace:
     1. move::plotBursts(...)
     2. move::plotBursts(...)
     7. sp::proj4string(object)
     -- Warning (???): /tmp/RtmpvCNpVC/R.INSTALL39d45abe15cc/move/man/plotBursts.Rd --
     If the coords argument is a SpatialPoints object, set its CRS first;
     the proj4string argument to this function is ignored.
     Backtrace:
     1. move::plotBursts(...)
     2. move::plotBursts(...)
     3. sp::SpatialPointsDataFrame(coords = tmp, data = df[, 1:2], proj4string = CRS(proj4string(object)))
     -- Warning (???): /tmp/RtmpvCNpVC/R.INSTALL39d45abe15cc/move/man/spTransform.Rd --
     Discarded datum Unknown based on WGS84 ellipsoid in CRS definition
     Backtrace:
     1. sp::spTransform(leroy, CRSobj = "+proj=moll +ellps=WGS84")
     2. move:::spTransform(leroy, CRSobj = "+proj=moll +ellps=WGS84")
     3. move:::.local(x, CRSobj, ...)
     5. sp::CRS(CRSobj)
     6. rgdal::checkCRSArgs_ng(...)
     12. rgdal::showSRID(...)
     -- Warning (???): /tmp/RtmpvCNpVC/R.INSTALL39d45abe15cc/move/man/spTransform.Rd --
     CRS object has comment, which is lost in output
     Backtrace:
     1. sp::proj4string(leroy)
     2. sp::proj4string(leroy)
     -- Warning (???): /tmp/RtmpvCNpVC/R.INSTALL39d45abe15cc/move/man/spTransform.Rd --
     Discarded datum Unknown based on WGS84 ellipsoid in CRS definition
     Backtrace:
     1. sp::spTransform(leroy, CRSobj = CRS("+proj=moll +ellps=WGS84"))
     2. sp::CRS("+proj=moll +ellps=WGS84")
     3. rgdal::checkCRSArgs_ng(...)
     9. rgdal::showSRID(...)
     -- Warning (test.interpolateTime.R:14:2): interpolateTime ----------------------
     CRS object has comment, which is lost in output
     Backtrace:
     1. testthat::expect_equal(...) test.interpolateTime.R:14:8
     6. sp::proj4string(dataP)
     -- Warning (test.interpolateTime.R:22:2): interpolateTime ----------------------
     CRS object has comment, which is lost in output
     Backtrace:
     1. base::do.call(...) test.interpolateTime.R:22:8
     3. base::lapply(split(burst(d, 1:39)), move:::lineMidpoint)
     5. move:::FUN(X[[i]], ...)
     12. sp::proj4string(object)
     -- Warning (test.interpolateTime.R:22:2): interpolateTime ----------------------
     CRS object has comment, which is lost in output
     Backtrace:
     1. base::do.call(...) test.interpolateTime.R:22:8
     3. base::lapply(split(burst(d, 1:39)), move:::lineMidpoint)
     5. move:::FUN(X[[i]], ...)
     12. sp::proj4string(object)
     -- Warning (test.interpolateTime.R:22:2): interpolateTime ----------------------
     CRS object has comment, which is lost in output
     Backtrace:
     1. base::do.call(...) test.interpolateTime.R:22:8
     3. base::lapply(split(burst(d, 1:39)), move:::lineMidpoint)
     5. move:::FUN(X[[i]], ...)
     12. sp::proj4string(object)
     -- Warning (test.interpolateTime.R:22:2): interpolateTime ----------------------
     CRS object has comment, which is lost in output
     Backtrace:
     1. base::do.call(...) test.interpolateTime.R:22:8
     3. base::lapply(split(burst(d, 1:39)), move:::lineMidpoint)
     5. move:::FUN(X[[i]], ...)
     12. sp::proj4string(object)
     -- Warning (test.interpolateTime.R:22:2): interpolateTime ----------------------
     CRS object has comment, which is lost in output
     Backtrace:
     1. base::do.call(...) test.interpolateTime.R:22:8
     3. base::lapply(split(burst(d, 1:39)), move:::lineMidpoint)
     5. move:::FUN(X[[i]], ...)
     12. sp::proj4string(object)
     -- Warning (test.interpolateTime.R:22:2): interpolateTime ----------------------
     CRS object has comment, which is lost in output
     Backtrace:
     1. base::do.call(...) test.interpolateTime.R:22:8
     3. base::lapply(split(burst(d, 1:39)), move:::lineMidpoint)
     5. move:::FUN(X[[i]], ...)
     12. sp::proj4string(object)
     -- Warning (test.interpolateTime.R:22:2): interpolateTime ----------------------
     CRS object has comment, which is lost in output
     Backtrace:
     1. base::do.call(...) test.interpolateTime.R:22:8
     3. base::lapply(split(burst(d, 1:39)), move:::lineMidpoint)
     5. move:::FUN(X[[i]], ...)
     12. sp::proj4string(object)
     -- Warning (test.interpolateTime.R:22:2): interpolateTime ----------------------
     CRS object has comment, which is lost in output
     Backtrace:
     1. base::do.call(...) test.interpolateTime.R:22:8
     3. base::lapply(split(burst(d, 1:39)), move:::lineMidpoint)
     5. move:::FUN(X[[i]], ...)
     12. sp::proj4string(object)
     -- Warning (test.interpolateTime.R:22:2): interpolateTime ----------------------
     CRS object has comment, which is lost in output
     Backtrace:
     1. base::do.call(...) test.interpolateTime.R:22:8
     3. base::lapply(split(burst(d, 1:39)), move:::lineMidpoint)
     5. move:::FUN(X[[i]], ...)
     12. sp::proj4string(object)
     -- Warning (test.interpolateTime.R:22:2): interpolateTime ----------------------
     CRS object has comment, which is lost in output
     Backtrace:
     1. base::do.call(...) test.interpolateTime.R:22:8
     3. base::lapply(split(burst(d, 1:39)), move:::lineMidpoint)
     5. move:::FUN(X[[i]], ...)
     12. sp::proj4string(object)
     -- Warning (test.interpolateTime.R:22:2): interpolateTime ----------------------
     CRS object has comment, which is lost in output
     Backtrace:
     1. base::do.call(...) test.interpolateTime.R:22:8
     3. base::lapply(split(burst(d, 1:39)), move:::lineMidpoint)
     5. move:::FUN(X[[i]], ...)
     12. sp::proj4string(object)
     -- Warning (test.interpolateTime.R:22:2): interpolateTime ----------------------
     CRS object has comment, which is lost in output
     Backtrace:
     1. base::do.call(...) test.interpolateTime.R:22:8
     3. base::lapply(split(burst(d, 1:39)), move:::lineMidpoint)
     5. move:::FUN(X[[i]], ...)
     12. sp::proj4string(object)
     -- Warning (test.interpolateTime.R:22:2): interpolateTime ----------------------
     CRS object has comment, which is lost in output
     Backtrace:
     1. base::do.call(...) test.interpolateTime.R:22:8
     3. base::lapply(split(burst(d, 1:39)), move:::lineMidpoint)
     5. move:::FUN(X[[i]], ...)
     12. sp::proj4string(object)
     -- Warning (test.interpolateTime.R:22:2): interpolateTime ----------------------
     CRS object has comment, which is lost in output
     Backtrace:
     1. base::do.call(...) test.interpolateTime.R:22:8
     3. base::lapply(split(burst(d, 1:39)), move:::lineMidpoint)
     5. move:::FUN(X[[i]], ...)
     12. sp::proj4string(object)
     -- Warning (test.interpolateTime.R:22:2): interpolateTime ----------------------
     CRS object has comment, which is lost in output
     Backtrace:
     1. base::do.call(...) test.interpolateTime.R:22:8
     3. base::lapply(split(burst(d, 1:39)), move:::lineMidpoint)
     5. move:::FUN(X[[i]], ...)
     12. sp::proj4string(object)
     -- Warning (test.interpolateTime.R:22:2): interpolateTime ----------------------
     CRS object has comment, which is lost in output
     Backtrace:
     1. base::do.call(...) test.interpolateTime.R:22:8
     3. base::lapply(split(burst(d, 1:39)), move:::lineMidpoint)
     5. move:::FUN(X[[i]], ...)
     12. sp::proj4string(object)
     -- Warning (test.interpolateTime.R:22:2): interpolateTime ----------------------
     CRS object has comment, which is lost in output
     Backtrace:
     1. base::do.call(...) test.interpolateTime.R:22:8
     3. base::lapply(split(burst(d, 1:39)), move:::lineMidpoint)
     5. move:::FUN(X[[i]], ...)
     12. sp::proj4string(object)
     -- Warning (test.interpolateTime.R:22:2): interpolateTime ----------------------
     CRS object has comment, which is lost in output
     Backtrace:
     1. base::do.call(...) test.interpolateTime.R:22:8
     3. base::lapply(split(burst(d, 1:39)), move:::lineMidpoint)
     5. move:::FUN(X[[i]], ...)
     12. sp::proj4string(object)
     -- Warning (test.interpolateTime.R:22:2): interpolateTime ----------------------
     CRS object has comment, which is lost in output
     Backtrace:
     1. base::do.call(...) test.interpolateTime.R:22:8
     3. base::lapply(split(burst(d, 1:39)), move:::lineMidpoint)
     5. move:::FUN(X[[i]], ...)
     12. sp::proj4string(object)
     -- Warning (test.interpolateTime.R:22:2): interpolateTime ----------------------
     CRS object has comment, which is lost in output
     Backtrace:
     1. base::do.call(...) test.interpolateTime.R:22:8
     3. base::lapply(split(burst(d, 1:39)), move:::lineMidpoint)
     5. move:::FUN(X[[i]], ...)
     12. sp::proj4string(object)
     -- Warning (test.interpolateTime.R:22:2): interpolateTime ----------------------
     CRS object has comment, which is lost in output
     Backtrace:
     1. base::do.call(...) test.interpolateTime.R:22:8
     3. base::lapply(split(burst(d, 1:39)), move:::lineMidpoint)
     5. move:::FUN(X[[i]], ...)
     12. sp::proj4string(object)
     -- Warning (test.interpolateTime.R:22:2): interpolateTime ----------------------
     CRS object has comment, which is lost in output
     Backtrace:
     1. base::do.call(...) test.interpolateTime.R:22:8
     3. base::lapply(split(burst(d, 1:39)), move:::lineMidpoint)
     5. move:::FUN(X[[i]], ...)
     12. sp::proj4string(object)
     -- Warning (test.interpolateTime.R:22:2): interpolateTime ----------------------
     CRS object has comment, which is lost in output
     Backtrace:
     1. base::do.call(...) test.interpolateTime.R:22:8
     3. base::lapply(split(burst(d, 1:39)), move:::lineMidpoint)
     5. move:::FUN(X[[i]], ...)
     12. sp::proj4string(object)
     -- Warning (test.interpolateTime.R:22:2): interpolateTime ----------------------
     CRS object has comment, which is lost in output
     Backtrace:
     1. base::do.call(...) test.interpolateTime.R:22:8
     3. base::lapply(split(burst(d, 1:39)), move:::lineMidpoint)
     5. move:::FUN(X[[i]], ...)
     12. sp::proj4string(object)
     -- Warning (test.interpolateTime.R:22:2): interpolateTime ----------------------
     CRS object has comment, which is lost in output
     Backtrace:
     1. base::do.call(...) test.interpolateTime.R:22:8
     3. base::lapply(split(burst(d, 1:39)), move:::lineMidpoint)
     5. move:::FUN(X[[i]], ...)
     12. sp::proj4string(object)
     -- Warning (test.interpolateTime.R:22:2): interpolateTime ----------------------
     CRS object has comment, which is lost in output
     Backtrace:
     1. base::do.call(...) test.interpolateTime.R:22:8
     3. base::lapply(split(burst(d, 1:39)), move:::lineMidpoint)
     5. move:::FUN(X[[i]], ...)
     12. sp::proj4string(object)
     -- Warning (test.interpolateTime.R:22:2): interpolateTime ----------------------
     CRS object has comment, which is lost in output
     Backtrace:
     1. base::do.call(...) test.interpolateTime.R:22:8
     3. base::lapply(split(burst(d, 1:39)), move:::lineMidpoint)
     5. move:::FUN(X[[i]], ...)
     12. sp::proj4string(object)
     -- Warning (test.interpolateTime.R:22:2): interpolateTime ----------------------
     CRS object has comment, which is lost in output
     Backtrace:
     1. base::do.call(...) test.interpolateTime.R:22:8
     3. base::lapply(split(burst(d, 1:39)), move:::lineMidpoint)
     5. move:::FUN(X[[i]], ...)
     12. sp::proj4string(object)
     -- Warning (test.interpolateTime.R:22:2): interpolateTime ----------------------
     CRS object has comment, which is lost in output
     Backtrace:
     1. base::do.call(...) test.interpolateTime.R:22:8
     3. base::lapply(split(burst(d, 1:39)), move:::lineMidpoint)
     5. move:::FUN(X[[i]], ...)
     12. sp::proj4string(object)
     -- Warning (test.interpolateTime.R:22:2): interpolateTime ----------------------
     CRS object has comment, which is lost in output
     Backtrace:
     1. base::do.call(...) test.interpolateTime.R:22:8
     3. base::lapply(split(burst(d, 1:39)), move:::lineMidpoint)
     5. move:::FUN(X[[i]], ...)
     12. sp::proj4string(object)
     -- Warning (test.interpolateTime.R:22:2): interpolateTime ----------------------
     CRS object has comment, which is lost in output
     Backtrace:
     1. base::do.call(...) test.interpolateTime.R:22:8
     3. base::lapply(split(burst(d, 1:39)), move:::lineMidpoint)
     5. move:::FUN(X[[i]], ...)
     12. sp::proj4string(object)
     -- Warning (test.interpolateTime.R:22:2): interpolateTime ----------------------
     CRS object has comment, which is lost in output
     Backtrace:
     1. base::do.call(...) test.interpolateTime.R:22:8
     3. base::lapply(split(burst(d, 1:39)), move:::lineMidpoint)
     5. move:::FUN(X[[i]], ...)
     12. sp::proj4string(object)
     -- Warning (test.interpolateTime.R:22:2): interpolateTime ----------------------
     CRS object has comment, which is lost in output
     Backtrace:
     1. base::do.call(...) test.interpolateTime.R:22:8
     3. base::lapply(split(burst(d, 1:39)), move:::lineMidpoint)
     5. move:::FUN(X[[i]], ...)
     12. sp::proj4string(object)
     -- Warning (test.interpolateTime.R:22:2): interpolateTime ----------------------
     CRS object has comment, which is lost in output
     Backtrace:
     1. base::do.call(...) test.interpolateTime.R:22:8
     3. base::lapply(split(burst(d, 1:39)), move:::lineMidpoint)
     5. move:::FUN(X[[i]], ...)
     12. sp::proj4string(object)
     -- Warning (test.interpolateTime.R:22:2): interpolateTime ----------------------
     CRS object has comment, which is lost in output
     Backtrace:
     1. base::do.call(...) test.interpolateTime.R:22:8
     3. base::lapply(split(burst(d, 1:39)), move:::lineMidpoint)
     5. move:::FUN(X[[i]], ...)
     12. sp::proj4string(object)
     -- Warning (test.interpolateTime.R:22:2): interpolateTime ----------------------
     CRS object has comment, which is lost in output
     Backtrace:
     1. base::do.call(...) test.interpolateTime.R:22:8
     3. base::lapply(split(burst(d, 1:39)), move:::lineMidpoint)
     5. move:::FUN(X[[i]], ...)
     12. sp::proj4string(object)
     -- Warning (test.interpolateTime.R:22:2): interpolateTime ----------------------
     CRS object has comment, which is lost in output
     Backtrace:
     1. base::do.call(...) test.interpolateTime.R:22:8
     3. base::lapply(split(burst(d, 1:39)), move:::lineMidpoint)
     5. move:::FUN(X[[i]], ...)
     12. sp::proj4string(object)
     -- Warning (test.interpolateTime.R:22:2): interpolateTime ----------------------
     CRS object has comment, which is lost in output
     Backtrace:
     1. base::do.call(...) test.interpolateTime.R:22:8
     3. base::lapply(split(burst(d, 1:39)), move:::lineMidpoint)
     5. move:::FUN(X[[i]], ...)
     12. sp::proj4string(object)
     -- Warning (test.interpolateTime.R:22:2): interpolateTime ----------------------
     CRS object has comment, which is lost in output
     Backtrace:
     1. base::do.call(...) test.interpolateTime.R:22:8
     3. base::lapply(split(burst(d, 1:39)), move:::lineMidpoint)
     5. move:::FUN(X[[i]], ...)
     12. sp::proj4string(object)
     -- Warning (test.measures.R:17:8): measures ------------------------------------
     Discarded datum Unknown based on WGS84 ellipsoid in CRS definition
     Backtrace:
     1. sp::`proj4string<-`(`*tmp*`, value = "+proj=longlat +ellps=WGS84") test.measures.R:17:14
     2. sp::`proj4string<-`(`*tmp*`, value = "+proj=longlat +ellps=WGS84")
     4. sp::CRS(value)
     5. rgdal::checkCRSArgs_ng(...)
     11. rgdal::showSRID(...)
     -- Warning (test.moveAde.R:34:2): moveAde --------------------------------------
     Move objects in geographic coordinates are automatically projected.
     Backtrace:
     1. ctmm::as.telemetry(leroy) test.moveAde.R:34:8
     2. ctmm:::as.telemetry.Move(leroy)
     3. ctmm:::Move2CSV(...)
     -- Warning (test.moveAde.R:48:2): moveAde --------------------------------------
     Objects of class 'track' do not contain projection information. You can add this information to the move object with the function 'projection()'
     Backtrace:
     1. move::move(tk) test.moveAde.R:48:8
     2. move::move(tk)
     3. methods::as(x, "Move")
     4. move:::asMethod(object)
     -- Warning (test.moveAde.R:60:2): moveAde --------------------------------------
     Assumptions: data.frame comes from Movebank; coordinates are in lat/long; timestamp format is: "%Y-%m-%d %H:%M:%S"; timezone is UTC. If this is not the case please use the alternative import function
     Backtrace:
     1. move::move(df) test.moveAde.R:60:8
     2. move::move(df)
     3. methods::as(x, "Move")
     4. move:::asMethod(object)
     -- Warning (test.moveStack.R:8:2): moveStack -----------------------------------
     Discarded datum Unknown based on WGS84 ellipsoid in CRS definition
     Backtrace:
     1. move::move(x = 1:10, y = 1:10, time = at, proj = CRS("+proj=longlat +ellps=WGS84")) test.moveStack.R:8:8
     2. sp::CRS("+proj=longlat +ellps=WGS84")
     3. rgdal::checkCRSArgs_ng(...)
     9. rgdal::showSRID(...)
     -- Warning (test.moveStack.R:9:2): moveStack -----------------------------------
     Discarded datum Unknown based on WGS84 ellipsoid in CRS definition
     Backtrace:
     1. move::move(...) test.moveStack.R:9:8
     2. sp::CRS("+proj=longlat +ellps=WGS84")
     3. rgdal::checkCRSArgs_ng(...)
     9. rgdal::showSRID(...)
     -- Warning (test.moveStack.R:13:2): moveStack ----------------------------------
     CRS object has comment, which is lost in output
     Backtrace:
     1. base::split(d <- moveStack(list(a, b))) test.moveStack.R:13:8
     3. move::moveStack(list(a, b))
     4. move:::.local(x, ...)
     6. move::equalProj(x)
     8. base::lapply(x, proj4string)
     10. sp:::FUN(X[[i]], ...)
     -- Warning (test.moveStack.R:13:2): moveStack ----------------------------------
     CRS object has comment, which is lost in output
     Backtrace:
     1. base::split(d <- moveStack(list(a, b))) test.moveStack.R:13:8
     3. move::moveStack(list(a, b))
     4. move:::.local(x, ...)
     6. move::equalProj(x)
     8. base::lapply(x, proj4string)
     10. sp:::FUN(X[[i]], ...)
     -- Warning (test.moveStack.R:23:2): moveStack ----------------------------------
     Discarded datum Unknown based on WGS84 ellipsoid in CRS definition
     Backtrace:
     1. move::move(...) test.moveStack.R:23:8
     2. sp::CRS("+proj=longlat +ellps=WGS84")
     3. rgdal::checkCRSArgs_ng(...)
     9. rgdal::showSRID(...)
     -- Warning (test.moveStack.R:24:2): moveStack ----------------------------------
     Discarded datum Unknown based on WGS84 ellipsoid in CRS definition
     Backtrace:
     1. move::move(...) test.moveStack.R:24:8
     2. sp::CRS("+proj=longlat +ellps=WGS84")
     3. rgdal::checkCRSArgs_ng(...)
     9. rgdal::showSRID(...)
     -- Warning (test.moveStack.R:28:2): moveStack ----------------------------------
     CRS object has comment, which is lost in output
     Backtrace:
     1. testthat::expect_error(moveStack(list(a, a2, a2))) test.moveStack.R:28:8
     7. move::moveStack(list(a, a2, a2))
     8. move:::.local(x, ...)
     10. move::equalProj(x)
     12. base::lapply(x, proj4string)
     14. sp:::FUN(X[[i]], ...)
     -- Warning (test.moveStack.R:29:2): moveStack ----------------------------------
     CRS object has comment, which is lost in output
     Backtrace:
     1. testthat::expect_error(moveStack(list(a, a, a2))) test.moveStack.R:29:8
     7. move::moveStack(list(a, a, a2))
     8. move:::.local(x, ...)
     10. move::equalProj(x)
     12. base::lapply(x, proj4string)
     14. sp:::FUN(X[[i]], ...)
     -- Warning (test.moveStack.R:29:2): moveStack ----------------------------------
     CRS object has comment, which is lost in output
     Backtrace:
     1. testthat::expect_error(moveStack(list(a, a, a2))) test.moveStack.R:29:8
     7. move::moveStack(list(a, a, a2))
     8. move:::.local(x, ...)
     10. move::equalProj(x)
     12. base::lapply(x, proj4string)
     14. sp:::FUN(X[[i]], ...)
     -- Warning (test.moveStack.R:30:2): moveStack ----------------------------------
     CRS object has comment, which is lost in output
     Backtrace:
     1. testthat::expect_error(moveStack(list(a2, a2, a))) test.moveStack.R:30:8
     7. move::moveStack(list(a2, a2, a))
     8. move:::.local(x, ...)
     10. move::equalProj(x)
     12. base::lapply(x, proj4string)
     14. sp:::FUN(X[[i]], ...)
     -- Warning (test.moveStack.R:31:2): moveStack ----------------------------------
     CRS object has comment, which is lost in output
     Backtrace:
     1. testthat::expect_error(moveStack(list(a, a2, a))) test.moveStack.R:31:8
     7. move::moveStack(list(a, a2, a))
     8. move:::.local(x, ...)
     10. move::equalProj(x)
     12. base::lapply(x, proj4string)
     14. sp:::FUN(X[[i]], ...)
     -- Warning (test.moveStack.R:31:2): moveStack ----------------------------------
     CRS object has comment, which is lost in output
     Backtrace:
     1. testthat::expect_error(moveStack(list(a, a2, a))) test.moveStack.R:31:8
     7. move::moveStack(list(a, a2, a))
     8. move:::.local(x, ...)
     10. move::equalProj(x)
     12. base::lapply(x, proj4string)
     14. sp:::FUN(X[[i]], ...)
     -- Warning (test.moveStack.R:32:2): moveStack ----------------------------------
     CRS object has comment, which is lost in output
     Backtrace:
     1. testthat::expect_error(moveStack(list(a2, a, a2))) test.moveStack.R:32:8
     7. move::moveStack(list(a2, a, a2))
     8. move:::.local(x, ...)
     10. move::equalProj(x)
     12. base::lapply(x, proj4string)
     14. sp:::FUN(X[[i]], ...)
     -- Warning (test.moveStack.R:39:2): moveStack ----------------------------------
     one argument not used by format 'd'
     Backtrace:
     1. testthat::expect_true(all(grepl("^............: ", capture.output(print(mm))))) test.moveStack.R:39:8
     8. move:::print(mm)
     9. move:::.local(x, ...)
     11. move:::.nextMethod(x = x)
     12. move:::.local(x, ...)
     13. base::mapply(sprintf, d, nc)
     -- Warning (test.moveStack.R:39:2): moveStack ----------------------------------
     one argument not used by format 'u'
     Backtrace:
     1. testthat::expect_true(all(grepl("^............: ", capture.output(print(mm))))) test.moveStack.R:39:8
     8. move:::print(mm)
     9. move:::.local(x, ...)
     11. move:::.nextMethod(x = x)
     12. move:::.local(x, ...)
     13. base::mapply(sprintf, d, nc)
     -- Warning (test.moveStack.R:39:2): moveStack ----------------------------------
     one argument not used by format '0'
     Backtrace:
     1. testthat::expect_true(all(grepl("^............: ", capture.output(print(mm))))) test.moveStack.R:39:8
     8. move:::print(mm)
     9. move:::.local(x, ...)
     11. move:::.nextMethod(x = x)
     12. move:::.local(x, ...)
     13. base::mapply(sprintf, d, nc)
     -- Warning (test.moveStack.R:39:2): moveStack ----------------------------------
     one argument not used by format '1'
     Backtrace:
     1. testthat::expect_true(all(grepl("^............: ", capture.output(print(mm))))) test.moveStack.R:39:8
     8. move:::print(mm)
     9. move:::.local(x, ...)
     11. move:::.nextMethod(x = x)
     12. move:::.local(x, ...)
     13. base::mapply(sprintf, d, nc)
     -- Warning (test.moveStack.R:40:3): moveStack ----------------------------------
     one argument not used by format 'd'
     Backtrace:
     1. testthat::expect_equal(kk <- capture.output(print(mm)), kl <- capture.output(show(mm))) test.moveStack.R:40:2
     7. move:::print(mm)
     8. move:::.local(x, ...)
     10. move:::.nextMethod(x = x)
     11. move:::.local(x, ...)
     12. base::mapply(sprintf, d, nc)
     -- Warning (test.moveStack.R:40:3): moveStack ----------------------------------
     one argument not used by format 'u'
     Backtrace:
     1. testthat::expect_equal(kk <- capture.output(print(mm)), kl <- capture.output(show(mm))) test.moveStack.R:40:2
     7. move:::print(mm)
     8. move:::.local(x, ...)
     10. move:::.nextMethod(x = x)
     11. move:::.local(x, ...)
     12. base::mapply(sprintf, d, nc)
     -- Warning (test.moveStack.R:40:3): moveStack ----------------------------------
     one argument not used by format '0'
     Backtrace:
     1. testthat::expect_equal(kk <- capture.output(print(mm)), kl <- capture.output(show(mm))) test.moveStack.R:40:2
     7. move:::print(mm)
     8. move:::.local(x, ...)
     10. move:::.nextMethod(x = x)
     11. move:::.local(x, ...)
     12. base::mapply(sprintf, d, nc)
     -- Warning (test.moveStack.R:40:3): moveStack ----------------------------------
     one argument not used by format '1'
     Backtrace:
     1. testthat::expect_equal(kk <- capture.output(print(mm)), kl <- capture.output(show(mm))) test.moveStack.R:40:2
     7. move:::print(mm)
     8. move:::.local(x, ...)
     10. move:::.nextMethod(x = x)
     11. move:::.local(x, ...)
     12. base::mapply(sprintf, d, nc)
     -- Warning (test.moveStack.R:40:3): moveStack ----------------------------------
     one argument not used by format 'd'
     Backtrace:
     1. testthat::expect_equal(kk <- capture.output(print(mm)), kl <- capture.output(show(mm))) test.moveStack.R:40:2
     7. move::show(mm)
     9. move:::print(object)
     10. move:::.local(x, ...)
     12. move:::.nextMethod(x = x)
     13. move:::.local(x, ...)
     14. base::mapply(sprintf, d, nc)
     -- Warning (test.moveStack.R:40:3): moveStack ----------------------------------
     one argument not used by format 'u'
     Backtrace:
     1. testthat::expect_equal(kk <- capture.output(print(mm)), kl <- capture.output(show(mm))) test.moveStack.R:40:2
     7. move::show(mm)
     9. move:::print(object)
     10. move:::.local(x, ...)
     12. move:::.nextMethod(x = x)
     13. move:::.local(x, ...)
     14. base::mapply(sprintf, d, nc)
     -- Warning (test.moveStack.R:40:3): moveStack ----------------------------------
     one argument not used by format '0'
     Backtrace:
     1. testthat::expect_equal(kk <- capture.output(print(mm)), kl <- capture.output(show(mm))) test.moveStack.R:40:2
     7. move::show(mm)
     9. move:::print(object)
     10. move:::.local(x, ...)
     12. move:::.nextMethod(x = x)
     13. move:::.local(x, ...)
     14. base::mapply(sprintf, d, nc)
     -- Warning (test.moveStack.R:40:3): moveStack ----------------------------------
     one argument not used by format '1'
     Backtrace:
     1. testthat::expect_equal(kk <- capture.output(print(mm)), kl <- capture.output(show(mm))) test.moveStack.R:40:2
     7. move::show(mm)
     9. move:::print(object)
     10. move:::.local(x, ...)
     12. move:::.nextMethod(x = x)
     13. move:::.local(x, ...)
     14. base::mapply(sprintf, d, nc)
     -- Warning (test.moveStack.R:61:3): stack timezones ----------------------------
     Discarded datum Unknown based on WGS84 ellipsoid in CRS definition
     Backtrace:
     1. move::move(...) test.moveStack.R:61:2
     2. sp::CRS("+proj=longlat +ellps=WGS84")
     3. rgdal::checkCRSArgs_ng(...)
     9. rgdal::showSRID(...)
     -- Warning (test.moveStack.R:62:3): stack timezones ----------------------------
     Discarded datum Unknown based on WGS84 ellipsoid in CRS definition
     Backtrace:
     1. move::move(...) test.moveStack.R:62:2
     2. sp::CRS("+proj=longlat +ellps=WGS84")
     3. rgdal::checkCRSArgs_ng(...)
     9. rgdal::showSRID(...)
     -- Warning (test.moveStack.R:63:3): stack timezones ----------------------------
     CRS object has comment, which is lost in output
     Backtrace:
     1. testthat::expect_equal(...) test.moveStack.R:63:2
     6. move::moveStack(list(a, b))
     7. move:::.local(x, ...)
     9. move::equalProj(x)
     11. base::lapply(x, proj4string)
     13. sp:::FUN(X[[i]], ...)
     -- Warning (test.moveStack.R:63:3): stack timezones ----------------------------
     CRS object has comment, which is lost in output
     Backtrace:
     1. testthat::expect_equal(...) test.moveStack.R:63:2
     6. move::moveStack(list(a, b))
     7. move:::.local(x, ...)
     9. move::equalProj(x)
     11. base::lapply(x, proj4string)
     13. sp:::FUN(X[[i]], ...)
     -- Warning (test.moveStack.R:68:3): use dots -----------------------------------
     Discarded datum Unknown based on WGS84 ellipsoid in CRS definition
     Backtrace:
     1. move::move(...) test.moveStack.R:68:2
     2. sp::CRS("+proj=longlat +ellps=WGS84")
     3. rgdal::checkCRSArgs_ng(...)
     9. rgdal::showSRID(...)
     -- Warning (test.moveStack.R:69:3): use dots -----------------------------------
     Discarded datum Unknown based on WGS84 ellipsoid in CRS definition
     Backtrace:
     1. move::move(...) test.moveStack.R:69:2
     2. sp::CRS("+proj=longlat +ellps=WGS84")
     3. rgdal::checkCRSArgs_ng(...)
     9. rgdal::showSRID(...)
     -- Warning (test.moveStack.R:70:3): use dots -----------------------------------
     CRS object has comment, which is lost in output
     Backtrace:
     1. testthat::expect_equal(moveStack(a, b), moveStack(list(a, b))) test.moveStack.R:70:2
     5. move::moveStack(a, b)
     6. move:::.local(x, ...)
     11. move::moveStack(c(list(x), list(...)), forceTz = forceTz)
     12. move:::.local(x, ...)
     14. move::equalProj(x)
     16. base::lapply(x, proj4string)
     18. sp:::FUN(X[[i]], ...)
     -- Warning (test.moveStack.R:70:3): use dots -----------------------------------
     CRS object has comment, which is lost in output
     Backtrace:
     1. testthat::expect_equal(moveStack(a, b), moveStack(list(a, b))) test.moveStack.R:70:2
     5. move::moveStack(a, b)
     6. move:::.local(x, ...)
     11. move::moveStack(c(list(x), list(...)), forceTz = forceTz)
     12. move:::.local(x, ...)
     14. move::equalProj(x)
     16. base::lapply(x, proj4string)
     18. sp:::FUN(X[[i]], ...)
     -- Warning (test.moveStack.R:70:3): use dots -----------------------------------
     CRS object has comment, which is lost in output
     Backtrace:
     1. testthat::expect_equal(moveStack(a, b), moveStack(list(a, b))) test.moveStack.R:70:2
     5. move::moveStack(a, b)
     6. move:::.local(x, ...)
     11. move::moveStack(c(list(x), list(...)), forceTz = forceTz)
     12. move:::.local(x, ...)
     14. move::equalProj(x)
     16. base::lapply(x, proj4string)
     18. sp:::FUN(X[[i]], ...)
     -- Warning (test.moveStack.R:70:3): use dots -----------------------------------
     CRS object has comment, which is lost in output
     Backtrace:
     1. testthat::expect_equal(moveStack(a, b), moveStack(list(a, b))) test.moveStack.R:70:2
     5. move::moveStack(list(a, b))
     6. move:::.local(x, ...)
     8. move::equalProj(x)
     10. base::lapply(x, proj4string)
     12. sp:::FUN(X[[i]], ...)
     -- Warning (test.moveStack.R:70:3): use dots -----------------------------------
     CRS object has comment, which is lost in output
     Backtrace:
     1. testthat::expect_equal(moveStack(a, b), moveStack(list(a, b))) test.moveStack.R:70:2
     5. move::moveStack(list(a, b))
     6. move:::.local(x, ...)
     8. move::equalProj(x)
     10. base::lapply(x, proj4string)
     12. sp:::FUN(X[[i]], ...)
     -- Warning (test.moveStack.R:70:3): use dots -----------------------------------
     CRS object has comment, which is lost in output
     Backtrace:
     1. testthat::expect_equal(moveStack(a, b), moveStack(list(a, b))) test.moveStack.R:70:2
     5. move::moveStack(list(a, b))
     6. move:::.local(x, ...)
     8. move::equalProj(x)
     10. base::lapply(x, proj4string)
     12. sp:::FUN(X[[i]], ...)
     -- Warning (test.moveStack.R:71:3): use dots -----------------------------------
     CRS object has comment, which is lost in output
     Backtrace:
     1. testthat::expect_equal(moveStack(b, a), moveStack(list(b, a))) test.moveStack.R:71:2
     5. move::moveStack(b, a)
     6. move:::.local(x, ...)
     11. move::moveStack(c(list(x), list(...)), forceTz = forceTz)
     12. move:::.local(x, ...)
     14. move::equalProj(x)
     16. base::lapply(x, proj4string)
     18. sp:::FUN(X[[i]], ...)
     -- Warning (test.moveStack.R:71:3): use dots -----------------------------------
     CRS object has comment, which is lost in output
     Backtrace:
     1. testthat::expect_equal(moveStack(b, a), moveStack(list(b, a))) test.moveStack.R:71:2
     5. move::moveStack(b, a)
     6. move:::.local(x, ...)
     11. move::moveStack(c(list(x), list(...)), forceTz = forceTz)
     12. move:::.local(x, ...)
     14. move::equalProj(x)
     16. base::lapply(x, proj4string)
     18. sp:::FUN(X[[i]], ...)
     -- Warning (test.moveStack.R:71:3): use dots -----------------------------------
     CRS object has comment, which is lost in output
     Backtrace:
     1. testthat::expect_equal(moveStack(b, a), moveStack(list(b, a))) test.moveStack.R:71:2
     5. move::moveStack(b, a)
     6. move:::.local(x, ...)
     11. move::moveStack(c(list(x), list(...)), forceTz = forceTz)
     12. move:::.local(x, ...)
     14. move::equalProj(x)
     16. base::lapply(x, proj4string)
     18. sp:::FUN(X[[i]], ...)
     -- Warning (test.moveStack.R:71:3): use dots -----------------------------------
     CRS object has comment, which is lost in output
     Backtrace:
     1. testthat::expect_equal(moveStack(b, a), moveStack(list(b, a))) test.moveStack.R:71:2
     5. move::moveStack(list(b, a))
     6. move:::.local(x, ...)
     8. move::equalProj(x)
     10. base::lapply(x, proj4string)
     12. sp:::FUN(X[[i]], ...)
     -- Warning (test.moveStack.R:71:3): use dots -----------------------------------
     CRS object has comment, which is lost in output
     Backtrace:
     1. testthat::expect_equal(moveStack(b, a), moveStack(list(b, a))) test.moveStack.R:71:2
     5. move::moveStack(list(b, a))
     6. move:::.local(x, ...)
     8. move::equalProj(x)
     10. base::lapply(x, proj4string)
     12. sp:::FUN(X[[i]], ...)
     -- Warning (test.moveStack.R:71:3): use dots -----------------------------------
     CRS object has comment, which is lost in output
     Backtrace:
     1. testthat::expect_equal(moveStack(b, a), moveStack(list(b, a))) test.moveStack.R:71:2
     5. move::moveStack(list(b, a))
     6. move:::.local(x, ...)
     8. move::equalProj(x)
     10. base::lapply(x, proj4string)
     12. sp:::FUN(X[[i]], ...)
     -- Warning (test.moveStack.R:74:3): forcetz ------------------------------------
     Discarded datum Unknown based on WGS84 ellipsoid in CRS definition
     Backtrace:
     1. move::move(...) test.moveStack.R:74:2
     2. sp::CRS("+proj=longlat +ellps=WGS84")
     3. rgdal::checkCRSArgs_ng(...)
     9. rgdal::showSRID(...)
     -- Warning (test.moveStack.R:75:3): forcetz ------------------------------------
     Discarded datum Unknown based on WGS84 ellipsoid in CRS definition
     Backtrace:
     1. move::move(...) test.moveStack.R:75:2
     2. sp::CRS("+proj=longlat +ellps=WGS84")
     3. rgdal::checkCRSArgs_ng(...)
     9. rgdal::showSRID(...)
     -- Warning (test.moveStack.R:76:3): forcetz ------------------------------------
     CRS object has comment, which is lost in output
     Backtrace:
     1. testthat::expect_equal(...) test.moveStack.R:76:2
     6. move::moveStack(a, b, forceTz = "UTC")
     7. move:::.local(x, ...)
     12. move::moveStack(c(list(x), list(...)), forceTz = forceTz)
     13. move:::.local(x, ...)
     15. move::equalProj(x)
     17. base::lapply(x, proj4string)
     19. sp:::FUN(X[[i]], ...)
     -- Warning (test.moveStack.R:76:3): forcetz ------------------------------------
     CRS object has comment, which is lost in output
     Backtrace:
     1. testthat::expect_equal(...) test.moveStack.R:76:2
     6. move::moveStack(a, b, forceTz = "UTC")
     7. move:::.local(x, ...)
     12. move::moveStack(c(list(x), list(...)), forceTz = forceTz)
     13. move:::.local(x, ...)
     15. move::equalProj(x)
     17. base::lapply(x, proj4string)
     19. sp:::FUN(X[[i]], ...)
     -- Warning (test.moveStack.R:76:3): forcetz ------------------------------------
     CRS object has comment, which is lost in output
     Backtrace:
     1. testthat::expect_equal(...) test.moveStack.R:76:2
     6. move::moveStack(a, b, forceTz = "UTC")
     7. move:::.local(x, ...)
     12. move::moveStack(c(list(x), list(...)), forceTz = forceTz)
     13. move:::.local(x, ...)
     15. move::equalProj(x)
     17. base::lapply(x, proj4string)
     19. sp:::FUN(X[[i]], ...)
     -- Warning (test.moveStack.R:79:3): forcetz ------------------------------------
     CRS object has comment, which is lost in output
     Backtrace:
     1. testthat::expect_equal(...) test.moveStack.R:79:2
     6. move::moveStack(a, b, forceTz = "EST")
     7. move:::.local(x, ...)
     12. move::moveStack(c(list(x), list(...)), forceTz = forceTz)
     13. move:::.local(x, ...)
     15. move::equalProj(x)
     17. base::lapply(x, proj4string)
     19. sp:::FUN(X[[i]], ...)
     -- Warning (test.moveStack.R:79:3): forcetz ------------------------------------
     CRS object has comment, which is lost in output
     Backtrace:
     1. testthat::expect_equal(...) test.moveStack.R:79:2
     6. move::moveStack(a, b, forceTz = "EST")
     7. move:::.local(x, ...)
     12. move::moveStack(c(list(x), list(...)), forceTz = forceTz)
     13. move:::.local(x, ...)
     15. move::equalProj(x)
     17. base::lapply(x, proj4string)
     19. sp:::FUN(X[[i]], ...)
     -- Warning (test.moveStack.R:79:3): forcetz ------------------------------------
     CRS object has comment, which is lost in output
     Backtrace:
     1. testthat::expect_equal(...) test.moveStack.R:79:2
     6. move::moveStack(a, b, forceTz = "EST")
     7. move:::.local(x, ...)
     12. move::moveStack(c(list(x), list(...)), forceTz = forceTz)
     13. move:::.local(x, ...)
     15. move::equalProj(x)
     17. base::lapply(x, proj4string)
     19. sp:::FUN(X[[i]], ...)
     -- Warning (test.smallFunctions.R:33:3): linemidpoint --------------------------
     Discarded datum Unknown based on WGS84 ellipsoid in CRS definition
     Backtrace:
     1. sp::SpatialPointsDataFrame(...) test.smallFunctions.R:33:2
     6. sp::CRS("+proj=longlat +ellps=WGS84")
     7. rgdal::checkCRSArgs_ng(...)
     13. rgdal::showSRID(...)
     -- Warning (test.smallFunctions.R:35:3): linemidpoint --------------------------
     CRS object has comment, which is lost in output
     Backtrace:
     1. move:::lineMidpoint(spdf) test.smallFunctions.R:35:2
     2. move:::lineMidpoint(spdf)
     9. sp::proj4string(object)
     -- Warning (test.smallFunctions.R:35:3): linemidpoint --------------------------
     Discarded datum Unknown based on WGS84 ellipsoid in CRS definition
     Backtrace:
     1. move:::lineMidpoint(spdf) test.smallFunctions.R:35:2
     2. move:::lineMidpoint(spdf)
     7. sp::CRS(proj4string(object))
     8. rgdal::checkCRSArgs_ng(...)
     14. rgdal::showSRID(...)
     -- Warning (test.smallFunctions.R:36:3): linemidpoint --------------------------
     CRS object has comment, which is lost in output
     Backtrace:
     1. move:::lineMidpoint(spdf[2:3, ]) test.smallFunctions.R:36:2
     2. move:::lineMidpoint(spdf[2:3, ])
     9. sp::proj4string(object)
     -- Warning (test.smallFunctions.R:36:3): linemidpoint --------------------------
     Discarded datum Unknown based on WGS84 ellipsoid in CRS definition
     Backtrace:
     1. move:::lineMidpoint(spdf[2:3, ]) test.smallFunctions.R:36:2
     2. move:::lineMidpoint(spdf[2:3, ])
     7. sp::CRS(proj4string(object))
     8. rgdal::checkCRSArgs_ng(...)
     14. rgdal::showSRID(...)
     -- Warning (test.smallFunctions.R:45:5): spatialLines --------------------------
     CRS object has comment, which is lost in output
     Backtrace:
     1. testthat::expect_equal(crds, coordinates(as(leroy, "SpatialLinesDataFrame"))[[1]][[1]]) test.smallFunctions.R:45:4
     5. methods::as(leroy, "SpatialLinesDataFrame")
     6. move:::asMethod(object)
     17. sp::proj4string(from)
     -- Warning (test.smallFunctions.R:50:1): spatialLines --------------------------
     CRS object has comment, which is lost in output
     Backtrace:
     1. testthat::expect_equal(...) test.smallFunctions.R:50:0
     6. methods::as(fishers, "SpatialLinesDataFrame")
     7. move:::asMethod(object)
     12. methods::as(from, "SpatialLines")
     13. move:::asMethod(object)
     20. sp::proj4string(from)
     -- Warning (test.smallFunctions.R:52:3): spatialLines --------------------------
     CRS object has comment, which is lost in output
     Backtrace:
     1. testthat::expect_equal(...) test.smallFunctions.R:52:2
     4. methods::as(fishers, "SpatialLines")
     5. move:::asMethod(object)
     12. sp::proj4string(from)
     -- Warning (test.smallFunctions.R:71:3): equalproj -----------------------------
     CRS object has comment, which is lost in output
     Backtrace:
     1. testthat::expect_true(...) test.smallFunctions.R:71:2
     5. move::equalProj(list(spTransform(leroy, crs(ricky)), ricky))
     7. base::lapply(x, proj4string)
     9. sp:::FUN(X[[i]], ...)
     -- Warning (test.smallFunctions.R:71:3): equalproj -----------------------------
     CRS object has comment, which is lost in output
     Backtrace:
     1. testthat::expect_true(...) test.smallFunctions.R:71:2
     5. move::equalProj(list(spTransform(leroy, crs(ricky)), ricky))
     7. base::lapply(x, proj4string)
     9. sp:::FUN(X[[i]], ...)
     -- Warning (test.smallFunctions.R:72:3): equalproj -----------------------------
     CRS object has comment, which is lost in output
     Backtrace:
     1. testthat::expect_false(equalProj(list(leroy, re))) test.smallFunctions.R:72:2
     5. move::equalProj(list(leroy, re))
     7. base::lapply(x, proj4string)
     9. sp:::FUN(X[[i]], ...)
     -- Warning (test.smallFunctions.R:72:3): equalproj -----------------------------
     CRS object has comment, which is lost in output
     Backtrace:
     1. testthat::expect_false(equalProj(list(leroy, re))) test.smallFunctions.R:72:2
     5. move::equalProj(list(leroy, re))
     7. base::lapply(x, proj4string)
     9. sp:::FUN(X[[i]], ...)
     -- Warning (test.smallFunctions.R:74:3): equalproj -----------------------------
     CRS object has comment, which is lost in output
     Backtrace:
     1. testthat::expect_true(equalProj(list(re))) test.smallFunctions.R:74:2
     5. move::equalProj(list(re))
     7. base::lapply(x, proj4string)
     9. sp:::FUN(X[[i]], ...)
     -- Warning (test.smallFunctions.R:75:3): equalproj -----------------------------
     CRS object has comment, which is lost in output
     Backtrace:
     1. testthat::expect_false(equalProj(list(leroy, ricky, re))) test.smallFunctions.R:75:2
     5. move::equalProj(list(leroy, ricky, re))
     7. base::lapply(x, proj4string)
     9. sp:::FUN(X[[i]], ...)
     -- Warning (test.smallFunctions.R:75:3): equalproj -----------------------------
     CRS object has comment, which is lost in output
     Backtrace:
     1. testthat::expect_false(equalProj(list(leroy, ricky, re))) test.smallFunctions.R:75:2
     5. move::equalProj(list(leroy, ricky, re))
     7. base::lapply(x, proj4string)
     9. sp:::FUN(X[[i]], ...)
     -- Warning (test.smallFunctions.R:75:3): equalproj -----------------------------
     CRS object has comment, which is lost in output
     Backtrace:
     1. testthat::expect_false(equalProj(list(leroy, ricky, re))) test.smallFunctions.R:75:2
     5. move::equalProj(list(leroy, ricky, re))
     7. base::lapply(x, proj4string)
     9. sp:::FUN(X[[i]], ...)
     -- Warning (test.smallFunctions.R:76:3): equalproj -----------------------------
     CRS object has comment, which is lost in output
     Backtrace:
     1. testthat::expect_false(equalProj(list(re, leroy, ricky))) test.smallFunctions.R:76:2
     5. move::equalProj(list(re, leroy, ricky))
     7. base::lapply(x, proj4string)
     9. sp:::FUN(X[[i]], ...)
     -- Warning (test.smallFunctions.R:76:3): equalproj -----------------------------
     CRS object has comment, which is lost in output
     Backtrace:
     1. testthat::expect_false(equalProj(list(re, leroy, ricky))) test.smallFunctions.R:76:2
     5. move::equalProj(list(re, leroy, ricky))
     7. base::lapply(x, proj4string)
     9. sp:::FUN(X[[i]], ...)
     -- Warning (test.smallFunctions.R:76:3): equalproj -----------------------------
     CRS object has comment, which is lost in output
     Backtrace:
     1. testthat::expect_false(equalProj(list(re, leroy, ricky))) test.smallFunctions.R:76:2
     5. move::equalProj(list(re, leroy, ricky))
     7. base::lapply(x, proj4string)
     9. sp:::FUN(X[[i]], ...)
     -- Warning (test.smallFunctions.R:77:3): equalproj -----------------------------
     CRS object has comment, which is lost in output
     Backtrace:
     1. testthat::expect_false(equalProj(list(m, leroy, ricky))) test.smallFunctions.R:77:2
     5. move::equalProj(list(m, leroy, ricky))
     7. base::lapply(x, proj4string)
     9. sp:::FUN(X[[i]], ...)
     -- Warning (test.smallFunctions.R:77:3): equalproj -----------------------------
     CRS object has comment, which is lost in output
     Backtrace:
     1. testthat::expect_false(equalProj(list(m, leroy, ricky))) test.smallFunctions.R:77:2
     5. move::equalProj(list(m, leroy, ricky))
     7. base::lapply(x, proj4string)
     9. sp:::FUN(X[[i]], ...)
     -- Warning (test.spTransform.R:4:3): spTransfrom -------------------------------
     CRS object has comment, which is lost in output
     Backtrace:
     1. sp::spTransform(x = d <- spTransform(leroy, center = T), CRSobj = (proj4string(leroy))) test.spTransform.R:4:2
     3. sp::proj4string(leroy)
     -- Warning (test.subSet.R:4:3): subSet -----------------------------------------
     Discarded datum Unknown based on WGS84 ellipsoid in CRS definition
     Backtrace:
     1. move::move(...) test.subSet.R:4:16
     2. sp::CRS("+proj=longlat +ellps=WGS84")
     3. rgdal::checkCRSArgs_ng(...)
     9. rgdal::showSRID(...)
     -- Warning (test.subSet.R:5:3): subSet -----------------------------------------
     Discarded datum Unknown based on WGS84 ellipsoid in CRS definition
     Backtrace:
     1. move::move(...) test.subSet.R:5:16
     2. sp::CRS("+proj=longlat +ellps=WGS84")
     3. rgdal::checkCRSArgs_ng(...)
     9. rgdal::showSRID(...)
     -- Warning (test.subSet.R:7:3): subSet -----------------------------------------
     CRS object has comment, which is lost in output
     Backtrace:
     1. move::moveStack(list(a, j = b)) test.subSet.R:7:16
     2. move::moveStack(list(a, j = b))
     3. move:::.local(x, ...)
     5. move::equalProj(x)
     7. base::lapply(x, proj4string)
     9. sp:::FUN(X[[i]], ...)
     -- Warning (test.subSet.R:7:3): subSet -----------------------------------------
     CRS object has comment, which is lost in output
     Backtrace:
     1. move::moveStack(list(a, j = b)) test.subSet.R:7:16
     2. move::moveStack(list(a, j = b))
     3. move:::.local(x, ...)
     5. move::equalProj(x)
     7. base::lapply(x, proj4string)
     9. sp:::FUN(X[[i]], ...)
     -- Warning (test.turnAngle.R:10:2): turnAngle ----------------------------------
     Discarded datum Unknown based on WGS84 ellipsoid in CRS definition
     Backtrace:
     1. move::move(...) test.turnAngle.R:10:8
     2. move::move(...)
     4. move::move(...)
     6. sp::CRS(proj)
     7. rgdal::checkCRSArgs_ng(...)
     13. rgdal::showSRID(...)
    
     == Failed tests ================================================================
     -- Failure (test.web.R:15:3): false login --------------------------------------
     `getMovebankStudies(l)` threw an error with unexpected message.
     Expected match: "There are no valid credentials"
     Actual message: "Timeout was reached: [www.movebank.org] Resolving timed out after 10001 milliseconds"
     Backtrace:
     x
     1. +-testthat::expect_error(getMovebankStudies(l), "There are no valid credentials") test.web.R:15:2
     2. | \-testthat:::quasi_capture(...)
     3. | +-testthat:::.capture(...)
     4. | | \-base::withCallingHandlers(...)
     5. | \-rlang::eval_bare(quo_get_expr(.quo), quo_get_env(.quo))
     6. +-move::getMovebankStudies(l)
     7. \-move::getMovebankStudies(l)
     8. +-move::getMovebank("study", login, sort = "name", attributes = "id%2Cname%2Ci_am_owner%2Ci_can_see_data%2Cthere_are_data_which_i_cannot_see")
     9. \-move::getMovebank("study", login, sort = "name", attributes = "id%2Cname%2Ci_am_owner%2Ci_can_see_data%2Cthere_are_data_which_i_cannot_see")
     10. \-httr::GET(url, config = login)
     11. \-httr:::request_perform(req, hu$handle$handle)
     12. +-httr:::request_fetch(req$output, req$url, handle)
     13. \-httr:::request_fetch.write_memory(req$output, req$url, handle)
     14. \-curl::curl_fetch_memory(url, handle = handle)
     -- Failure (test.web.R:16:3): false login --------------------------------------
     `getMovebankData("BCI Ocelot", login = l)` threw an error with unexpected message.
     Expected match: "There are no valid credentials"
     Actual message: "Timeout was reached: [www.movebank.org] Resolving timed out after 10000 milliseconds"
     Backtrace:
     x
     1. +-testthat::expect_error(...) test.web.R:16:2
     2. | \-testthat:::quasi_capture(...)
     3. | +-testthat:::.capture(...)
     4. | | \-base::withCallingHandlers(...)
     5. | \-rlang::eval_bare(quo_get_expr(.quo), quo_get_env(.quo))
     6. +-move::getMovebankData("BCI Ocelot", login = l)
     7. \-move::getMovebankData("BCI Ocelot", login = l)
     8. +-move::getMovebankID(study, login)
     9. \-move::getMovebankID(study, login)
     10. +-move::getMovebank("study", login, sort = "name", attributes = "id%2Cname%2Ci_am_owner%2Ci_can_see_data%2Cthere_are_data_which_i_cannot_see")
     11. \-move::getMovebank("study", login, sort = "name", attributes = "id%2Cname%2Ci_am_owner%2Ci_can_see_data%2Cthere_are_data_which_i_cannot_see")
     12. \-httr::GET(url, config = login)
     13. \-httr:::request_perform(req, hu$handle$handle)
     14. +-httr:::request_fetch(req$output, req$url, handle)
     15. \-httr:::request_fetch.write_memory(req$output, req$url, handle)
     16. \-curl::curl_fetch_memory(url, handle = handle)
    
     [ FAIL 2 | WARN 268 | SKIP 6 | PASS 491 ]
     Error: Test failures
     Execution halted
Flavor: r-devel-linux-x86_64-debian-clang

Version: 4.0.6
Check: installed package size
Result: NOTE
     installed size is 5.5Mb
     sub-directories of 1Mb or more:
     R 1.1Mb
     libs 1.9Mb
Flavors: r-devel-windows-ix86+x86_64, r-release-windows-ix86+x86_64